MONTHLY CLIMATOLOGICAL SUMMARY for APR. 2020
NAME: Eelde CITY: Eelde STATE: Drenthe
ELEV: 0 m LAT: 53° 08' 00" N LONG: 6° 33' 38" E
TEMPERATURE (°C), RAIN (mm), WIND SPEED (km/hr)
HEAT COOL AVG
MEAN DEG DEG WIND DOM
DAY TEMP HIGH TIME LOW TIME DAYS DAYS RAIN SPEED HIGH TIME DIR
------------------------------------------------------------------------------------
1 4.4 8.3 12:10 -1.9 2:05 13.9 0.0 0.0 8.4 27.4 17:30 SW
2 7.2 11.4 15:20 2.7 7:15 11.1 0.0 0.4 17.2 53.1 16:35 SW
3 5.8 9.1 13:15 0.4 00:00 12.5 0.0 0.2 6.8 27.4 16:10 W
4 8.1 16.2 16:15 0.2 0:30 10.2 0.0 0.0 10.1 30.6 13:00 SSW
5 11.8 20.7 16:10 2.6 6:55 6.9 0.4 0.0 9.8 41.8 14:10 ESE
6 14.6 24.1 15:50 6.4 7:25 4.9 1.2 0.2 11.9 38.6 15:05 SE
7 12.1 18.6 15:30 7.4 8:00 6.3 0.0 0.2 5.8 25.7 18:15 ENE
8 13.7 22.9 16:10 5.9 7:05 5.5 0.8 0.0 4.5 17.7 17:00 ENE
9 10.0 18.9 14:50 3.1 7:10 8.3 0.0 0.0 5.3 27.4 17:55 NE
10 8.4 15.0 16:05 1.8 6:45 9.8 0.0 0.0 6.6 24.1 13:05 ENE
11 11.5 21.8 17:45 3.2 6:20 7.3 0.5 0.0 4.5 16.1 9:45 E
12 13.1 21.7 16:50 4.4 4:55 5.9 0.7 0.0 5.6 27.4 23:25 SW
13 7.3 9.9 0:05 4.5 22:15 11.0 0.0 0.0 12.6 41.8 11:40 N
14 6.3 10.2 16:50 2.6 00:00 12.0 0.0 0.2 8.4 38.6 1:05 NNW
15 8.7 16.9 16:50 1.6 2:45 9.6 0.0 0.0 6.6 25.7 14:00 SW
16 9.1 17.4 16:00 1.1 6:25 9.2 0.0 0.0 6.9 32.2 17:10 NE
17 7.9 13.6 15:50 1.9 7:15 10.4 0.0 0.0 6.8 27.4 9:25 NE
18 10.6 19.6 16:20 2.7 3:35 7.8 0.1 0.0 10.6 37.0 18:15 NE
19 11.2 16.8 16:25 5.6 6:40 7.1 0.0 0.0 16.6 41.8 11:55 ENE
20 11.3 17.7 16:30 3.8 7:00 7.0 0.0 0.0 16.7 51.5 16:50 ENE
21 12.7 18.8 16:25 6.1 6:05 5.7 0.0 0.0 17.9 56.3 12:35 ENE
22 14.1 20.8 16:50 7.0 7:00 4.7 0.5 0.0 15.4 48.3 14:25 ENE
23 15.2 24.0 16:10 7.2 5:45 4.4 1.3 0.0 7.1 25.7 11:25 ENE
24 11.2 17.1 13:05 6.9 6:55 7.1 0.0 0.0 7.9 30.6 11:55 NNW
25 9.9 15.2 15:00 3.8 00:00 8.3 0.0 0.0 6.6 22.5 0:45 NNW
26 8.2 15.9 17:30 1.1 5:55 10.1 0.0 0.0 2.6 17.7 16:35 NW
27 11.8 20.4 16:25 3.4 6:45 6.7 0.2 0.0 7.6 35.4 12:25 SW
28 9.1 11.1 10:30 6.8 23:45 9.2 0.0 2.6 7.1 27.4 14:25 NE
29 9.8 13.9 19:05 6.8 0:05 8.5 0.0 1.4 6.9 35.4 17:25 SW
30 11.6 16.3 16:55 8.3 7:05 6.7 0.0 1.4 15.8 49.9 13:15 S
-------------------------------------------------------------------------------------
10.2 24.1 6 -1.9 1 248.1 5.7 6.6 9.2 56.3 21 ENE
Max >= 32.0: 0
Max <= 0.0: 0
Min <= 0.0: 1
Min <= -18.0: 0
Max Rain: 2.59 ON 28-04-20
Days of Rain: 8 (> .2 mm) 1 (> 2 mm) 0 (> 20 mm)
Heat Base: 18.3 Cool Base: 18.3 Method: Integration
Bovenstaande data zijn de metingen van weerstation Eelde. Onderstaand de data van alle KNMI stations voor de betreffende maand.
De linker afbeeldingen zijn de gemiddeldes van de maand, de middelste afbeeldingen de langjarig gemiddeldes en de rechter
afbeeldingen de afwijking van de maand t.o.v. het langjarig gemiddelde.
|