MONTHLY CLIMATOLOGICAL SUMMARY for MAY. 2019
NAME: Eelde CITY: Eelde STATE: Drenthe
ELEV: 0 m LAT: 53° 08' 00" N LONG: 6° 33' 38" E
TEMPERATURE (°C), RAIN (mm), WIND SPEED (km/hr)
HEAT COOL AVG
MEAN DEG DEG WIND DOM
DAY TEMP HIGH TIME LOW TIME DAYS DAYS RAIN SPEED HIGH TIME DIR
------------------------------------------------------------------------------------
1 8.8 10.8 17:05 7.3 7:00 9.5 0.0 0.0 6.6 19.3 17:20 W
2 10.1 13.9 15:30 7.7 22:50 8.2 0.0 0.2 9.7 40.2 16:55 WSW
3 6.8 10.0 13:35 3.9 23:20 11.5 0.0 0.6 9.0 41.8 16:35 WNW
4 5.7 9.1 15:00 2.4 4:15 12.6 0.0 2.6 8.0 41.8 12:40 NNW
5 6.7 9.9 14:55 3.1 1:55 11.6 0.0 3.4 7.6 40.2 11:00 NW
6 7.0 9.6 9:45 4.3 4:00 11.3 0.0 6.2 8.4 41.8 14:00 WSW
7 6.7 11.9 16:15 0.4 6:05 11.7 0.0 2.2 3.5 27.4 17:20 SW
8 9.2 13.9 12:55 3.9 4:05 9.2 0.0 0.4 6.9 35.4 14:10 SE
9 11.9 17.2 14:05 7.3 4:00 6.4 0.0 5.4 6.8 33.8 13:50 S
10 9.6 12.1 14:10 5.8 00:00 8.8 0.0 3.8 6.0 24.1 10:35 WNW
11 8.3 12.0 13:20 3.8 4:20 10.0 0.0 0.0 6.4 30.6 16:00 NE
12 8.6 12.4 15:20 3.2 5:45 9.7 0.0 0.0 6.4 30.6 16:40 NNW
13 8.5 13.2 13:30 2.5 5:15 9.8 0.0 0.0 4.7 25.7 14:20 NNE
14 10.0 14.6 15:40 5.0 4:05 8.3 0.0 0.0 4.8 25.7 19:10 NE
15 10.8 15.8 16:00 4.7 6:05 7.5 0.0 0.0 5.5 30.6 13:50 NE
16 11.0 15.1 14:40 7.1 3:00 7.3 0.0 0.4 6.9 40.2 21:50 NE
17 12.2 14.8 16:25 9.8 6:35 6.1 0.0 0.0 6.4 30.6 13:05 E
18 16.9 23.5 17:00 10.9 6:25 2.7 1.3 0.0 4.2 19.3 11:40 E
19 16.1 21.9 15:35 10.4 5:30 2.9 0.7 0.2 4.8 37.0 18:00 NW
20 13.7 16.8 15:45 12.0 23:45 4.6 0.0 0.4 5.8 22.5 15:55 NW
21 12.8 16.6 15:20 11.2 8:10 5.5 0.0 0.0 12.1 32.2 13:55 WNW
22 12.9 16.4 18:30 10.2 23:55 5.4 0.0 0.0 10.0 29.0 3:35 WNW
23 15.1 21.8 16:10 7.9 3:25 4.0 0.8 0.0 6.9 30.6 12:05 WSW
24 14.3 20.9 13:30 8.9 5:15 4.3 0.3 0.0 7.7 35.4 13:55 NW
25 12.3 15.1 18:50 10.1 8:50 6.0 0.0 0.0 6.3 24.1 15:10 WNW
26 14.7 20.1 14:50 9.4 1:30 3.8 0.2 12.0 12.6 48.3 16:15 WSW
27 13.8 16.8 14:25 10.2 5:50 4.5 0.0 0.0 10.6 38.6 13:35 WSW
28 11.1 13.8 13:40 7.7 00:00 7.2 0.0 0.0 5.1 30.6 17:30 N
29 12.3 18.8 17:00 4.3 5:30 6.0 0.0 0.0 4.8 29.0 18:35 SW
30 16.1 20.1 17:30 12.8 7:05 2.4 0.2 0.0 11.6 38.6 16:35 SW
31 17.9 21.5 13:40 15.3 00:00 1.1 0.7 1.0 10.8 37.0 14:05 WSW
-------------------------------------------------------------------------------------
11.4 23.5 18 0.4 7 219.8 4.2 38.8 7.3 48.3 26 WNW
Max >= 32.0: 0
Max <= 0.0: 0
Min <= 0.0: 0
Min <= -18.0: 0
Max Rain: 11.99 ON 26-05-19
Days of Rain: 14 (> .2 mm) 7 (> 2 mm) 0 (> 20 mm)
Heat Base: 18.3 Cool Base: 18.3 Method: Integration
Bovenstaande data zijn de metingen van weerstation Eelde. Onderstaand de data van alle KNMI stations voor de betreffende maand.
De linker afbeeldingen zijn de gemiddeldes van de maand, de middelste afbeeldingen de langjarig gemiddeldes en de rechter
afbeeldingen de afwijking van de maand t.o.v. het langjarig gemiddelde.
|