MONTHLY CLIMATOLOGICAL SUMMARY for JUL. 2019
NAME: Eelde CITY: Eelde STATE: Drenthe
ELEV: 0 m LAT: 53° 08' 00" N LONG: 6° 33' 38" E
TEMPERATURE (°C), RAIN (mm), WIND SPEED (km/hr)
HEAT COOL AVG
MEAN DEG DEG WIND DOM
DAY TEMP HIGH TIME LOW TIME DAYS DAYS RAIN SPEED HIGH TIME DIR
------------------------------------------------------------------------------------
1 17.4 21.6 13:45 13.9 1:15 1.5 0.6 0.0 0.0 0.0 --- ---
2 16.6 20.9 16:40 11.1 00:00 2.1 0.3 0.2 0.0 0.0 --- ---
3 14.7 19.7 16:45 9.2 5:15 3.8 0.2 0.0 0.0 0.0 --- ---
4 15.2 22.2 17:00 6.6 5:10 4.0 0.8 0.0 0.0 0.0 --- ---
5 17.2 21.2 17:30 14.1 00:00 1.6 0.5 0.0 0.0 0.0 --- ---
6 15.2 19.1 10:50 11.8 3:25 3.1 0.0 2.2 0.6 16.1 22:10 NW
7 14.3 17.6 15:35 12.1 6:25 3.8 0.0 0.0 7.7 33.8 14:00 NW
8 13.2 17.0 16:05 9.6 3:20 5.1 0.0 1.6 7.6 30.6 16:15 NNW
9 14.9 20.1 16:50 9.6 00:00 3.6 0.2 0.4 7.1 32.2 14:25 N
10 13.1 18.1 11:35 7.8 2:50 5.2 0.0 2.8 5.3 24.1 14:25 WSW
11 16.4 20.7 16:45 12.8 2:25 2.3 0.4 2.0 5.5 24.1 9:50 SSW
12 18.1 23.9 15:30 15.0 0:05 1.3 1.1 2.2 3.1 24.1 16:40 W
13 16.6 20.7 11:50 13.9 22:40 2.0 0.3 0.0 7.7 32.2 15:50 N
14 14.7 16.4 14:25 12.8 5:50 3.6 0.0 0.0 6.6 22.5 17:05 N
15 15.0 18.3 14:50 13.0 6:20 3.3 0.0 0.0 7.6 30.6 16:25 NNW
16 14.9 16.8 15:35 13.4 6:45 3.3 0.0 0.0 6.4 22.5 9:20 NW
17 17.9 24.9 18:00 13.7 5:05 1.9 1.5 0.0 2.7 16.1 15:20 NNW
18 18.9 26.0 14:40 12.9 6:05 1.6 2.2 1.4 7.6 29.0 16:05 SSW
19 19.6 25.7 17:50 13.6 6:30 1.1 2.4 0.4 4.3 22.5 14:55 W
20 19.9 23.9 11:05 17.0 14:40 0.1 1.8 2.8 10.3 35.4 10:35 SW
21 18.2 22.2 15:45 13.1 00:00 1.2 1.1 0.0 10.1 38.6 11:40 W
22 19.1 25.8 16:10 12.0 1:20 1.8 2.5 0.0 10.3 40.2 13:05 W
23 23.4 32.2 17:05 14.9 5:35 0.8 5.8 0.0 5.3 27.4 11:35 WSW
24 27.8 36.9 17:15 19.6 5:50 0.0 9.5 0.0 6.6 25.7 16:00 ESE
25 28.0 36.5 15:40 16.9 6:25 0.1 9.8 0.0 4.7 22.5 20:40 E
26 28.7 34.5 16:15 22.9 6:10 0.0 10.4 0.0 11.3 41.8 19:00 E
27 25.1 30.8 16:15 18.4 6:15 0.0 6.7 0.0 15.6 48.3 14:20 E
28 23.4 30.3 17:50 17.8 5:50 0.0 5.2 0.0 8.9 29.0 1:50 E
29 21.0 26.1 17:30 15.9 00:00 0.1 2.8 0.0 5.8 25.7 0:50 W
30 21.6 30.5 16:15 14.4 2:10 1.0 4.3 0.0 5.6 37.0 19:20 ESE
31 18.1 23.4 14:40 14.7 4:00 1.2 0.9 1.8 11.6 53.1 14:55 SW
-------------------------------------------------------------------------------------
18.6 36.9 24 6.6 4 60.6 71.3 17.8 6.0 53.1 31 NNW
Max >= 32.0: 4
Max <= 0.0: 0
Min <= 0.0: 0
Min <= -18.0: 0
Max Rain: 2.79 ON 10-07-19
Days of Rain: 11 (> .2 mm) 5 (> 2 mm) 0 (> 20 mm)
Heat Base: 18.3 Cool Base: 18.3 Method: Integration
Bovenstaande data zijn de metingen van weerstation Eelde. Onderstaand de data van alle KNMI stations voor de betreffende maand.
De linker afbeeldingen zijn de gemiddeldes van de maand, de middelste afbeeldingen de langjarig gemiddeldes en de rechter
afbeeldingen de afwijking van de maand t.o.v. het langjarig gemiddelde.
|