MONTHLY CLIMATOLOGICAL SUMMARY for MAY. 2018
NAME: Eelde CITY: Eelde STATE: Drenthe
ELEV: 0 m LAT: 53° 08' 16" N LONG: 6° 34' 20" E
TEMPERATURE (°C), RAIN (mm), WIND SPEED (km/hr)
HEAT COOL AVG
MEAN DEG DEG WIND DOM
DAY TEMP HIGH TIME LOW TIME DAYS DAYS RAIN SPEED HIGH TIME DIR
------------------------------------------------------------------------------------
1 7.9 11.4 18:40 5.7 2:05 10.3 0.0 5.6 14.3 49.9 9:25 WSW
2 10.8 16.6 19:00 4.2 6:25 7.5 0.0 0.0 8.5 38.6 13:15 S
3 10.4 13.5 14:30 5.6 6:35 7.9 0.0 0.4 7.1 29.0 13:10 W
4 10.3 16.4 16:45 3.1 5:55 8.0 0.0 0.0 3.2 20.9 17:10 NE
5 13.6 20.3 17:40 5.7 4:05 5.1 0.4 0.0 5.5 25.7 17:10 ENE
6 17.7 24.7 17:00 9.7 6:20 2.7 2.1 0.0 6.6 29.0 13:15 E
7 19.3 25.2 16:55 12.6 5:45 1.5 2.5 0.0 6.4 27.4 13:45 ESE
8 20.3 26.8 17:40 13.6 6:05 1.4 3.4 0.0 7.2 27.4 13:15 ESE
9 20.8 28.4 16:25 13.4 6:00 0.9 3.4 0.0 6.3 24.1 13:10 ESE
10 13.2 16.3 0:05 10.6 00:00 5.1 0.0 3.2 9.0 27.4 18:15 WNW
11 12.9 18.1 16:30 6.9 5:30 5.4 0.0 0.0 4.0 22.5 22:05 W
12 17.6 22.9 17:10 11.7 6:10 2.2 1.4 0.0 6.1 25.7 12:20 E
13 17.8 23.8 16:10 13.9 6:10 1.7 1.3 21.6 7.9 30.6 21:05 E
14 18.9 25.8 16:15 11.7 6:25 1.9 2.5 0.4 5.8 25.7 14:20 NE
15 18.7 23.4 13:35 14.1 6:20 1.1 1.5 0.0 5.5 20.9 16:35 ENE
16 14.7 18.1 11:25 9.9 23:55 3.6 0.0 0.0 9.7 41.8 16:30 NNW
17 10.0 11.1 11:55 8.9 5:45 8.3 0.0 0.0 12.2 35.4 4:10 NW
18 10.2 12.5 13:20 8.4 5:20 8.1 0.0 0.0 9.2 29.0 11:55 WNW
19 11.8 16.5 19:35 9.4 6:10 6.5 0.0 0.0 3.9 14.5 14:05 WSW
20 16.6 23.8 17:45 9.8 6:20 3.1 1.5 0.0 5.5 29.0 13:35 ENE
21 18.5 24.3 17:15 11.7 5:45 2.0 2.2 0.0 8.7 43.5 12:30 E
22 18.2 23.9 16:35 12.8 5:30 1.6 1.5 0.0 7.1 33.8 17:25 ENE
23 19.1 25.1 14:50 14.4 7:00 1.2 2.0 1.0 6.6 33.8 17:30 NE
24 19.9 26.3 16:50 13.7 5:20 1.0 2.7 0.0 8.0 35.4 13:35 ENE
25 21.0 25.7 18:05 16.4 4:55 0.3 2.9 0.0 7.1 35.4 14:05 ENE
26 20.6 27.3 16:30 14.3 6:35 1.0 3.3 0.0 8.0 27.4 16:30 ENE
27 21.1 26.4 17:00 15.4 6:15 0.4 3.2 0.0 8.2 29.0 11:50 ENE
28 21.8 28.7 16:35 15.7 5:45 0.4 3.9 0.0 5.1 22.5 19:05 NE
29 22.5 30.2 15:50 17.8 6:40 0.0 4.2 13.0 6.4 32.2 21:10 NE
30 21.9 27.0 16:40 18.1 5:10 0.0 3.6 0.6 3.2 14.5 13:55 SE
31 21.3 28.1 15:20 17.6 6:00 0.1 3.1 11.4 4.3 48.3 16:35 NE
-------------------------------------------------------------------------------------
16.8 30.2 29 3.1 4 100.3 52.4 57.2 7.0 49.9 1 ENE
Max >= 32.0: 0
Max <= 0.0: 0
Min <= 0.0: 0
Min <= -18.0: 0
Max Rain: 21.59 ON 13-05-18
Days of Rain: 9 (> .2 mm) 5 (> 2 mm) 1 (> 20 mm)
Heat Base: 18.3 Cool Base: 18.3 Method: Integration
Bovenstaande data zijn de metingen van weerstation Eelde. Onderstaand de data van alle KNMI stations voor de betreffende maand.
De linker afbeeldingen zijn de gemiddeldes van de maand, de middelste afbeeldingen de langjarig gemiddeldes en de rechter
afbeeldingen de afwijking van de maand t.o.v. het langjarig gemiddelde.
|