MONTHLY CLIMATOLOGICAL SUMMARY for AUG. 2018
NAME: Eelde CITY: Eelde STATE: Drenthe
ELEV: 0 m LAT: 53° 08' 16" N LONG: 6° 34' 20" E
TEMPERATURE (°C), RAIN (mm), WIND SPEED (km/hr)
HEAT COOL AVG
MEAN DEG DEG WIND DOM
DAY TEMP HIGH TIME LOW TIME DAYS DAYS RAIN SPEED HIGH TIME DIR
------------------------------------------------------------------------------------
1 19.8 25.7 16:10 12.8 5:20 1.3 2.8 0.0 3.1 20.9 17:00 NE
2 22.7 30.3 15:10 15.7 5:50 0.4 4.8 0.0 3.7 19.3 15:40 NNE
3 23.3 29.5 16:50 16.4 6:10 0.2 5.2 0.0 3.4 19.3 18:15 NNE
4 21.9 26.7 14:45 17.7 5:55 0.0 3.6 0.0 5.8 29.0 17:35 NW
5 19.8 23.8 16:25 14.7 6:35 0.5 2.0 0.0 5.5 22.5 15:35 NNW
6 21.7 30.8 17:25 13.4 6:30 1.3 4.6 0.0 4.0 25.7 18:10 NNW
7 25.4 34.8 16:10 16.4 6:25 0.3 7.4 0.0 3.5 24.1 14:45 NE
8 22.1 25.8 3:05 16.7 23:55 0.1 3.8 1.0 8.2 40.2 14:35 WSW
9 18.8 25.4 14:35 13.5 6:30 1.3 1.8 20.2 6.1 62.8 23:55 SE
10 15.9 20.1 12:35 13.1 13:15 2.5 0.1 12.8 11.1 54.7 13:00 SW
11 15.6 19.9 15:55 11.9 5:35 2.9 0.2 2.6 10.8 38.6 14:30 SW
12 17.9 24.7 16:25 11.6 3:05 2.5 2.1 0.0 5.6 35.4 13:10 SW
13 18.8 24.1 12:45 16.8 23:50 0.3 0.8 2.2 4.8 33.8 13:25 SW
14 18.2 21.5 16:25 16.0 5:20 0.8 0.7 2.6 10.0 43.5 12:20 SW
15 19.7 24.1 14:40 16.7 3:45 0.5 1.9 0.0 7.6 27.4 9:25 SW
16 18.6 23.6 15:00 15.6 22:55 1.0 1.3 0.0 8.5 35.4 12:05 SW
17 17.7 22.5 16:10 13.9 00:00 1.7 1.0 2.6 4.5 22.5 14:05 WSW
18 17.2 21.6 11:55 11.6 3:20 2.2 1.0 0.0 7.7 33.8 11:05 WSW
19 18.7 21.4 14:35 15.4 1:30 0.7 1.0 0.4 9.0 41.8 18:50 SW
20 19.3 22.2 16:45 16.8 00:00 0.1 1.0 0.0 7.1 27.4 7:40 WSW
21 19.9 25.3 18:00 15.2 2:10 0.9 2.5 0.0 2.1 17.7 18:00 SW
22 21.1 27.5 14:15 16.1 6:25 0.6 3.4 0.0 4.7 20.9 13:15 SW
23 18.9 22.2 14:45 15.9 1:50 0.7 1.3 4.0 8.0 32.2 22:35 SW
24 14.7 18.3 13:45 10.5 23:45 3.6 0.0 7.2 9.8 43.5 13:20 WSW
25 12.6 17.0 16:30 10.1 00:00 5.7 0.0 6.4 7.7 41.8 17:00 SW
26 14.1 19.1 15:45 8.5 7:00 4.3 0.0 1.4 7.9 30.6 00:00 SW
27 15.8 19.2 12:15 11.5 0:50 2.6 0.1 3.2 11.6 35.4 3:30 WSW
28 17.2 20.4 14:30 13.9 5:30 1.7 0.6 0.0 4.3 16.1 11:05 SW
29 16.8 23.3 15:25 12.7 6:50 2.4 0.8 0.4 5.6 24.1 16:15 E
30 15.8 18.4 15:05 11.3 00:00 2.5 0.0 4.6 8.0 32.2 13:30 WNW
31 14.2 18.9 13:40 9.9 6:55 4.1 0.0 0.0 4.0 22.5 17:15 W
-------------------------------------------------------------------------------------
18.5 34.8 7 8.5 26 49.5 56.1 71.6 6.6 62.8 9 SW
Max >= 32.0: 1
Max <= 0.0: 0
Min <= 0.0: 0
Min <= -18.0: 0
Max Rain: 20.19 ON 09-08-18
Days of Rain: 15 (> .2 mm) 11 (> 2 mm) 1 (> 20 mm)
Heat Base: 18.3 Cool Base: 18.3 Method: Integration
Bovenstaande data zijn de metingen van weerstation Eelde. Onderstaand de data van alle KNMI stations voor de betreffende maand.
De linker afbeeldingen zijn de gemiddeldes van de maand, de middelste afbeeldingen de langjarig gemiddeldes en de rechter
afbeeldingen de afwijking van de maand t.o.v. het langjarig gemiddelde.
|