MONTHLY CLIMATOLOGICAL SUMMARY for MAY. 2017
NAME: Eelde CITY: Eelde STATE: Drenthe
ELEV: 0 m LAT: 53° 08' 16" N LONG: 6° 34' 20" E
TEMPERATURE (°C), RAIN (mm), WIND SPEED (km/hr)
HEAT COOL AVG
MEAN DEG DEG WIND DOM
DAY TEMP HIGH TIME LOW TIME DAYS DAYS RAIN SPEED HIGH TIME DIR
------------------------------------------------------------------------------------
1 11.3 16.0 17:00 7.5 7:15 7.0 0.0 0.0 9.5 32.2 1:35 E
2 10.6 14.0 15:25 7.6 23:40 7.7 0.0 0.8 7.2 32.2 16:55 NE
3 10.7 15.3 17:35 7.3 5:50 7.6 0.0 0.8 8.7 27.4 9:00 NE
4 8.8 11.4 19:30 6.3 8:55 9.5 0.0 3.4 10.5 37.0 16:20 NE
5 8.3 9.6 13:15 6.8 6:00 10.0 0.0 1.2 7.1 30.6 8:20 NE
6 10.6 15.9 16:40 7.5 0:05 7.7 0.0 0.0 6.8 24.1 17:45 ENE
7 11.3 16.1 14:10 8.4 21:10 7.0 0.0 0.0 7.4 29.0 18:00 WNW
8 9.1 12.1 13:05 6.7 23:55 9.2 0.0 0.0 8.4 35.4 17:30 WNW
9 7.9 11.7 13:50 3.4 4:00 10.4 0.0 0.0 6.0 30.6 16:10 WNW
10 9.3 14.6 18:15 6.8 3:55 9.0 0.0 0.0 3.9 17.7 10:55 WSW
11 13.5 22.3 17:50 4.9 4:10 5.5 0.7 0.2 4.2 27.4 12:25 E
12 15.8 19.6 19:10 13.1 1:00 2.5 0.1 4.4 4.0 25.7 11:50 SE
13 15.3 19.9 15:20 11.7 3:30 3.1 0.1 3.0 3.7 27.4 14:40 ESE
14 14.7 20.7 13:55 9.2 5:55 3.9 0.3 2.8 6.1 38.6 18:25 SW
15 15.1 21.2 17:00 7.6 5:15 3.8 0.5 0.2 4.2 25.7 14:40 SW
16 19.7 23.9 15:45 15.8 6:20 0.7 2.1 0.0 6.3 30.6 17:00 SW
17 22.5 29.1 15:45 16.5 5:30 0.3 4.5 0.0 4.3 29.0 13:45 ESE
18 16.8 22.2 0:05 12.1 22:55 2.2 0.7 0.2 6.6 27.4 7:50 NE
19 13.4 17.4 9:55 10.9 00:00 4.9 0.0 0.8 8.0 37.0 11:40 SW
20 13.4 17.8 14:15 9.8 6:15 4.9 0.0 2.4 5.1 30.6 15:20 SW
21 13.9 19.6 16:25 7.9 5:55 4.5 0.1 0.0 3.9 25.7 11:40 SW
22 17.7 24.5 16:55 9.6 4:30 2.7 2.0 0.0 4.3 22.5 13:05 ESE
23 16.4 22.4 12:20 11.4 23:50 2.3 0.4 0.0 7.6 35.4 15:35 WNW
24 13.8 18.3 16:15 8.8 5:10 4.5 0.0 0.0 5.8 30.6 18:00 WNW
25 15.3 20.7 18:15 9.8 5:55 3.4 0.4 0.0 4.8 20.9 17:25 WNW
26 16.9 23.1 14:50 9.6 6:15 2.9 1.5 0.0 2.9 19.3 15:35 NE
27 22.4 30.6 17:20 12.7 5:10 1.5 5.6 0.0 7.1 33.8 15:45 SE
28 20.0 24.7 15:00 14.9 23:50 0.6 2.3 1.2 7.6 32.2 13:00 WSW
29 18.1 25.4 15:05 12.8 3:10 1.8 1.6 0.4 3.4 24.1 9:35 NE
30 17.8 21.1 12:15 15.3 23:30 0.9 0.5 0.8 9.2 40.2 12:15 WSW
31 15.6 18.4 14:40 10.6 00:00 2.7 0.0 0.0 7.1 27.4 13:00 WNW
-------------------------------------------------------------------------------------
14.4 30.6 27 3.4 9 144.8 23.3 22.5 6.2 40.2 30 NE
Max >= 32.0: 0
Max <= 0.0: 0
Min <= 0.0: 0
Min <= -18.0: 0
Max Rain: 4.39 ON 12-05-17
Days of Rain: 15 (> .2 mm) 5 (> 2 mm) 0 (> 20 mm)
Heat Base: 18.3 Cool Base: 18.3 Method: Integration
Bovenstaande data zijn de metingen van weerstation Eelde. Onderstaand de data van alle KNMI stations voor de betreffende maand.
De linker afbeeldingen zijn de gemiddeldes van de maand, de middelste afbeeldingen de langjarig gemiddeldes en de rechter
afbeeldingen de afwijking van de maand t.o.v. het langjarig gemiddelde.
|