MONTHLY CLIMATOLOGICAL SUMMARY for JUN. 2017

NAME: Eelde   CITY: Eelde   STATE: Drenthe 
ELEV:     0 m  LAT:  53 08' 16" N  LONG:   6 34' 20" E

                   TEMPERATURE (C), RAIN  (mm), WIND SPEED (km/hr)

                                      HEAT  COOL        AVG
    MEAN                              DEG   DEG         WIND                 DOM
DAY TEMP  HIGH   TIME   LOW    TIME   DAYS  DAYS  RAIN  SPEED HIGH   TIME    DIR
------------------------------------------------------------------------------------
 1  14.3  22.3   18:05   6.3    5:20   4.6   0.5   0.0   2.3  17.7   19:55    NE
 2  18.2  24.7   16:30   9.3    5:20   2.4   2.4   0.0   2.7  20.9   14:55     E
 3  19.2  23.8   15:50  15.8   00:00   0.7   1.6   0.0   4.3  22.5   11:40   WNW
 4  16.1  20.0   13:30  11.9   00:00   2.5   0.3   0.0   8.4  33.8   15:10     W
 5  16.1  21.1   18:40   9.9    3:20   2.9   0.7   0.0   7.1  30.6   10:55    SW
 6  15.6  19.1   10:10  11.1   00:00   2.7   0.0   3.8  14.0  56.3   16:45    SW
 7  12.2  14.8   19:50  10.3    0:50   6.2   0.0   7.2  15.0  54.7   12:45   WSW
 8  15.6  21.2   19:15  12.0    6:50   3.1   0.4   0.6   7.9  35.4   13:50    SW
 9  15.3  18.2   16:35  12.6   23:45   3.0   0.0   6.4   5.0  35.4   15:25   WSW
10  16.7  21.2   14:35  10.5    5:15   2.5   0.9   0.0   5.3  27.4   14:00    SW
11  20.6  27.0   16:15  14.2    5:15   0.9   3.1   0.6   7.7  30.6   23:05    SW
12  15.4  17.3   14:30  13.8    3:45   2.9   0.0   0.0  11.6  40.2   16:20   WSW
13  15.6  18.4   15:30  11.9   00:00   2.7   0.0   0.0   8.5  29.0   12:40   WNW
14  16.7  23.0   14:45   8.6    4:45   2.8   1.2   0.0   2.6  19.3   16:10    NE
15  19.7  27.7   15:25  13.4    5:40   1.3   2.7   0.0   7.1  45.1   16:15     E
16  16.0  18.1   14:45  12.7   23:50   2.3   0.0   0.0  11.4  41.8   16:35     W
17  16.7  20.7   18:30  11.4    2:35   2.1   0.5   0.0   6.1  29.0   15:45   WSW
18  19.9  27.3   17:55  11.9    5:45   1.7   3.3   0.0   1.9  17.7   18:45    NE
19  23.7  30.6   17:15  16.5    5:40   0.2   5.6   0.0   2.7  17.7   19:15    SE
20  18.1  21.0    0:05  12.8   00:00   0.7   0.5   0.0   5.5  24.1   17:00    NE
21  17.3  24.8   17:35  10.7    5:20   2.5   1.5   0.0   2.7  16.1    8:00   ENE
22  21.7  29.2   12:50  15.9    2:25   0.6   4.0   0.6  10.8  53.1   18:10   WSW
23  17.6  20.8   14:30  15.4   22:05   1.3   0.5   0.6  12.2  40.2   14:00   WSW
24  17.3  19.2   14:55  15.8    0:05   1.1   0.1   4.6   9.8  38.6   13:35   WSW
25  16.2  17.9   11:50  13.8   23:40   2.1   0.0   7.0   8.4  32.2   12:50   WSW
26  15.3  18.2   15:25  10.8   00:00   3.0   0.0   0.4   5.8  27.4   15:55   WNW
27  14.8  21.0   16:25   7.8    4:25   3.9   0.5   0.6   4.3  22.5   14:15   ENE
28  16.8  21.3   15:00  14.4    6:15   1.9   0.3  13.0   7.2  30.6   16:20   ENE
29  17.2  20.5   14:40  15.7   23:55   1.3   0.2   4.6   1.8  16.1   12:00    SE
30  16.1  19.3   13:40  13.8   23:20   2.2   0.1   7.8   5.8  27.4   14:15   WSW
-------------------------------------------------------------------------------------
    17.1  30.6    19     6.3     1    68.0  30.9  57.9   6.9  56.3     6     WSW

Max >=  32.0:  0
Max <=   0.0:  0
Min <=   0.0:  0
Min <= -18.0:  0
Max Rain: 13.00 ON 28-06-17
Days of Rain: 14 (> .2 mm) 8 (> 2 mm) 0 (> 20 mm)
Heat Base:  18.3  Cool Base:  18.3  Method: Integration

Bovenstaande data zijn de metingen van weerstation Eelde. Onderstaand de data van alle KNMI stations voor de betreffende maand. De linker afbeeldingen zijn de gemiddeldes van de maand, de middelste afbeeldingen de langjarig gemiddeldes en de rechter afbeeldingen de afwijking van de maand t.o.v. het langjarig gemiddelde.

klik om te vergroten   klik om te vergroten   klik om te vergroten

klik om te vergroten   klik om te vergroten   klik om te vergroten

klik om te vergroten   klik om te vergroten   klik om te vergroten