MONTHLY CLIMATOLOGICAL SUMMARY for JUL. 2017

NAME: Eelde   CITY: Eelde   STATE: Drenthe 
ELEV:     0 m  LAT:  53 08' 16" N  LONG:   6 34' 20" E

                   TEMPERATURE (C), RAIN  (mm), WIND SPEED (km/hr)

                                      HEAT  COOL        AVG
    MEAN                              DEG   DEG         WIND                 DOM
DAY TEMP  HIGH   TIME   LOW    TIME   DAYS  DAYS  RAIN  SPEED HIGH   TIME    DIR
------------------------------------------------------------------------------------
 1  15.9  20.0   16:35  13.8    3:20   2.6   0.1   3.2   7.2  32.2   16:05    NW
 2  15.4  17.9   16:30  12.4   00:00   2.8   0.0   0.8   8.0  35.4   13:15   WNW
 3  15.7  20.8   14:25  10.5    6:05   3.0   0.4   0.6   9.5  43.5   14:20   WSW
 4  15.3  19.1   15:45  10.7    5:55   3.0   0.0   0.2   4.5  22.5   11:50   WNW
 5  16.1  20.9   16:20  12.7    5:40   2.6   0.4   0.0   4.2  22.5    5:05   ENE
 6  18.1  24.3   18:10  12.0    5:40   2.0   1.8   0.0   3.2  17.7   14:35   ENE
 7  20.6  26.1   14:10  16.7    4:25   0.3   2.6   0.0   3.7  20.9   16:15   WNW
 8  17.4  20.0   17:10  13.8   00:00   1.1   0.3   3.6   4.7  20.9   14:50   WSW
 9  16.6  22.6   17:05   9.6    5:50   2.7   1.0   0.0   2.4  16.1   13:45    NE
10  18.4  25.4   17:30  13.2    4:50   1.7   1.9  33.0   2.9  27.4   20:10   ENE
11  18.0  21.4   13:10  15.6    5:50   0.9   0.6   2.2   6.3  30.6   12:45   WSW
12  15.0  16.8   17:10  12.4   23:45   3.3   0.0   7.2   7.1  38.6   15:50    SW
13  15.0  19.7   17:45  10.2    5:25   3.4   0.1   0.0   3.7  17.7    9:05     W
14  14.8  19.9   12:30  11.4    6:20   3.5   0.1  12.0   5.6  32.2   18:10   WSW
15  16.8  21.0   17:55  13.2    3:55   2.1   0.6   1.0   5.8  20.9   14:00     W
16  17.7  20.9   13:55  15.9    2:25   1.0   0.4   1.4   7.2  27.4   13:45    SW
17  17.0  21.2   16:05  11.6    6:00   2.0   0.7   0.0   4.8  22.5   14:20   WNW
18  17.1  23.0   17:45  10.4    5:40   2.4   1.3   0.0   4.3  20.9   14:10   ENE
19  21.0  29.2   16:20  15.1    4:05   0.9   3.6   2.6   7.2  38.6   17:20   ENE
20  19.9  24.8   16:50  15.8   00:00   0.1   1.7  20.8   5.5  37.0   17:40    SW
21  17.7  22.4   19:05  11.9    5:30   1.9   1.3   0.0   4.3  24.1   00:00    SE
22  19.8  27.1   17:45  15.4    7:50   1.0   2.5   5.8   6.1  24.1    0:15   ESE
23  17.0  20.4   13:45  14.6   00:00   1.4   0.1  10.4   5.3  32.2   16:35    SW
24  15.0  17.7   18:25  13.0    1:10   3.3   0.0   7.0   2.4  14.5   13:45    SE
25  16.5  18.8   13:50  14.4    3:10   1.8   0.0   5.6   6.9  29.0   12:50    NW
26  18.6  22.6   16:50  14.1    6:20   1.0   1.3   0.0   5.3  19.3   16:45   WNW
27  17.9  20.4   16:50  13.7   23:50   0.8   0.4   2.0   7.6  32.2   11:20   WSW
28  16.9  20.3   17:30  13.2    1:30   1.9   0.5   3.2  10.9  41.8   15:30    SW
29  17.9  22.6   16:40  15.0    2:55   1.3   0.9  14.2  10.5  38.6   15:05    SW
30  18.3  23.1   12:55  15.1   00:00   1.1   1.1  14.8   8.4  40.2   13:15    SW
31  17.8  22.5   15:35  12.9    5:50   1.7   1.2   0.0   5.6  29.0   13:05    SW
-------------------------------------------------------------------------------------
    17.3  29.2    19     9.6     9    59.0  26.9 151.6   5.9  43.5     3      SW

Max >=  32.0:  0
Max <=   0.0:  0
Min <=   0.0:  0
Min <= -18.0:  0
Max Rain: 32.99 ON 10-07-17
Days of Rain: 21 (> .2 mm) 16 (> 2 mm) 2 (> 20 mm)
Heat Base:  18.3  Cool Base:  18.3  Method: Integration

Bovenstaande data zijn de metingen van weerstation Eelde. Onderstaand de data van alle KNMI stations voor de betreffende maand. De linker afbeeldingen zijn de gemiddeldes van de maand, de middelste afbeeldingen de langjarig gemiddeldes en de rechter afbeeldingen de afwijking van de maand t.o.v. het langjarig gemiddelde.

klik om te vergroten   klik om te vergroten   klik om te vergroten

klik om te vergroten   klik om te vergroten   klik om te vergroten

klik om te vergroten   klik om te vergroten   klik om te vergroten