MONTHLY CLIMATOLOGICAL SUMMARY for AUG. 2017

NAME: Eelde   CITY: Eelde   STATE: Drenthe 
ELEV:     0 m  LAT:  53 08' 16" N  LONG:   6 34' 20" E

                   TEMPERATURE (C), RAIN  (mm), WIND SPEED (km/hr)

                                      HEAT  COOL        AVG
    MEAN                              DEG   DEG         WIND                 DOM
DAY TEMP  HIGH   TIME   LOW    TIME   DAYS  DAYS  RAIN  SPEED HIGH   TIME    DIR
------------------------------------------------------------------------------------
 1  18.7  22.4   13:25  15.3    6:25   0.9   1.4   0.0   3.2  19.3   14:05   WSW
 2  18.2  22.3   16:20  14.3    3:20   1.4   1.4   0.0   5.8  33.8   22:00    SW
 3  18.6  21.1   14:50  16.2    0:10   0.6   0.9   3.4  13.5  59.5   17:50    SW
 4  17.4  20.7   13:50  15.4   21:45   1.2   0.3   1.6  12.1  41.8   13:30   WSW
 5  16.7  20.2   15:45  13.8   00:00   1.9   0.2   0.2   7.2  35.4   18:45   WSW
 6  16.3  20.9   15:30  11.4    4:50   2.6   0.6   0.0   6.6  30.6   15:55   WSW
 7  16.9  22.7   16:45  10.5    6:10   2.6   1.2   0.0   4.5  27.4   14:40    SW
 8  17.9  23.0   12:40  14.6    2:40   1.4   1.0   2.4   4.5  22.5   16:25   ENE
 9  16.8  21.1   15:35  13.3   23:55   2.0   0.6   0.0   9.3  35.4   13:15    SW
10  15.8  19.9   15:20  11.1    6:20   2.8   0.2   0.0   2.7  20.9   15:10   NNE
11  15.5  18.6   15:45  13.5    3:20   2.8   0.0   0.4   2.4  14.5   15:40   WNW
12  16.2  20.2   15:05  13.2    4:40   2.4   0.3   2.0   6.4  29.0   15:05   WSW
13  15.3  19.7   16:10  11.7    5:45   3.2   0.2   1.2   2.9  19.3   13:40   WSW
14  17.2  23.3   16:55  10.9    6:15   2.6   1.5   0.0   5.5  24.1   12:40   ESE
15  19.7  24.5   15:15  15.2    5:50   0.7   2.1   1.0   3.2  20.9   11:35    SW
16  18.6  23.9   15:15  12.5    6:40   1.4   1.7   0.2   2.3  17.7   12:45   WSW
17  17.2  19.4   12:50  14.4    5:15   1.2   0.1   1.4   6.3  32.2   16:15    SW
18  17.5  21.7   13:50  13.7   00:00   1.4   0.5   1.4   7.9  30.6   14:30    SW
19  14.5  18.9   14:20  11.3    4:20   3.8   0.0   5.6   9.7  40.2   18:25    SW
20  15.0  19.2   15:35  12.1    2:30   3.3   0.0   2.0  10.0  38.6   14:20    SW
21  15.0  20.2   14:55  10.9    4:50   3.5   0.2   0.0   4.3  17.7   15:00   WSW
22  15.1  20.6   16:05  10.1    5:55   3.6   0.3   0.0   2.1  19.3   17:25    NE
23  17.1  23.2   16:55  10.9    6:30   2.6   1.3   0.0   5.3  20.9   13:05     E
24  18.3  21.6   15:15  14.2   00:00   0.9   0.9   4.8   7.2  30.6   14:40   WSW
25  17.2  22.8   15:45  12.6    4:50   2.3   1.2   0.0   3.2  19.3   12:35    SW
26  17.7  23.8   14:55  12.5    6:05   1.9   1.3   0.2   2.6  22.5   17:45   ENE
27  17.4  21.9   17:40  12.6    6:25   1.9   1.0   0.2   3.2  19.3   15:40   WNW
28  18.7  25.3   18:40  12.1    5:30   1.9   2.2   0.0   1.9  17.7   13:20    SW
29  20.4  27.4   15:05  13.5    6:50   1.2   3.3   0.0   4.2  27.4   14:45    SW
30  18.0  22.3   17:10  14.7   23:45   0.8   0.5   7.8   3.9  30.6   23:15   ENE
31  15.0  17.6   14:25  12.1   00:00   3.3   0.0   4.2   7.1  32.2    8:20   WNW
-------------------------------------------------------------------------------------
    17.1  27.4    29    10.1    22    64.1  26.6  40.0   5.5  59.5     3     WSW

Max >=  32.0:  0
Max <=   0.0:  0
Min <=   0.0:  0
Min <= -18.0:  0
Max Rain: 7.80 ON 30-08-17
Days of Rain: 18 (> .2 mm) 8 (> 2 mm) 0 (> 20 mm)
Heat Base:  18.3  Cool Base:  18.3  Method: Integration

Bovenstaande data zijn de metingen van weerstation Eelde. Onderstaand de data van alle KNMI stations voor de betreffende maand. De linker afbeeldingen zijn de gemiddeldes van de maand, de middelste afbeeldingen de langjarig gemiddeldes en de rechter afbeeldingen de afwijking van de maand t.o.v. het langjarig gemiddelde.

klik om te vergroten   klik om te vergroten   klik om te vergroten

klik om te vergroten   klik om te vergroten   klik om te vergroten

klik om te vergroten   klik om te vergroten   klik om te vergroten