MONTHLY CLIMATOLOGICAL SUMMARY for APR. 2017

NAME: Eelde   CITY: Eelde   STATE: Drenthe 
ELEV:     0 m  LAT:  53 08' 16" N  LONG:   6 34' 20" E

                   TEMPERATURE (C), RAIN  (mm), WIND SPEED (km/hr)

                                      HEAT  COOL        AVG
    MEAN                              DEG   DEG         WIND                 DOM
DAY TEMP  HIGH   TIME   LOW    TIME   DAYS  DAYS  RAIN  SPEED HIGH   TIME    DIR
------------------------------------------------------------------------------------
 1  11.4  16.8   14:00   7.9    7:25   6.9   0.0  10.4   2.6  30.6   14:40    SW
 2  10.0  15.2   14:45   6.9   20:55   8.3   0.0   0.0   6.1  25.7   13:50   WSW
 3   9.5  14.4   16:50   6.6    7:30   8.8   0.0   0.0   2.1  16.1   11:05    NE
 4  10.4  16.1   18:30   4.7    7:25   7.8   0.0   0.0   2.6  12.9    9:30   ESE
 5   8.8  11.4   14:55   6.7    3:45   9.5   0.0   0.0   9.7  38.6   18:10   WNW
 6   7.8  10.2   16:30   5.3   00:00  10.5   0.0   0.2   9.2  27.4    2:40   WNW
 7   9.6  14.6   15:10   5.0    0:40   8.7   0.0   0.0   9.3  30.6   15:20   WNW
 8   9.9  13.9   15:50   6.7   00:00   8.4   0.0   0.0   3.4  16.1    0:55   WSW
 9  12.0  21.3   17:50   2.5    6:55   6.7   0.4   0.0   3.5  17.7   15:05     S
10   9.6  13.5    0:05   5.8   23:30   8.7   0.0   0.6  11.1  37.0   14:50   WNW
11   8.2  11.7   16:35   3.9    3:55  10.1   0.0   0.0   8.9  30.6   17:55   WSW
12   8.9  10.3   12:55   7.5   00:00   9.4   0.0   5.6  12.4  40.2   13:15   WSW
13   8.0  10.8   15:30   4.7   23:45  10.3   0.0   0.2  10.3  35.4   10:30   WNW
14   7.6  11.2   15:40   3.1    6:25  10.8   0.0   0.0   8.2  33.8   14:55   WSW
15   8.6  10.6   13:45   4.4   00:00   9.7   0.0   4.0  14.0  51.5   11:45     W
16   7.2  10.9   13:40   4.3    6:20  11.1   0.0   1.2   8.9  38.6   15:50   WNW
17   5.6   8.9   11:00   2.1    7:05  12.7   0.0   2.4   7.2  38.6   11:05    NW
18   4.9   8.6   16:15   0.4    6:20  13.4   0.0   1.4   6.0  33.8   17:10    NE
19   4.4   7.9   15:05   0.8    4:35  13.9   0.0   0.0   3.1  19.3   13:05    NE
20   5.5  11.9   15:10  -2.6    5:20  12.8   0.0   0.0   5.6  25.7   15:25   WSW
21  10.1  13.7   13:50   7.2    0:05   8.2   0.0   0.4  11.3  40.2   15:20   WSW
22   6.8   9.4   13:30   4.6   23:45  11.5   0.0   0.6  11.6  46.7   11:10   WNW
23   6.5   9.6   15:40   3.6    6:35  11.8   0.0   1.0   9.3  41.8   10:55   WNW
24   7.4  11.6   12:50   3.9    0:45  10.9   0.0   5.0  10.3  40.2   10:00    SW
25   5.2   8.8   17:25   2.1    6:50  13.1   0.0   1.8   9.0  46.7   14:50   WSW
26   5.2   9.6   17:55   0.3    6:40  13.1   0.0   1.4   4.7  27.4   12:10   WSW
27   5.6   9.6   15:35   0.4    6:15  12.8   0.0   0.2   7.9  33.8   16:40   WSW
28   7.4  10.0   15:15   4.5   00:00  10.9   0.0   0.0   7.6  29.0   12:35   WNW
29   6.9  11.9   17:05   1.6    6:20  11.4   0.0   0.0   5.6  22.5    9:45   WSW
30  10.6  16.7   17:25   3.6    6:05   7.7   0.0   0.0  12.6  38.6   14:30     E
-------------------------------------------------------------------------------------
     8.0  21.3     9    -2.6    20   309.8   0.4  36.4   7.8  51.5    15     WSW

Max >=  32.0:  0
Max <=   0.0:  0
Min <=   0.0:  1
Min <= -18.0:  0
Max Rain: 10.39 ON 01-04-17
Days of Rain: 16 (> .2 mm) 5 (> 2 mm) 0 (> 20 mm)
Heat Base:  18.3  Cool Base:  18.3  Method: Integration

Bovenstaande data zijn de metingen van weerstation Eelde. Onderstaand de data van alle KNMI stations voor de betreffende maand. De linker afbeeldingen zijn de gemiddeldes van de maand, de middelste afbeeldingen de langjarig gemiddeldes en de rechter afbeeldingen de afwijking van de maand t.o.v. het langjarig gemiddelde.

klik om te vergroten   klik om te vergroten   klik om te vergroten

klik om te vergroten   klik om te vergroten   klik om te vergroten

klik om te vergroten   klik om te vergroten   klik om te vergroten