MONTHLY CLIMATOLOGICAL SUMMARY for OCT. 2016
NAME: Eelde CITY: Eelde STATE: Drenthe
ELEV: 3 m LAT: 53° 08' 16" N LONG: 6° 34' 20" E
TEMPERATURE (°C), RAIN (mm), WIND SPEED (km/hr)
HEAT COOL AVG
MEAN DEG DEG WIND DOM
DAY TEMP HIGH TIME LOW TIME DAYS DAYS RAIN SPEED HIGH TIME DIR
------------------------------------------------------------------------------------
1 12.4 16.8 15:05 8.3 7:15 5.9 0.0 1.8 3.4 32.2 21:25 SE
2 10.9 13.8 14:50 8.7 8:00 7.4 0.0 0.8 6.0 29.0 11:50 S
3 12.7 16.6 13:30 8.3 1:15 5.6 0.0 1.6 4.0 30.6 15:45 NE
4 12.9 16.2 15:10 9.3 00:00 5.4 0.0 0.2 5.5 30.6 10:45 NE
5 9.7 13.2 15:20 6.8 7:50 8.6 0.0 0.0 4.5 24.1 10:45 NE
6 9.7 12.9 15:15 5.8 4:25 8.6 0.0 0.0 3.7 22.5 16:20 NE
7 11.5 13.0 15:40 10.4 7:55 6.8 0.0 0.0 3.1 17.7 9:45 NE
8 10.2 13.0 11:30 7.0 00:00 8.2 0.0 0.6 1.9 20.9 12:35 NE
9 7.7 11.6 14:55 4.2 3:50 10.6 0.0 0.2 1.9 12.9 11:45 WNW
10 7.1 11.9 15:35 2.8 4:50 11.2 0.0 0.0 0.8 12.9 14:55 E
11 8.9 12.6 13:30 2.9 1:30 9.4 0.0 0.6 2.9 17.7 11:40 NE
12 9.7 11.5 16:35 8.2 21:30 8.6 0.0 0.0 4.2 24.1 10:40 NE
13 8.3 9.7 13:10 6.9 7:00 10.0 0.0 0.0 5.8 29.0 18:30 E
14 8.5 11.2 16:15 6.6 7:25 9.8 0.0 0.0 7.7 35.4 12:30 E
15 10.2 12.8 17:55 8.4 4:20 8.1 0.0 0.8 4.7 19.3 7:35 E
16 11.1 16.9 16:15 6.1 4:15 7.2 0.0 0.2 4.5 20.9 12:05 ESE
17 11.6 17.4 15:15 8.4 7:40 6.7 0.0 0.0 2.6 20.9 14:50 ESE
18 9.8 13.4 15:55 7.3 22:50 8.5 0.0 6.8 5.5 35.4 15:35 SW
19 8.1 11.2 16:50 5.9 6:25 10.2 0.0 7.8 3.2 19.3 14:40 SE
20 8.4 11.1 16:15 5.3 00:00 9.9 0.0 6.0 2.3 20.9 9:00 NE
21 7.7 11.3 13:00 5.1 1:55 10.6 0.0 5.0 2.7 17.7 13:15 WNW
22 7.1 9.8 15:45 5.0 22:25 11.3 0.0 0.2 0.5 9.7 12:50 NE
23 6.9 10.0 15:25 4.2 22:25 11.4 0.0 0.6 1.4 12.9 12:55 SW
24 5.7 7.9 16:20 3.3 3:05 12.6 0.0 0.0 3.4 17.7 19:20 NE
25 7.2 11.6 16:05 3.8 00:00 11.2 0.0 0.0 1.3 12.9 13:35 NE
26 6.9 11.1 16:25 1.1 3:25 11.4 0.0 0.0 3.1 19.3 14:20 SW
27 11.9 14.4 15:50 10.1 3:55 6.4 0.0 0.2 9.0 29.0 12:50 SW
28 12.3 14.2 12:55 7.9 23:25 6.0 0.0 0.0 9.0 30.6 16:50 WSW
29 9.3 13.7 15:10 5.8 6:30 8.9 0.0 0.0 4.2 24.1 14:20 WSW
30 10.3 13.5 13:50 7.3 2:50 8.0 0.0 0.0 2.1 12.9 15:15 SW
31 11.8 14.8 14:35 9.6 21:45 6.5 0.0 0.2 1.9 9.7 11:35 SW
-------------------------------------------------------------------------------------
9.6 17.4 17 1.1 26 270.9 0.0 33.6 3.8 35.4 14 NE
Max >= 32.0: 0
Max <= 0.0: 0
Min <= 0.0: 0
Min <= -18.0: 0
Max Rain: 7.80 ON 19-10-16
Days of Rain: 17 (> .2 mm) 4 (> 2 mm) 0 (> 20 mm)
Heat Base: 18.3 Cool Base: 18.3 Method: Integration
Bovenstaande data zijn de metingen van weerstation Eelde. Onderstaand de data van alle KNMI stations voor de betreffende maand.
De linker afbeeldingen zijn de gemiddeldes van de maand, de middelste afbeeldingen de langjarig gemiddeldes en de rechter
afbeeldingen de afwijking van de maand t.o.v. het langjarig gemiddelde.
|