MONTHLY CLIMATOLOGICAL SUMMARY for MAY. 2016
NAME: Eelde CITY: Eelde STATE: Drenthe
ELEV: 3 m LAT: 53° 08' 16" N LONG: 6° 34' 20" E
TEMPERATURE (°C), RAIN (mm), WIND SPEED (km/hr)
HEAT COOL AVG
MEAN DEG DEG WIND DOM
DAY TEMP HIGH TIME LOW TIME DAYS DAYS RAIN SPEED HIGH TIME DIR
------------------------------------------------------------------------------------
1 7.8 12.5 17:25 2.4 6:35 10.5 0.0 0.0 3.5 20.9 13:15 NE
2 11.4 18.2 16:00 3.7 6:10 6.9 0.0 0.0 6.4 27.4 13:05 SW
3 10.2 12.5 17:25 6.0 23:55 8.1 0.0 2.8 9.5 32.2 12:05 WNW
4 10.1 15.2 19:25 3.1 5:55 8.3 0.0 0.0 2.4 14.5 10:25 SW
5 13.1 18.7 17:50 6.1 5:25 5.2 0.0 0.0 6.9 32.2 12:30 E
6 17.2 24.6 18:00 9.1 6:15 3.0 1.9 0.0 6.9 30.6 16:30 E
7 20.2 26.0 16:45 12.9 6:20 1.2 3.2 0.0 7.7 30.6 13:55 E
8 19.9 24.2 17:30 13.9 6:25 0.9 2.6 0.0 11.6 37.0 15:15 E
9 20.2 24.7 16:30 14.4 6:10 0.8 2.6 0.0 11.9 45.1 14:10 E
10 19.9 24.7 15:35 14.3 6:00 0.8 2.5 0.0 7.9 33.8 11:20 E
11 19.7 25.4 16:35 14.3 6:50 0.9 2.4 0.0 7.7 33.8 16:15 E
12 18.6 23.8 15:45 13.1 6:25 1.5 1.7 0.0 9.0 33.8 16:20 NE
13 13.4 18.9 11:20 8.6 00:00 5.0 0.0 0.0 8.2 33.8 19:30 NE
14 7.8 10.6 16:15 6.1 23:45 10.5 0.0 2.2 11.9 51.5 16:35 WNW
15 7.6 10.4 16:50 5.4 6:40 10.7 0.0 4.0 10.5 41.8 11:45 WNW
16 8.3 11.9 16:05 4.1 5:15 10.0 0.0 1.6 7.1 27.4 19:35 WNW
17 11.1 15.5 18:40 7.3 0:55 7.2 0.0 0.0 5.0 22.5 9:00 WSW
18 13.0 18.8 17:15 7.3 2:20 5.3 0.0 0.6 5.1 29.0 9:30 SW
19 15.2 19.7 13:35 10.1 5:55 3.3 0.2 0.0 3.1 22.5 17:10 SW
20 13.0 15.6 18:10 11.1 7:15 5.3 0.0 0.6 8.0 29.0 9:00 SW
21 17.0 22.8 18:35 10.2 5:20 2.6 1.3 0.0 7.6 30.6 13:10 SW
22 16.9 20.2 10:15 13.3 23:10 1.6 0.2 5.8 5.1 25.7 11:30 SW
23 11.7 13.4 0:15 10.2 00:00 6.6 0.0 12.2 7.9 33.8 16:25 NW
24 10.1 10.5 16:40 9.6 13:00 8.3 0.0 0.0 8.9 32.2 14:50 WNW
25 12.3 15.0 17:30 10.1 0:05 6.0 0.0 0.2 2.9 16.1 16:20 SW
26 13.3 16.1 17:00 10.3 23:50 5.0 0.0 0.0 2.7 16.1 14:30 NE
27 13.2 18.4 15:25 9.3 3:35 5.2 0.0 0.0 3.1 16.1 12:45 NE
28 16.7 21.4 18:05 11.5 3:30 2.4 0.8 0.0 4.3 17.7 18:10 NE
29 16.5 19.8 11:55 13.3 5:30 2.0 0.2 1.2 6.3 24.1 19:50 NE
30 18.1 22.8 15:25 14.7 5:30 1.4 1.1 4.8 7.6 33.8 15:40 NNE
31 19.9 24.6 18:00 16.3 6:00 0.5 2.1 0.0 3.5 17.7 20:05 NE
-------------------------------------------------------------------------------------
14.3 26.0 7 2.4 1 146.9 22.7 36.0 6.8 51.5 14 E
Max >= 32.0: 0
Max <= 0.0: 0
Min <= 0.0: 0
Min <= -18.0: 0
Max Rain: 12.19 ON 23-05-16
Days of Rain: 11 (> .2 mm) 6 (> 2 mm) 0 (> 20 mm)
Heat Base: 18.3 Cool Base: 18.3 Method: Integration
Bovenstaande data zijn de metingen van weerstation Eelde. Onderstaand de data van alle KNMI stations voor de betreffende maand.
De linker afbeeldingen zijn de gemiddeldes van de maand, de middelste afbeeldingen de langjarig gemiddeldes en de rechter
afbeeldingen de afwijking van de maand t.o.v. het langjarig gemiddelde.
|