MONTHLY CLIMATOLOGICAL SUMMARY for JUL. 2016
NAME: Eelde CITY: Eelde STATE: Drenthe
ELEV: 3 m LAT: 53° 08' 16" N LONG: 6° 34' 20" E
TEMPERATURE (°C), RAIN (mm), WIND SPEED (km/hr)
HEAT COOL AVG
MEAN DEG DEG WIND DOM
DAY TEMP HIGH TIME LOW TIME DAYS DAYS RAIN SPEED HIGH TIME DIR
------------------------------------------------------------------------------------
1 16.3 18.5 16:25 14.4 2:05 2.0 0.0 5.2 10.0 37.0 11:45 SW
2 15.1 17.8 15:10 12.4 00:00 3.2 0.0 2.4 10.5 45.1 16:15 SW
3 15.0 18.8 15:30 10.7 5:20 3.3 0.0 3.4 8.5 30.6 11:55 SW
4 17.2 22.3 17:50 12.7 4:30 2.1 1.0 0.2 4.5 22.5 13:50 SW
5 15.3 18.3 16:05 12.7 00:00 3.0 0.0 3.8 10.8 46.7 18:50 SW
6 14.7 18.0 14:05 11.3 6:10 3.6 0.0 0.2 9.2 32.2 11:05 WNW
7 16.2 21.1 17:05 9.2 5:30 2.9 0.8 0.0 6.0 27.4 15:05 SW
8 16.3 18.9 10:50 13.5 5:15 2.1 0.0 4.8 7.1 41.8 17:40 SW
9 16.8 21.7 15:45 12.6 4:50 2.1 0.6 2.4 7.2 29.0 13:15 WSW
10 20.8 26.6 15:50 15.9 5:25 0.5 3.0 0.0 9.0 32.2 14:35 SW
11 18.0 20.4 18:35 16.3 5:50 0.6 0.3 0.4 13.2 46.7 17:25 SW
12 16.9 21.1 13:10 14.2 00:00 1.7 0.3 6.6 7.1 32.2 11:15 SW
13 14.8 17.5 18:00 12.6 00:00 3.5 0.0 9.8 3.2 24.1 13:10 NW
14 13.9 17.2 13:35 10.6 3:55 4.4 0.0 1.2 8.9 40.2 19:40 WNW
15 15.8 19.8 18:15 13.2 5:35 2.6 0.1 0.0 9.3 30.6 10:05 W
16 17.3 20.2 13:15 13.5 0:05 1.4 0.4 0.0 7.2 32.2 12:10 SW
17 18.7 21.7 15:40 15.1 00:00 0.6 1.0 1.4 7.9 30.6 10:20 WSW
18 19.4 24.7 18:35 13.3 4:35 1.3 2.4 0.0 6.1 25.7 11:45 SW
19 21.6 28.2 15:25 13.9 5:50 1.0 4.3 0.0 2.6 17.7 19:45 NE
20 24.5 31.7 17:10 18.3 5:55 0.0 6.2 1.2 6.6 30.6 15:40 E
21 22.1 28.8 15:35 18.0 5:00 0.0 3.3 0.4 3.1 49.9 18:45 SW
22 19.8 23.7 17:35 17.3 00:00 0.0 1.6 2.0 2.3 17.7 18:30 NNE
23 19.4 24.9 16:20 16.6 2:45 0.5 1.7 0.0 3.9 19.3 17:25 NNE
24 21.2 25.9 14:35 17.3 5:00 0.2 3.1 0.0 1.9 14.5 16:05 SW
25 19.4 22.7 15:45 15.2 00:00 0.3 1.4 0.6 5.1 29.0 16:55 SW
26 17.6 22.6 13:15 12.3 5:30 1.9 1.2 0.0 2.7 19.3 13:00 SW
27 18.1 22.4 13:10 15.1 1:30 1.1 0.9 4.0 5.0 35.4 13:25 SW
28 17.7 22.4 15:00 12.4 6:25 1.5 0.9 8.6 2.7 17.7 12:15 SW
29 18.2 21.9 13:55 15.2 6:45 0.9 0.8 0.0 7.1 30.6 15:10 SW
30 18.1 21.2 16:15 16.1 5:45 0.9 0.6 8.8 4.8 20.9 10:20 SW
31 16.2 19.1 12:10 12.7 00:00 2.2 0.0 0.8 3.7 30.6 17:05 SW
-------------------------------------------------------------------------------------
17.8 31.7 20 9.2 7 51.3 35.8 68.2 6.4 49.9 21 SW
Max >= 32.0: 0
Max <= 0.0: 0
Min <= 0.0: 0
Min <= -18.0: 0
Max Rain: 9.80 ON 13-07-16
Days of Rain: 21 (> .2 mm) 12 (> 2 mm) 0 (> 20 mm)
Heat Base: 18.3 Cool Base: 18.3 Method: Integration
Bovenstaande data zijn de metingen van weerstation Eelde. Onderstaand de data van alle KNMI stations voor de betreffende maand.
De linker afbeeldingen zijn de gemiddeldes van de maand, de middelste afbeeldingen de langjarig gemiddeldes en de rechter
afbeeldingen de afwijking van de maand t.o.v. het langjarig gemiddelde.
|