MONTHLY CLIMATOLOGICAL SUMMARY for OCT. 2015

NAME: Eelde   CITY: Eelde   STATE: Drenthe 
ELEV:     3 m  LAT:  53 08' 16" N  LONG:   6 34' 20" E

                   TEMPERATURE (C), RAIN  (mm), WIND SPEED (km/hr)

                                      HEAT  COOL        AVG
    MEAN                              DEG   DEG         WIND                 DOM
DAY TEMP  HIGH   TIME   LOW    TIME   DAYS  DAYS  RAIN  SPEED HIGH   TIME    DIR
------------------------------------------------------------------------------------
 1  11.3  16.4   14:25   6.2    8:15   7.0   0.0   0.2   2.3  20.9   16:10    NE
 2  10.3  16.7   16:25   5.1    5:30   8.0   0.0   0.4   1.8  16.1   17:45    NE
 3  11.5  16.8   17:25   7.8    8:05   6.8   0.0   0.2   1.9  12.9    0:25   ENE
 4  12.4  16.9   16:50   9.1   00:00   5.9   0.0   0.0   3.4  19.3   12:05    SW
 5  12.9  17.3   16:40   8.6    0:35   5.4   0.0   0.2   4.3  24.1   14:35   ESE
 6  13.9  15.4   17:35  11.9    8:00   4.4   0.0   4.8   4.8  17.7    1:05     E
 7  15.4  17.7   16:00  13.4    8:10   2.8   0.0   0.4   5.3  24.1   18:20     S
 8  14.0  15.9   13:55  12.5   23:20   4.3   0.0   1.8   4.5  19.3   11:40    SW
 9  12.8  15.4   13:05  10.5   22:45   5.5   0.0   0.6   0.8  11.3   13:05    NE
10  10.3  12.7   13:50   5.7   00:00   8.0   0.0   0.0   4.0  19.3   12:20   ENE
11   5.9  10.3   16:40   1.8    8:15  12.3   0.0   0.0   6.3  30.6   15:40   ENE
12   4.7   8.0   15:45   1.6    8:05  13.6   0.0   0.0   5.5  25.7   11:45     E
13   5.4   8.6   16:55   1.8    8:10  12.8   0.0   0.0   5.5  27.4   13:25    NE
14   6.3   7.3    3:45   5.4   22:50  12.0   0.0   2.0   3.9  25.7   10:50    NE
15   6.9   8.8   13:55   5.1    2:10  11.4   0.0   5.6   2.6  16.1   20:45    NE
16   7.8   9.4   18:30   6.1    1:50  10.5   0.0   6.0   1.6  11.3    0:15    NE
17   8.6   9.3    0:05   7.7   00:00   9.7   0.0   0.2   1.0  11.3   11:10   ESE
18   9.6  12.1   16:15   7.4    2:00   8.8   0.0   1.2   2.1  12.9    7:05   WSW
19  10.6  13.3   15:55   7.4   23:35   7.7   0.0   0.2   1.3  12.9   14:10     N
20   8.7  11.5   13:55   5.8    2:55   9.6   0.0   0.0   1.9  17.7   13:35   WNW
21   9.7  12.7   15:20   7.7    8:15   8.6   0.0   0.6   6.6  30.6   15:05    SW
22  11.8  14.3   14:55  10.3   23:35   6.5   0.0   0.8   8.4  33.8   15:40    SW
23  10.3  13.8   14:00   6.7    7:40   8.0   0.0   0.0   4.7  24.1   14:15    SW
24  11.1  12.6   16:30  10.1    5:30   7.2   0.0   0.0   4.3  17.7   20:40    SE
25  10.3  13.4   14:35   4.9   23:55   8.0   0.0   0.4   3.9  22.5   14:25     W
26   9.0  14.1   14:55   4.9    0:25   9.3   0.0   0.0   4.3  19.3   12:25     E
27   7.7   8.8   15:00   6.2    5:40  10.6   0.0   0.2   6.0  19.3    5:20     E
28   7.1   8.2   23:55   5.7    5:55  11.2   0.0   0.0   4.8  19.3    9:15     E
29  10.4  14.3   15:40   8.1    0:05   7.9   0.0   0.0   2.6  90.1    3:35   ESE
30   9.7  13.8   14:10   5.5    8:25   8.6   0.0   0.2   3.4  16.1   11:00   ESE
31   8.5  11.4   15:10   6.5    6:25   9.8   0.0   0.2   4.5  27.4   10:35     E
-------------------------------------------------------------------------------------
     9.8  17.7     7     1.6    12   262.0   0.0  26.2   3.8  90.1    29       E

Max >=  32.0:  0
Max <=   0.0:  0
Min <=   0.0:  0
Min <= -18.0:  0
Max Rain: 5.99 ON 16-10-15
Days of Rain: 20 (> .2 mm) 4 (> 2 mm) 0 (> 20 mm)
Heat Base:  18.3  Cool Base:  18.3  Method: Integration
Bovenstaande data zijn de metingen van weerstation Eelde. Onderstaand de data van alle KNMI stations voor de betreffende maand. De linker afbeeldingen zijn de gemiddeldes van de maand, de middelste afbeeldingen de langjarig gemiddeldes en de rechter afbeeldingen de afwijking van de maand t.o.v. het langjarig gemiddelde.

klik om te vergroten   klik om te vergroten   klik om te vergroten

klik om te vergroten   klik om te vergroten   klik om te vergroten

klik om te vergroten   klik om te vergroten   klik om te vergroten