MONTHLY CLIMATOLOGICAL SUMMARY for NOV. 2015

NAME: Eelde   CITY: Eelde   STATE: Drenthe 
ELEV:     3 m  LAT:  53 08' 16" N  LONG:   6 34' 20" E

                   TEMPERATURE (C), RAIN  (mm), WIND SPEED (km/hr)

                                      HEAT  COOL        AVG
    MEAN                              DEG   DEG         WIND                 DOM
DAY TEMP  HIGH   TIME   LOW    TIME   DAYS  DAYS  RAIN  SPEED HIGH   TIME    DIR
------------------------------------------------------------------------------------
 1   7.1   9.3   14:10   4.1    8:40  11.2   0.0   0.4   1.1   9.7   11:55    SW
 2   7.0   8.4   13:55   5.7    8:25  11.3   0.0   0.2   2.3  12.9   19:25     E
 3   7.5  13.6   15:25   3.3    8:30  10.8   0.0   0.2   2.3   9.7    1:50   ESE
 4  10.9  15.2   15:10   5.9    7:40   7.4   0.0   0.0   3.5  20.9   14:40    SE
 5  12.9  14.8   12:30  11.2    4:05   5.3   0.0   4.0   6.0  24.1   14:00     S
 6  14.3  15.5   22:50  13.4    0:05   4.0   0.0   6.6   9.8  33.8   23:40    SW
 7  15.4  17.2   17:30  14.0    8:00   2.8   0.0   3.6  13.2  61.2   19:40   WSW
 8  12.3  15.9   23:40   8.6    8:05   6.0   0.0   1.0   7.9  40.2    0:25    SW
 9  12.7  15.8    0:05  10.4    7:55   5.6   0.0   2.0  17.4  49.9   14:40   WSW
10  14.8  15.8   12:35  13.5    0:05   3.5   0.0   2.0  21.4  59.5    3:35   WSW
11  13.0  14.2    1:10  12.0   22:35   5.3   0.0   0.6  14.5  37.0    2:30    SW
12  12.6  14.6   13:55  10.7   19:20   5.7   0.0   0.0  10.0  35.4    0:10   WSW
13  10.6  13.2    8:00   5.3   23:20   7.7   0.0   6.0  15.0  66.0   16:20    SW
14   8.1   9.7   14:35   5.8    0:05  10.3   0.0   6.0  14.0  51.5    4:50   WSW
15  12.4  13.1    5:40   8.5    0:05   5.8   0.0  19.8  20.9  62.8    7:50   WSW
16  11.8  13.3    1:20   9.5   22:35   6.4   0.0   0.8  15.1  45.1    2:45    SW
17  11.4  14.3   22:45   9.4    5:05   6.9   0.0   5.6  12.1  62.8   21:45    SW
18  11.3  14.2    0:10   9.2    7:05   6.9   0.0   5.8  22.4  70.8    4:10   WSW
19  10.5  12.1    1:55   7.2   23:55   7.8   0.0   2.2  19.5  67.6    8:25   WSW
20   6.8   8.9   14:05   4.3   00:00  11.5   0.0   3.2  10.1  38.6    4:40   WSW
21   3.9   5.5   14:50   1.4   23:45  14.3   0.0   3.2   6.8  33.8   20:35    SW
22   3.2   5.3   19:40   1.0    0:35  15.1   0.0   2.4   8.0  51.5   10:50   WNW
23   3.8   6.7   12:30  -0.8    7:55  14.5   0.0   0.2   5.6  27.4   21:25    SW
24   3.3   4.7    0:05   2.6    8:20  15.0   0.0   5.0  14.2  54.7   10:45    SW
25   5.3   7.6   13:25   4.1   21:55  13.0   0.0   3.4   5.5  22.5    3:05   WSW
26   5.3   9.4   13:45   2.1    8:20  13.0   0.0   0.6   3.2  25.7    1:15    SW
27   4.8   6.2   16:50   2.7    2:00  13.5   0.0   0.6   9.2  35.4   23:10    SW
28   5.9   7.9   13:15   4.3    3:05  12.4   0.0   4.8  15.1  62.8   23:20    SW
29   8.9  11.9   17:55   5.3   23:50   9.4   0.0   7.4  20.8  74.0   19:15   WSW
30   7.2  10.8   20:45   4.8   14:55  11.1   0.0   8.8  16.4  67.6    0:50   WSW
-------------------------------------------------------------------------------------
     9.2  17.2     7    -0.8    23   273.7   0.0 106.4  11.4  74.0    29      SW

Max >=  32.0:  0
Max <=   0.0:  0
Min <=   0.0:  1
Min <= -18.0:  0
Max Rain: 19.81 ON 15-11-15
Days of Rain: 28 (> .2 mm) 19 (> 2 mm) 0 (> 20 mm)
Heat Base:  18.3  Cool Base:  18.3  Method: Integration
Bovenstaande data zijn de metingen van weerstation Eelde. Onderstaand de data van alle KNMI stations voor de betreffende maand. De linker afbeeldingen zijn de gemiddeldes van de maand, de middelste afbeeldingen de langjarig gemiddeldes en de rechter afbeeldingen de afwijking van de maand t.o.v. het langjarig gemiddelde.

klik om te vergroten   klik om te vergroten   klik om te vergroten

klik om te vergroten   klik om te vergroten   klik om te vergroten

klik om te vergroten   klik om te vergroten   klik om te vergroten