MONTHLY CLIMATOLOGICAL SUMMARY for MAR. 2015

NAME: Eelde   CITY: Eelde   STATE: Drenthe 
ELEV:     3 m  LAT:  53 08' 16" N  LONG:   6 34' 20" E

                   TEMPERATURE (C), RAIN  (mm), WIND SPEED (km/hr)

                                      HEAT  COOL        AVG
    MEAN                              DEG   DEG         WIND                 DOM
DAY TEMP  HIGH   TIME   LOW    TIME   DAYS  DAYS  RAIN  SPEED HIGH   TIME    DIR
------------------------------------------------------------------------------------
 1   7.0   9.2   11:25   5.1    5:15  11.3   0.0   1.8  16.9  61.2   00:00    SW
 2   4.5   7.6   14:25   0.7   19:35  13.8   0.0   3.0  18.0  57.9    2:50   WSW
 3   3.2   5.4   10:20   1.6   23:25  15.1   0.0   5.0  10.6  38.6   17:25    SW
 4   4.3   7.1   12:55   1.6    0:05  14.0   0.0   2.4  14.0  48.3   13:25   WSW
 5   5.1   8.7   14:40   1.9    6:15  13.2   0.0   0.0   7.1  29.0   14:30   WSW
 6   6.7   9.8   14:15   4.4   23:40  11.6   0.0   0.0   9.5  29.0   15:25    SW
 7   8.2  13.5   16:20   4.1    5:55  10.2   0.0   0.0  12.1  37.0   16:40    SW
 8   9.2  15.4   14:25   5.3    7:10   9.1   0.0   0.2  10.1  33.8   13:25    SW
 9   8.2  11.7   13:50   3.5    7:20  10.1   0.0   0.2   5.1  27.4   14:45    SW
10   7.3   9.7   11:40   2.8   23:55  11.0   0.0   0.8   8.0  27.4   10:45   WNW
11   4.6  10.0   15:45  -0.9    6:50  13.8   0.0   0.4   1.8  12.9   13:40    NE
12   4.7  11.0   15:55  -1.5    7:30  13.6   0.0   0.0   4.3  25.7   16:20     E
13   3.3   6.3   16:10   0.0    7:05  15.0   0.0   0.0   7.9  25.7   11:25     E
14   4.1   5.7   16:15   1.6    4:45  14.2   0.0   0.0   8.5  29.0   15:55    NE
15   5.2   7.3   13:40   3.1    6:20  13.1   0.0   0.0   8.4  29.0   13:55    NE
16   7.5  12.0   14:50   4.1    6:55  10.8   0.0   0.0   9.2  30.6   15:50     E
17   8.8  14.7   15:50   3.1    7:25   9.5   0.0   0.0   4.5  14.5   11:55     E
18   8.2  14.2   13:25   2.9    7:40   6.5   0.0   0.0   2.7  20.9   14:45   WNW
19   4.1   4.3   23:10   3.9   00:00   0.5   0.0   0.0   0.0   1.6   23:10   NNW
20   4.7   6.2   14:00   2.3    0:55  13.7   0.0   0.0   5.1  24.1   23:40   WSW
21   5.6   8.4   12:40   3.7   00:00  12.8   0.0   2.8  10.9  45.1   18:05   WSW
22   3.5   6.9   16:20   1.8   23:55  14.8   0.0   0.0   6.4  29.0    0:30     E
23   3.6   8.0   16:25  -0.8    6:00  14.8   0.0   0.0   6.3  29.0   14:10   WSW
24   5.9  10.9   14:30   0.2    5:50  12.4   0.0   0.0   3.5  19.3   10:50    SW
25   5.5   6.9   13:00   4.3    8:50  12.8   0.0   7.6   5.5  24.1    8:15   WSW
26   5.2   7.6   13:15   3.9    7:00  13.1   0.0   1.8   8.7  32.2   17:55    SW
27   6.3   7.5   15:00   4.5   00:00  12.0   0.0   0.6  12.7  45.1   12:50   WSW
28   6.5  10.1   21:25   0.7    6:25  11.8   0.0   1.0  10.5  48.3   19:30    SW
29   8.4  10.0   19:00   5.6   21:05   9.4   0.0  10.2  18.5  66.0   20:20   WSW
30   6.6   8.2   14:40   5.0   11:30  11.8   0.0   1.2  20.8  61.2    8:00     W
31   6.9   9.7    5:55   3.0   00:00  11.4   0.0   7.8  28.3  90.1   15:05     W
-------------------------------------------------------------------------------------
     5.9  15.4     8    -1.5    12   366.7   0.0  46.8   9.6  90.1    31      SW

Max >=  32.0:  0
Max <=   0.0:  0
Min <=   0.0:  4
Min <= -18.0:  0
Max Rain: 10.21 ON 29-03-15
Days of Rain: 16 (> .2 mm) 7 (> 2 mm) 0 (> 20 mm)
Heat Base:  18.3  Cool Base:  18.3  Method: Integration
Bovenstaande data zijn de metingen van weerstation Eelde. Onderstaand de data van alle KNMI stations voor de betreffende maand. De linker afbeeldingen zijn de gemiddeldes van de maand, de middelste afbeeldingen de langjarig gemiddeldes en de rechter afbeeldingen de afwijking van de maand t.o.v. het langjarig gemiddelde.

klik om te vergroten   klik om te vergroten   klik om te vergroten

klik om te vergroten   klik om te vergroten   klik om te vergroten

klik om te vergroten   klik om te vergroten   klik om te vergroten