MONTHLY CLIMATOLOGICAL SUMMARY for MAY. 2015
NAME: Eelde CITY: Eelde STATE: Drenthe
ELEV: 3 m LAT: 53° 08' 16" N LONG: 6° 34' 20" E
TEMPERATURE (°C), RAIN (mm), WIND SPEED (km/hr)
HEAT COOL AVG
MEAN DEG DEG WIND DOM
DAY TEMP HIGH TIME LOW TIME DAYS DAYS RAIN SPEED HIGH TIME DIR
------------------------------------------------------------------------------------
1 7.6 10.3 16:20 4.7 4:30 10.7 0.0 0.2 7.2 25.7 9:40 WNW
2 7.4 12.6 16:00 1.6 4:55 10.9 0.0 0.0 4.2 22.5 20:00 NE
3 11.2 17.3 14:35 4.8 4:50 7.1 0.0 3.2 9.7 33.8 21:05 E
4 14.1 18.1 16:10 10.7 6:00 4.2 0.0 0.0 11.4 40.2 14:50 SW
5 15.3 22.3 11:25 10.2 00:00 3.5 0.5 9.8 15.3 69.2 17:05 SW
6 11.6 15.1 12:25 8.2 5:55 6.8 0.0 4.6 12.9 57.9 15:10 SW
7 11.3 14.3 14:50 7.1 23:25 7.0 0.0 2.4 13.2 51.5 0:10 WSW
8 11.4 16.7 15:50 6.6 4:15 6.8 0.0 0.2 3.1 16.1 14:55 ESE
9 12.4 14.4 12:30 9.3 00:00 5.8 0.0 2.6 14.5 51.5 17:25 WSW
10 12.5 17.6 16:25 8.4 6:10 5.8 0.0 0.0 8.2 38.6 3:30 W
11 17.3 25.0 16:45 10.6 5:50 2.8 1.8 0.0 7.7 33.8 15:35 SE
12 13.9 17.6 12:35 10.0 23:50 4.4 0.0 0.2 8.2 41.8 17:15 SW
13 11.4 15.1 14:10 8.9 3:10 6.9 0.0 0.0 9.8 37.0 15:35 WNW
14 9.5 11.8 14:15 6.8 00:00 8.8 0.0 0.0 5.0 19.3 0:20 WNW
15 8.1 11.8 16:15 4.6 5:35 10.2 0.0 0.0 5.0 27.4 14:05 NW
16 8.6 13.1 17:10 3.8 3:10 9.7 0.0 0.4 8.5 40.2 17:15 SW
17 10.7 14.4 15:00 6.2 0:35 7.6 0.0 0.4 9.7 43.5 16:20 WSW
18 10.3 12.6 13:50 7.7 0:45 8.0 0.0 3.0 8.9 49.9 21:50 SW
19 9.3 12.4 19:05 6.6 6:15 9.0 0.0 12.2 9.7 43.5 5:30 SW
20 9.6 14.4 14:25 6.4 4:40 8.7 0.0 0.8 9.0 38.6 15:20 SW
21 11.4 16.6 15:55 6.5 0:40 6.9 0.0 1.8 7.7 29.0 13:10 WSW
22 14.4 19.4 14:30 9.6 6:10 3.9 0.1 0.0 6.6 29.0 13:25 SW
23 11.6 13.6 0:05 9.4 00:00 6.7 0.0 0.8 5.5 25.7 14:25 NNE
24 12.5 17.9 17:00 7.6 3:15 5.8 0.0 0.0 4.2 22.5 16:05 SW
25 11.6 13.9 13:55 8.9 23:50 6.7 0.0 0.0 7.4 22.5 4:00 WNW
26 10.1 13.0 15:45 7.5 6:15 8.2 0.0 2.0 7.9 35.4 17:05 WNW
27 12.4 16.6 16:40 8.4 3:05 5.9 0.0 0.0 5.3 27.4 13:55 WSW
28 12.1 15.1 14:50 8.1 00:00 6.2 0.0 0.8 10.3 43.5 15:50 WSW
29 10.7 15.7 12:05 6.8 1:55 7.7 0.0 2.8 8.0 35.4 13:55 SW
30 9.8 14.1 16:10 6.5 9:20 8.5 0.0 8.4 10.0 43.5 12:20 WSW
31 11.4 16.4 13:55 6.9 1:30 6.9 0.0 5.2 8.5 38.6 15:50 SW
-------------------------------------------------------------------------------------
11.3 25.0 11 1.6 2 218.3 2.4 61.8 8.5 69.2 5 SW
Max >= 32.0: 0
Max <= 0.0: 0
Min <= 0.0: 0
Min <= -18.0: 0
Max Rain: 12.19 ON 19-05-15
Days of Rain: 20 (> .2 mm) 11 (> 2 mm) 0 (> 20 mm)
Heat Base: 18.3 Cool Base: 18.3 Method: Integration
Bovenstaande data zijn de metingen van weerstation Eelde. Onderstaand de data van alle KNMI stations voor de betreffende maand.
De linker afbeeldingen zijn de gemiddeldes van de maand, de middelste afbeeldingen de langjarig gemiddeldes en de rechter
afbeeldingen de afwijking van de maand t.o.v. het langjarig gemiddelde.
|