MONTHLY CLIMATOLOGICAL SUMMARY for JUN. 2015

NAME: Eelde   CITY: Eelde   STATE: Drenthe 
ELEV:     3 m  LAT:  53 08' 16" N  LONG:   6 34' 20" E

                   TEMPERATURE (C), RAIN  (mm), WIND SPEED (km/hr)

                                      HEAT  COOL        AVG
    MEAN                              DEG   DEG         WIND                 DOM
DAY TEMP  HIGH   TIME   LOW    TIME   DAYS  DAYS  RAIN  SPEED HIGH   TIME    DIR
------------------------------------------------------------------------------------
 1  11.9  16.2   17:50   6.6    5:10   6.4   0.0   0.0   8.2  33.8   13:20    SW
 2  13.8  16.4   22:20  11.6    4:10   4.5   0.0   1.0  18.5  62.8   00:00    SW
 3  14.2  16.9   15:40   8.9   00:00   4.1   0.0   0.0  12.4  53.1    0:05   WSW
 4  13.3  19.2   17:15   5.2    4:50   5.1   0.1   0.0   3.2  20.9   20:35    NE
 5  20.3  30.7   17:45  10.9    5:20   2.3   4.2   4.4   5.5  41.8   21:20     E
 6  16.5  18.6    1:10  11.4   00:00   1.8   0.0   0.0  10.6  35.4   12:35   WSW
 7  13.3  17.3   14:35   9.2    5:35   5.0   0.0   0.0   7.1  32.2   18:15   WNW
 8  11.4  14.4   13:30   7.8    3:05   6.9   0.0   0.0   6.1  30.6   16:05   WNW
 9  11.7  14.8   16:40  10.2    0:10   6.6   0.0   0.0   6.3  24.1   17:20   NNE
10  14.8  19.5   14:35  10.8    0:05   3.6   0.0   0.0   6.0  32.2   18:05    NE
11  15.1  21.3   15:20   8.9    5:20   3.8   0.6   0.0   5.8  20.9   18:40    NE
12  18.6  25.9   17:50  11.1    1:50   2.3   2.6   0.0   4.2  17.7   12:20    NE
13  18.1  23.1   10:25  14.4   00:00   0.9   0.7   1.0  10.5  41.8   18:15    SW
14  13.3  15.3   15:00  10.7   22:45   5.0   0.0   0.8   4.8  35.4    0:45   WNW
15  11.8  14.4   15:25   8.4    5:45   6.4   0.0   0.0   5.3  25.7   18:50    NW
16  12.1  15.8   15:00   8.3    4:35   6.2   0.0   0.0   5.0  29.0   14:00   WNW
17  13.9  20.1   14:20   6.0    5:20   4.7   0.3   2.4   8.4  41.8   17:05    SW
18  13.5  15.2    0:05  11.0   00:00   4.8   0.0   0.2   9.2  32.2   11:40   WNW
19  11.8  14.2   13:05  10.0    3:35   6.4   0.0   2.6   9.2  35.4   14:40   WNW
20  12.1  15.1   14:55   8.9    3:55   6.2   0.0   0.0   5.1  20.9   10:10   WNW
21  13.2  18.3   18:25  10.8    6:50   5.1   0.0   2.4   5.8  32.2   19:00   SSE
22  11.9  15.6   10:15  10.1   00:00   6.4   0.0  17.6   4.2  29.0   10:30    SW
23  11.2  13.4   16:15   8.0    6:20   7.1   0.0   1.4   8.4  33.8   17:55   WNW
24  14.5  19.7   18:20  10.8    4:50   3.9   0.1   0.0   8.7  33.8   18:40   WSW
25  17.1  22.1   13:10  11.1    2:30   2.3   1.1   0.0   4.8  25.7    9:55    SW
26  17.6  21.4   19:15  13.6    5:10   1.5   0.8   0.2   1.6  16.1   17:05   ESE
27  17.6  20.2   15:05  12.9   00:00   1.1   0.4   0.0   8.5  35.4   13:35   WNW
28  15.9  21.4   11:55   9.7    4:55   2.9   0.5   2.0   3.5  22.5   12:00    SW
29  17.9  23.0   13:45  12.3    5:25   1.7   1.3   0.0   4.3  27.4   15:00   WNW
30  18.3  24.2   16:40  10.4    5:50   1.9   2.0   0.0   3.2  20.9   17:50    NE
-------------------------------------------------------------------------------------
    14.6  30.7     5     5.2     4   126.8  14.7  35.9   6.8  62.8     2      SW

Max >=  32.0:  0
Max <=   0.0:  0
Min <=   0.0:  0
Min <= -18.0:  0
Max Rain: 17.60 ON 22-06-15
Days of Rain: 12 (> .2 mm) 6 (> 2 mm) 0 (> 20 mm)
Heat Base:  18.3  Cool Base:  18.3  Method: Integration
Bovenstaande data zijn de metingen van weerstation Eelde. Onderstaand de data van alle KNMI stations voor de betreffende maand. De linker afbeeldingen zijn de gemiddeldes van de maand, de middelste afbeeldingen de langjarig gemiddeldes en de rechter afbeeldingen de afwijking van de maand t.o.v. het langjarig gemiddelde.

klik om te vergroten   klik om te vergroten   klik om te vergroten

klik om te vergroten   klik om te vergroten   klik om te vergroten

klik om te vergroten   klik om te vergroten   klik om te vergroten