MONTHLY CLIMATOLOGICAL SUMMARY for APR. 2015

NAME: Eelde   CITY: Eelde   STATE: Drenthe 
ELEV:     3 m  LAT:  53 08' 16" N  LONG:   6 34' 20" E

                   TEMPERATURE (C), RAIN  (mm), WIND SPEED (km/hr)

                                      HEAT  COOL        AVG
    MEAN                              DEG   DEG         WIND                 DOM
DAY TEMP  HIGH   TIME   LOW    TIME   DAYS  DAYS  RAIN  SPEED HIGH   TIME    DIR
------------------------------------------------------------------------------------
 1   4.9   7.3   12:50   2.2   17:30  13.3   0.0   7.2  19.2  59.5   13:25     W
 2   4.7   7.5   17:05   1.3    8:00  13.6   0.0   5.4  14.2  57.9   12:55   WNW
 3   5.4   9.3   16:25   1.6    7:10  12.9   0.0   0.0   5.0  22.5   19:35   WSW
 4   4.7   7.3   14:40   2.2    4:55  13.7   0.0   0.0   5.1  29.0   13:35   NNW
 5   5.5  10.3   16:05   0.5    7:10  12.8   0.0   0.2   5.1  25.7   18:20   WNW
 6   7.5  11.6   17:10   3.9   00:00  10.8   0.0   0.4   4.0  20.9   14:40    NE
 7   6.1   9.6   13:50   1.4    4:40  12.3   0.0   0.0   7.7  35.4   14:10   WSW
 8   7.4  11.3   14:30   4.6    4:30  10.8   0.0   0.0   3.7  17.7   11:05   WNW
 9   8.8  14.8   17:05   3.4    7:40   9.5   0.0   0.0   2.7  12.9    2:40     E
10  11.8  19.3   18:05   5.3    5:25   6.6   0.1   0.0   3.1  20.9   15:45    NE
11   9.7  15.4   12:00   5.1   23:00   8.6   0.0   1.8  10.1  46.7   15:30    SW
12   9.1  14.1   18:10   4.1    6:50   9.2   0.0   0.2  14.8  56.3   22:20    SW
13   7.7  11.4   14:25   3.4    7:05  10.6   0.0   1.4   9.3  40.2    0:15     W
14  10.4  16.6   14:55   4.8    1:55   7.9   0.0   0.0  10.5  41.8   13:45   WSW
15  12.2  19.3   14:45   7.2    6:15   6.2   0.1   0.0  11.1  43.5   15:15    SW
16   8.5  11.4   15:50   5.5    7:05   9.8   0.0   0.0   5.6  22.5   12:05   NNW
17   7.4   9.9   13:45   4.2    5:25  10.9   0.0   0.0   6.1  32.2   12:20   NNW
18   8.3  12.9   14:25   5.2    6:35  10.0   0.0   0.0   6.3  24.1   14:50   NNE
19   8.4  13.8   17:25   3.2    4:50   9.9   0.0   0.0   5.5  19.3    0:05    NE
20   9.7  15.5   15:35   4.2    5:20   8.6   0.0   0.0   5.1  24.1   14:20   NNW
21   8.2  13.3   11:25   3.6    6:35  10.1   0.0   0.2   7.1  30.6   15:35   WNW
22   7.8   9.9   16:55   5.2    2:05  10.5   0.0   0.0   8.2  32.2   12:05   WNW
23   9.2  13.7   18:05   6.2   23:55   9.1   0.0   0.0   4.2  20.9   13:20   WNW
24  10.9  17.8   17:25   3.5    4:45   7.4   0.0   0.0   6.4  33.8   12:45   WSW
25  11.7  13.8   14:45   9.6   00:00   6.6   0.0   1.2   9.3  33.8   16:00    SW
26   8.2   9.8    9:15   6.3   12:45  10.1   0.0   0.8   5.3  29.0   12:20    NE
27   7.8  10.4   12:10   3.2   00:00  10.5   0.0   0.0   6.8  30.6   13:30   NNW
28   5.0  10.2   15:20  -1.0    5:00  13.3   0.0   2.8   7.1  43.5   19:40   WSW
29   8.3  13.3   15:55   2.9    5:50  10.0   0.0   2.4   8.4  37.0   13:55    SW
30   7.9  12.7   15:20   4.0    6:05  10.4   0.0   4.0   9.0  40.2   13:10    SW
-------------------------------------------------------------------------------------
     8.1  19.3    15    -1.0    28   306.1   0.1  28.0   7.5  59.5     1      SW

Max >=  32.0:  0
Max <=   0.0:  0
Min <=   0.0:  1
Min <= -18.0:  0
Max Rain: 7.19 ON 01-04-15
Days of Rain: 13 (> .2 mm) 5 (> 2 mm) 0 (> 20 mm)
Heat Base:  18.3  Cool Base:  18.3  Method: Integration
Bovenstaande data zijn de metingen van weerstation Eelde. Onderstaand de data van alle KNMI stations voor de betreffende maand. De linker afbeeldingen zijn de gemiddeldes van de maand, de middelste afbeeldingen de langjarig gemiddeldes en de rechter afbeeldingen de afwijking van de maand t.o.v. het langjarig gemiddelde.

klik om te vergroten   klik om te vergroten   klik om te vergroten

klik om te vergroten   klik om te vergroten   klik om te vergroten

klik om te vergroten   klik om te vergroten   klik om te vergroten