MONTHLY CLIMATOLOGICAL SUMMARY for OCT. 2014

NAME: Eelde   CITY: Eelde   STATE: Drenthe 
ELEV:     3 m  LAT:  53 08' 16" N  LONG:   6 34' 20" E

                   TEMPERATURE (C), RAIN  (mm), WIND SPEED (km/hr)

                                      HEAT  COOL        AVG
    MEAN                              DEG   DEG         WIND                 DOM
DAY TEMP  HIGH   TIME   LOW    TIME   DAYS  DAYS  RAIN  SPEED HIGH   TIME    DIR
------------------------------------------------------------------------------------
 1  15.2  19.4   15:05  11.1    8:05   3.3   0.1   1.2   3.2  20.9   13:15    SW
 2  16.0  17.9   16:00  14.1   23:05   2.3   0.0   2.2   0.5   6.4   13:45   NNE
 3  16.1  21.1   17:30  13.3    8:20   2.7   0.5   0.0   1.1  16.1   15:45   WSW
 4  16.0  21.1   16:20  11.6    7:30   2.9   0.5   0.2   5.3  27.4   15:25   ESE
 5  13.1  14.9    0:05  12.1   11:35   5.2   0.0   1.2   4.5  20.9    3:40    NW
 6  13.4  15.6   15:20  11.4    9:45   4.9   0.0   0.0   6.1  27.4   12:20     E
 7  12.9  15.7   13:50  10.2   23:40   5.4   0.0   6.2  12.2  74.0   14:15    SW
 8  11.7  15.6   00:00   8.2    8:15   6.6   0.0   1.6   8.2  30.6   21:45    SE
 9  14.8  17.7   16:15  12.8    2:35   3.5   0.0   2.4   9.2  33.8   15:25    SW
10  14.1  17.8   15:30  11.2   00:00   4.2   0.0   0.0   8.5  30.6   14:30    SW
11  11.8  16.3   14:00   8.7    8:25   6.5   0.0   2.6   1.1  16.1   19:10    SW
12  11.7  14.1   13:55  10.1    8:15   6.6   0.0   0.0   4.3  20.9    1:40    SW
13  14.2  17.9   15:50  11.8    3:55   4.1   0.0   0.4   3.2  17.7    0:25     E
14  12.0  14.3   14:10   8.9    7:45   6.3   0.0   1.4   4.5  22.5   15:05    SE
15  13.3  15.9   14:30  10.2   23:55   5.0   0.0   1.2   7.2  27.4    3:10    SW
16  12.2  16.4   17:25   9.4    2:10   6.1   0.0   1.8   3.2  19.3   17:05    SW
17  14.1  17.7   16:25  11.7    2:30   4.2   0.0   1.8   4.8  25.7   14:55    SW
18  15.6  19.9   16:45  11.9    5:20   2.9   0.2   0.0   6.9  29.0   11:55    SE
19  17.0  19.9   12:45  15.0   23:30   1.4   0.1   0.4  11.1  41.8   13:40    SW
20  14.2  16.1   12:30  11.8   23:50   4.1   0.0   4.4  11.3  41.8    2:25   WSW
21  11.4  12.6    5:40   8.2   22:50   6.9   0.0  14.8  11.4  43.5   16:10    SW
22  10.4  11.9   12:00   8.8    5:20   7.8   0.0   2.4  14.3  57.9    0:55   WNW
23  11.1  13.2   16:00   8.8    2:00   7.2   0.0   0.2   5.8  25.7   23:10    SW
24  11.7  12.8   13:25  10.7   19:45   6.6   0.0   2.0   9.0  27.4    4:45     S
25  12.0  14.6   15:20   9.0   00:00   6.3   0.0   0.2   6.0  25.7    4:00    SW
26  11.7  14.6   12:25   8.3    2:50   6.6   0.0   0.0   8.0  35.4   12:45    SW
27  12.8  15.8   14:35  10.4    7:10   5.5   0.0   0.0   7.4  29.0   13:00    SW
28  10.1  14.3   15:10   7.1   22:50   8.3   0.0   0.2   7.4  29.0   23:30     S
29   9.6  11.7   14:35   8.1    0:05   8.7   0.0   1.0   5.6  30.6    0:25    SW
30   9.8  13.3   21:35   5.9    5:40   8.5   0.0   0.2   3.7  19.3   20:40   ESE
31  12.9  16.4   15:50  11.0    4:35   5.3   0.0   0.2   3.9  17.7    7:15    SW
-------------------------------------------------------------------------------------
    13.0  21.1     3     5.9    30   166.0   1.5  50.2   6.4  74.0     7      SW

Max >=  32.0:  0
Max <=   0.0:  0
Min <=   0.0:  0
Min <= -18.0:  0
Max Rain: 14.81 ON 21-10-14
Days of Rain: 24 (> .2 mm) 8 (> 2 mm) 0 (> 20 mm)
Heat Base:  18.3  Cool Base:  18.3  Method: Integration
t Base:  18.3  Cool Base:  18.3  Method: Integration

Bovenstaande data zijn de metingen van weerstation Eelde. Onderstaand de data van alle KNMI stations voor de betreffende maand. De linker afbeeldingen zijn de gemiddeldes van de maand, de middelste afbeeldingen de langjarig gemiddeldes en de rechter afbeeldingen de afwijking van de maand t.o.v. het langjarig gemiddelde.

klik om te vergroten   klik om te vergroten   klik om te vergroten

klik om te vergroten   klik om te vergroten   klik om te vergroten

klik om te vergroten   klik om te vergroten   klik om te vergroten