MONTHLY CLIMATOLOGICAL SUMMARY for MAR. 2014
NAME: Eelde CITY: Eelde STATE: Drenthe
ELEV: 3 m LAT: 53° 08' 16" N LONG: 6° 34' 20" E
TEMPERATURE (°C), RAIN (mm), WIND SPEED (km/hr)
HEAT COOL AVG
MEAN DEG DEG WIND DOM
DAY TEMP HIGH TIME LOW TIME DAYS DAYS RAIN SPEED HIGH TIME DIR
------------------------------------------------------------------------------------
1 4.2 6.9 16:15 2.2 4:30 14.1 0.0 3.6 3.9 17.7 6:05 E
2 5.4 9.3 14:45 2.2 3:20 12.9 0.0 0.0 7.2 35.4 12:35 SW
3 5.1 8.4 11:40 2.6 5:50 13.2 0.0 0.0 8.5 33.8 8:45 ESE
4 6.5 12.4 15:35 0.6 3:55 11.8 0.0 0.2 3.4 19.3 11:55 ESE
5 6.6 10.8 13:35 2.7 23:30 11.7 0.0 0.0 3.1 19.3 12:45 WNW
6 7.1 12.6 15:00 1.9 1:40 11.2 0.0 0.2 5.0 29.0 13:00 SW
7 8.1 12.2 13:50 4.6 6:25 10.2 0.0 0.0 9.2 40.2 13:50 SW
8 7.7 14.2 16:10 -0.7 5:40 10.6 0.0 0.2 5.1 22.5 13:55 ESE
9 12.7 19.4 16:15 6.4 6:55 5.7 0.1 0.0 6.9 30.6 12:10 SSE
10 9.7 15.8 15:30 6.0 23:45 8.6 0.0 0.0 6.1 29.0 21:15 NNE
11 7.4 12.6 14:25 4.4 7:30 10.9 0.0 0.0 9.2 29.0 2:35 NE
12 7.7 14.6 16:40 1.1 7:05 10.7 0.0 0.0 4.5 19.3 11:30 NE
13 7.2 14.2 14:45 0.4 6:15 11.2 0.0 0.0 2.6 22.5 15:15 WNW
14 6.1 9.1 14:55 4.6 8:05 12.2 0.0 0.0 7.1 37.0 23:10 WSW
15 8.6 9.9 15:40 7.4 3:55 9.7 0.0 1.8 18.8 56.3 10:35 WNW
16 9.5 11.1 14:15 7.9 20:55 8.8 0.0 0.2 15.6 49.9 0:15 W
17 9.7 11.4 14:55 8.3 23:00 8.6 0.0 0.0 12.7 37.0 1:15 WSW
18 8.9 11.4 13:30 7.6 20:00 9.4 0.0 6.6 12.2 38.6 14:15 WSW
19 9.6 12.5 15:05 7.5 5:35 8.7 0.0 0.0 16.7 45.1 12:40 WSW
20 12.9 19.7 16:25 6.9 5:15 5.5 0.1 0.0 13.8 43.5 15:05 SW
21 7.5 11.3 0:15 4.3 22:40 10.8 0.0 17.6 9.5 40.2 1:00 SW
22 6.3 10.1 15:40 3.3 5:50 11.9 0.0 0.0 10.9 40.2 10:40 SW
23 4.6 8.7 12:00 2.1 6:20 13.7 0.0 4.0 6.3 25.7 12:25 SW
24 5.0 9.1 12:30 1.3 23:45 13.3 0.0 1.0 4.5 25.7 13:55 WNW
25 4.4 9.9 14:50 -1.3 5:30 13.8 0.0 0.2 2.9 22.5 15:25 NNE
26 5.6 10.3 16:00 2.5 5:35 12.8 0.0 0.4 4.0 22.5 15:15 WNW
27 7.3 12.2 15:40 3.2 5:40 11.0 0.0 0.0 10.8 37.0 13:00 ENE
28 7.7 13.8 14:30 3.0 5:35 10.6 0.0 0.0 10.0 29.0 9:35 E
29 10.6 18.1 16:20 4.2 6:00 7.7 0.0 0.0 7.1 22.5 7:55 E
30 11.8 18.5 15:30 6.8 6:35 6.3 0.0 0.0 4.2 16.1 17:20 E
31 9.8 16.0 15:35 6.7 5:45 8.5 0.0 0.0 4.7 16.1 9:15 NE
-------------------------------------------------------------------------------------
7.8 19.7 20 -1.3 25 326.1 0.2 36.0 8.0 56.3 15 SW
Max >= 32.0: 0
Max <= 0.0: 0
Min <= 0.0: 2
Min <= -18.0: 0
Max Rain: 17.60 ON 21-03-14
Days of Rain: 12 (> .2 mm) 4 (> 2 mm) 0 (> 20 mm)
Heat Base: 18.3 Cool Base: 18.3 Method: Integration
Bovenstaande data zijn de metingen van weerstation Eelde. Onderstaand de data van alle KNMI stations voor de betreffende maand.
De linker afbeeldingen zijn de gemiddeldes van de maand, de middelste afbeeldingen de langjarig gemiddeldes en de rechter
afbeeldingen de afwijking van de maand t.o.v. het langjarig gemiddelde.
|