MONTHLY CLIMATOLOGICAL SUMMARY for JUL. 2014

NAME: Eelde   CITY: Eelde   STATE: Drenthe 
ELEV:     3 m  LAT:  53 08' 16" N  LONG:   6 34' 20" E

                   TEMPERATURE (C), RAIN  (mm), WIND SPEED (km/hr)

                                      HEAT  COOL        AVG
    MEAN                              DEG   DEG         WIND                 DOM
DAY TEMP  HIGH   TIME   LOW    TIME   DAYS  DAYS  RAIN  SPEED HIGH   TIME    DIR
------------------------------------------------------------------------------------
 1  13.9  17.9   15:05   9.8    5:55   4.4   0.0   1.0   7.1  32.2   14:45   WNW
 2  14.7  19.2   18:55   9.6    3:40   3.6   0.0   0.0   5.0  25.7   13:10   WSW
 3  18.0  24.4   17:45  10.3    3:05   2.6   2.3   0.0   7.4  37.0   13:40    SW
 4  22.2  28.4   16:55  14.2    5:50   0.8   4.7   0.0   5.1  30.6   10:30    SW
 5  20.7  25.1   13:10  17.6   23:30   0.0   2.4   2.4   6.9  38.6   13:40    SW
 6  20.9  26.4   16:45  16.3   23:55   0.3   2.9   2.8   7.6  35.4   13:35   SSE
 7  17.9  23.5   16:05  13.9    6:15   1.5   1.1   0.0   5.8  24.1    9:05    SW
 8  15.1  17.6    9:30  12.5   19:15   3.2   0.0   8.6   6.9  33.8   21:10    NE
 9  17.6  24.0   17:20  12.9    0:05   1.8   1.0   2.8   7.9  29.0    2:00   WNW
10  22.3  27.5   18:35  16.8    5:20   0.2   4.2   0.2   3.1  16.1   12:20    NE
11  22.2  27.7   16:15  17.2    5:40   0.1   4.0   0.0   4.5  24.1   17:50    NE
12  19.9  24.1   13:25  14.5    5:40   0.7   2.3   0.0   2.6  17.7   13:50     E
13  18.9  23.3   16:25  15.5    5:35   0.7   1.3   0.0   6.3  25.7   15:20   WSW
14  18.4  20.7   11:20  15.2   00:00   0.5   0.6   0.0   8.0  27.4   12:10   WSW
15  17.2  20.9   16:50  13.4    3:05   1.7   0.5   0.0   6.8  25.7   16:50    SW
16  18.0  23.7   17:40  11.2    6:05   1.9   1.6   0.0   3.1  20.9   16:35    SW
17  20.8  26.6   14:25  15.5    6:30   0.7   3.2   0.0   4.2  20.9   16:25     E
18  23.6  30.8   18:40  16.3    6:05   0.4   5.7   0.0   3.4  17.7   14:10    NE
19  27.1  34.2   16:45  19.8    6:10   0.0   8.8   0.0   5.8  30.6   13:55     E
20  24.4  28.6   14:25  19.6   23:40   0.0   6.1   7.2   6.4  24.1   14:55     E
21  19.9  21.5   20:30  18.8    5:00   0.0   1.6  11.4   2.7  22.5   17:40   NNE
22  21.9  26.1   16:45  16.5    6:05   0.2   3.8   0.0   6.4  29.0   14:45    NE
23  22.8  26.7   14:00  17.9    5:45   0.0   4.5   0.0   6.8  29.0   14:45    NE
24  21.7  26.7   15:10  16.1    5:55   0.3   3.7   1.2   5.5  22.5   10:25    NE
25  19.2  21.7   16:10  17.7   12:15   0.0   0.9   5.2   1.6  24.1   17:00    NE
26  20.1  24.5   18:15  17.2    4:35   0.2   1.9   0.2   2.4  16.1    8:05   ESE
27  20.6  24.9   17:30  17.1    5:05   0.2   2.5   0.6   4.5  27.4   12:20   WNW
28  20.4  25.4   14:30  16.3    4:10   0.4   2.5   0.0   4.8  29.0   17:15    NE
29  21.6  26.0   14:20  18.3    5:45   0.0   3.2   0.0   6.0  29.0   19:50   NNE
30  18.9  22.2   15:00  15.0   00:00   0.7   1.3   0.0   6.3  27.4   16:45   WNW
31  18.7  24.6   16:45  12.7    4:55   1.7   2.1   0.0   5.6  27.4   15:00    SW
-------------------------------------------------------------------------------------
    20.0  34.2    19     9.6     2    28.8  80.9  43.6   5.4  38.6     5      NE

Max >=  32.0:  1
Max <=   0.0:  0
Min <=   0.0:  0
Min <= -18.0:  0
Max Rain: 11.40 ON 21-07-14
Days of Rain: 12 (> .2 mm) 7 (> 2 mm) 0 (> 20 mm)
Heat Base:  18.3  Cool Base:  18.3  Method: Integration

Bovenstaande data zijn de metingen van weerstation Eelde. Onderstaand de data van alle KNMI stations voor de betreffende maand. De linker afbeeldingen zijn de gemiddeldes van de maand, de middelste afbeeldingen de langjarig gemiddeldes en de rechter afbeeldingen de afwijking van de maand t.o.v. het langjarig gemiddelde.

klik om te vergroten   klik om te vergroten   klik om te vergroten

klik om te vergroten   klik om te vergroten   klik om te vergroten

klik om te vergroten   klik om te vergroten   klik om te vergroten