MONTHLY CLIMATOLOGICAL SUMMARY for FEB. 2014

NAME: Eelde   CITY: Eelde   STATE: Drenthe 
ELEV:     3 m  LAT:  53 08' 16" N  LONG:   6 34' 20" E

                   TEMPERATURE (C), RAIN  (mm), WIND SPEED (km/hr)

                                      HEAT  COOL        AVG
    MEAN                              DEG   DEG         WIND                 DOM
DAY TEMP  HIGH   TIME   LOW    TIME   DAYS  DAYS  RAIN  SPEED HIGH   TIME    DIR
------------------------------------------------------------------------------------
 1   5.1   7.4   15:50   3.3    7:40  13.2   0.0   3.4  11.6  37.0   10:00    SE
 2   5.3   7.9   15:30   2.9    7:55  13.0   0.0   0.0   9.0  32.2    2:00     S
 3   3.2   7.2   15:15   0.2    8:40  15.1   0.0   0.0   6.8  29.0   19:40     E
 4   4.8   9.2   15:40   1.7    7:35  13.5   0.0   0.0   8.5  32.2   12:20   ESE
 5   5.6   9.3   15:10   1.9    2:00  12.7   0.0   0.2  11.9  40.2   13:55   ESE
 6   7.7   8.9   14:05   5.7   22:45  10.6   0.0   3.2  14.8  45.1   12:50    SW
 7   7.2   9.6   10:00   4.6   00:00  11.1   0.0  14.6  14.3  46.7   15:05    SW
 8   6.1   8.0   17:20   3.8    2:10  12.2   0.0   2.2  13.8  51.5   10:10     S
 9   5.5   6.4   18:25   3.9   12:05  12.8   0.0   4.0  19.2  56.3   10:40    SW
10   4.6   7.1   14:45   2.2    6:50  13.7   0.0   0.0   5.3  29.0    1:00   SSE
11   4.6   7.6   14:15   1.2    6:25  13.7   0.0   1.2   7.9  48.3   18:20    SW
12   4.8   8.3   16:00   2.2    8:05  13.5   0.0   1.4  12.2  67.6   20:35     S
13   5.3   7.3   14:10   2.8   00:00  13.0   0.0   3.2  13.2  49.9    2:05    SW
14   4.5   7.8   14:20   1.8    8:05  13.8   0.0   2.6  11.6  43.5   19:55    SW
15   9.5  10.9    6:00   5.9    0:10   8.8   0.0   1.4  25.3  67.6   14:55    SW
16   6.1   8.0   15:10   3.6   22:10  12.2   0.0   1.2  17.5  53.1   14:15   WSW
17   4.2   8.3   14:45   0.4    6:35  14.1   0.0   0.0   3.9  20.9   13:30    SW
18   5.9   8.4   14:15   3.9    5:20  12.4   0.0   1.2   5.6  22.5   11:45   SSE
19   7.1   9.6   14:05   5.3    0:05  11.2   0.0   0.4   9.7  30.6   17:25    SW
20   7.5   9.4   12:00   4.8    5:50  10.8   0.0   3.4   9.7  38.6   12:55     S
21   6.8   9.2    0:40   4.7   23:45  11.5   0.0   1.2  11.4  37.0   15:40    SW
22   5.7   9.3   15:45   3.5    6:25  12.6   0.0   0.2  10.8  35.4   15:35    SW
23   7.1  10.8   14:55   3.6    4:55  11.3   0.0   0.0  10.8  40.2   13:25     S
24   7.8  12.6   15:15   3.0    7:00  10.5   0.0   0.0   8.2  32.2   13:40   SSE
25   8.8  12.2   15:10   6.1    6:45   9.5   0.0   0.2   8.4  33.8   15:15   SSE
26   7.6  10.9   16:20   4.6   00:00  10.7   0.0   0.8   6.3  37.0    2:25    SW
27   5.4   9.6   14:20   2.8    7:05  12.9   0.0   1.6   9.3  38.6   13:35   SSE
28   4.8   7.3   15:30   3.1   23:55  13.5   0.0   0.0   4.8  17.7    3:50    NE
-------------------------------------------------------------------------------------
     6.0  12.6    24     0.2     3   343.8   0.0  47.6  10.8  67.6    12      SW

Max >=  32.0:  0
Max <=   0.0:  0
Min <=   0.0:  0
Min <= -18.0:  0
Max Rain: 14.60 ON 07-02-14
Days of Rain: 20 (> .2 mm) 8 (> 2 mm) 0 (> 20 mm)
Heat Base:  18.3  Cool Base:  18.3  Method: Integration

Bovenstaande data zijn de metingen van weerstation Eelde. Onderstaand de data van alle KNMI stations voor de betreffende maand. De linker afbeeldingen zijn de gemiddeldes van de maand, de middelste afbeeldingen de langjarig gemiddeldes en de rechter afbeeldingen de afwijking van de maand t.o.v. het langjarig gemiddelde.

klik om te vergroten   klik om te vergroten   klik om te vergroten

klik om te vergroten   klik om te vergroten   klik om te vergroten

klik om te vergroten   klik om te vergroten   klik om te vergroten