MONTHLY CLIMATOLOGICAL SUMMARY for DEC. 2014

NAME: Eelde   CITY: Eelde   STATE: Drenthe 
ELEV:     3 m  LAT:  53 08' 16" N  LONG:   6 34' 20" E

                   TEMPERATURE (C), RAIN  (mm), WIND SPEED (km/hr)

                                      HEAT  COOL        AVG
    MEAN                              DEG   DEG         WIND                 DOM
DAY TEMP  HIGH   TIME   LOW    TIME   DAYS  DAYS  RAIN  SPEED HIGH   TIME    DIR
------------------------------------------------------------------------------------
 1  -0.3   0.5   11:40  -1.3   23:50  18.6   0.0   0.0   9.3  29.0   16:00     E
 2  -0.9   0.1   13:45  -1.8    6:00  19.2   0.0   0.0   5.6  29.0    5:15     E
 3  -1.1  -0.1   15:05  -2.4    6:55  19.4   0.0   0.0   6.1  27.4   14:05   ENE
 4  -0.4   0.6   23:55  -2.1    0:05  18.7   0.0   0.0   5.0  20.9    8:20     E
 5   2.7   4.3   15:00   0.6    0:05  15.7   0.0   0.0   5.3  25.7   12:00    SW
 6   4.0   8.6   15:00   1.2   00:00  14.3   0.0   0.6   2.7  17.7   11:10   WSW
 7   3.4   5.8   18:35   1.1    2:00  14.9   0.0   4.2   9.3  33.8   15:35    SW
 8   2.9   5.4   13:55   0.7   00:00  15.4   0.0   2.4   8.2  27.4    5:55    SW
 9   0.6   4.0   23:45  -1.7    8:20  17.7   0.0   0.2   6.6  35.4   21:40    SW
10   5.4   7.7   13:05   3.9    4:20  12.9   0.0   5.0  15.8  54.7    1:50    SW
11   4.7   6.6   13:55   2.4   15:20  13.6   0.0   4.8  17.7  69.2   18:10    SW
12   6.4   9.2   12:55   3.8   23:35  11.9   0.0  11.4  17.4  66.0   11:55    SW
13   3.6   5.5   13:25   1.3   23:55  14.7   0.0   0.8   7.2  29.0    1:15    SW
14   2.7   5.2   13:55   1.2    1:25  15.6   0.0   0.2   9.2  41.8   19:10    SW
15   4.8   6.7   14:50   3.2    3:15  13.5   0.0   3.2  11.7  40.2    6:10    SW
16   3.9   6.7   13:00   1.7   21:30  14.4   0.0   3.2   8.9  45.1   13:05    SW
17   5.9   9.6   16:35   1.5    0:25  12.3   0.0   3.0   9.5  33.8    8:55    SW
18  10.4  11.4   18:15   8.4    0:05   7.9   0.0   4.2  16.1  51.5   23:20    SW
19   8.8  11.4    1:15   6.5   19:20   9.5   0.0  10.4  18.2  48.3   21:35   WSW
20   6.8   8.2   12:25   4.5   16:50  11.5   0.0   2.8  20.9  74.0   11:45   WSW
21   7.0   9.4   23:55   4.6    3:35  11.3   0.0   0.0  15.9  59.5   23:55   WSW
22  11.2  12.3   13:35   9.1    0:05   7.1   0.0   4.2  28.5  69.2   10:05   WSW
23  10.7  11.4   13:35   9.1   00:00   7.6   0.0   2.0  24.8  59.5   13:30   WSW
24   7.7   9.5    9:05   4.9   20:10  10.6   0.0   4.8  16.7  51.5    3:00   WSW
25   5.2   7.5   13:45   0.6   00:00  13.1   0.0   2.4  12.2  48.3   16:15   WSW
26  -0.5   2.0    1:10  -3.2    9:20  18.8   0.0   0.2   2.1  30.6    1:05    SE
27   0.4   1.4    2:10  -1.5   23:55  17.8   0.0   0.0  12.4  33.8   14:05   ENE
28   0.1   3.2   13:55  -2.8    6:05  18.2   0.0   0.8   5.5  30.6    0:05   WSW
29   3.2   4.6   23:50   1.8   18:30  15.1   0.0   1.6   6.1  41.8    2:15   WSW
30   5.3   6.2   23:55   4.2    3:05  13.0   0.0   1.0   6.6  25.7    5:10   WSW
31   5.7   7.6   13:15   2.2   23:25  12.6   0.0   0.2   8.2  29.0   14:15   WSW
-------------------------------------------------------------------------------------
     4.2  12.3    22    -3.2    26   437.0   0.0  73.5  11.3  74.0    20      SW

Max >=  32.0:  0
Max <=   0.0:  1
Min <=   0.0:  8
Min <= -18.0:  0
Max Rain: 11.40 ON 12-12-14
Days of Rain: 24 (> .2 mm) 15 (> 2 mm) 0 (> 20 mm)
Heat Base:  18.3  Cool Base:  18.3  Method: Integration

Bovenstaande data zijn de metingen van weerstation Eelde. Onderstaand de data van alle KNMI stations voor de betreffende maand. De linker afbeeldingen zijn de gemiddeldes van de maand, de middelste afbeeldingen de langjarig gemiddeldes en de rechter afbeeldingen de afwijking van de maand t.o.v. het langjarig gemiddelde.

klik om te vergroten   klik om te vergroten   klik om te vergroten

klik om te vergroten   klik om te vergroten   klik om te vergroten

klik om te vergroten   klik om te vergroten   klik om te vergroten