MONTHLY CLIMATOLOGICAL SUMMARY for SEP. 2013

NAME: Eelde   CITY: Eelde   STATE: Drenthe 
ELEV:     3 m  LAT:  53 08' 16" N  LONG:   6 34' 20" E

                   TEMPERATURE (C), RAIN  (mm), WIND SPEED (km/hr)

                                      HEAT  COOL        AVG
    MEAN                              DEG   DEG         WIND                 DOM
DAY TEMP  HIGH   TIME   LOW    TIME   DAYS  DAYS  RAIN  SPEED HIGH   TIME    DIR
------------------------------------------------------------------------------------
 1  13.9  17.2   13:30   9.4    5:10   4.3   0.0   0.0   8.7  35.4   11:35   WSW
 2  16.2  18.2   14:20  13.8    0:05   2.2   0.0   0.0  11.1  35.4   13:35     W
 3  17.8  20.4   13:15  14.7    1:50   1.0   0.5   0.0   5.0  22.5    9:40   WNW
 4  18.7  23.4   14:55  14.2    7:20   1.1   1.5   0.0   1.1  12.9   10:40     E
 5  21.1  29.6   17:30  14.2    7:00   1.3   4.1   0.2   4.0  24.1   15:15     E
 6  21.6  29.5   15:30  16.6   00:00   0.2   3.4   0.8   4.8  24.1   18:15     E
 7  17.2  20.8   11:15  14.3    5:30   1.7   0.6   4.6   1.4  14.5   18:40     W
 8  14.0  17.6   19:30  11.8   23:55   4.3   0.0  29.0   3.4  24.1   11:40   WNW
 9  13.1  17.4   16:30  10.6    6:50   5.2   0.0   0.4   3.5  29.0   14:30    SW
10  12.4  15.0   17:15  10.8   10:05   5.9   0.0  10.0   2.7  16.1    7:25   WNW
11  13.1  16.3   16:55  10.2    6:15   5.2   0.0   2.4   4.0  29.0   10:50    NW
12  14.4  19.0   15:00  10.1    4:35   3.9   0.0   0.0   1.6  17.7   15:05   WNW
13  14.2  19.8   14:20   8.9    7:20   4.2   0.1   0.2   4.2  22.5   19:00    SW
14  14.5  18.1   15:35  12.0   23:45   3.8   0.0  15.0   6.9  33.8   18:15   SSE
15  12.6  16.3   14:25   9.3    7:40   5.7   0.0   2.8   8.2  33.8   23:55    SW
16  11.2  14.3   13:25   7.2   22:20   7.1   0.0   3.4  11.3  43.5   15:10    SW
17  10.6  14.7   15:20   7.5    1:25   7.7   0.0   4.2  11.9  41.8   13:00    SW
18  11.1  15.7   15:10   8.2    2:15   7.2   0.0   0.8   5.5  27.4   14:35     W
19  10.9  15.2   13:30   7.7    5:55   7.4   0.0   0.6   7.2  29.0   13:35    SW
20  13.3  16.3   13:50  10.4   00:00   5.0   0.0   0.6   6.8  35.4   12:20   WSW
21  13.3  16.3   14:10   9.7    1:15   5.0   0.0   0.4   3.7  17.7   16:15    SW
22  15.9  21.2   15:35  13.1    0:30   2.7   0.3   0.4   7.6  29.0   12:55    SW
23  15.4  18.5   14:40  12.0   23:35   2.9   0.0   0.2   5.3  22.5    8:50   WSW
24  13.7  16.8   15:50  10.5    4:45   4.6   0.0   0.2   2.1  14.5   14:35   WSW
25  14.4  16.3   14:55  13.1    6:40   3.9   0.0   0.2   1.8  11.3    7:20     E
26  12.0  14.1    0:05   7.6   23:45   6.3   0.0   0.2   4.8  25.7    8:40    NE
27   9.9  16.1   17:20   4.3    7:55   8.4   0.0   0.0   1.4  12.9   11:45     E
28  10.9  16.0   15:30   6.2    7:35   7.4   0.0   0.2   3.4  22.5   12:55     E
29  10.9  15.4   16:50   7.1    7:25   7.3   0.0   0.0   8.5  41.8   15:50     E
30   9.8  14.3   16:30   5.8    7:40   8.5   0.0   0.0   6.3  29.0   15:15     E
-------------------------------------------------------------------------------------
    13.9  29.6     5     4.3    27   141.3  10.6  76.8   5.3  43.5    16      SW

Max >=  32.0:  0
Max <=   0.0:  0
Min <=   0.0:  0
Min <= -18.0:  0
Max Rain: 29.01 ON 08-09-13
Bovenstaande data zijn de metingen van weerstation Eelde. Onderstaand de data van alle KNMI stations voor de betreffende maand. De linker afbeeldingen zijn de gemiddeldes van de maand, de middelste afbeeldingen de langjarig gemiddeldes en de rechter afbeeldingen de afwijking van de maand t.o.v. het langjarig gemiddelde.

klik om te vergroten   klik om te vergroten   klik om te vergroten

klik om te vergroten   klik om te vergroten   klik om te vergroten

klik om te vergroten   klik om te vergroten   klik om te vergroten