MONTHLY CLIMATOLOGICAL SUMMARY for NOV. 2013

NAME: Eelde   CITY: Eelde   STATE: Drenthe 
ELEV:     3 m  LAT:  53 08' 16" N  LONG:   6 34' 20" E

                   TEMPERATURE (C), RAIN  (mm), WIND SPEED (km/hr)

                                      HEAT  COOL        AVG
    MEAN                              DEG   DEG         WIND                 DOM
DAY TEMP  HIGH   TIME   LOW    TIME   DAYS  DAYS  RAIN  SPEED HIGH   TIME    DIR
------------------------------------------------------------------------------------
 1  10.7  11.3   12:35   9.7    0:05   7.7   0.0   3.4   9.5  30.6   11:35    SW
 2   9.6  11.6   23:00   8.3    8:10   8.7   0.0   4.0   5.0  32.2   22:20    SW
 3   9.3  11.5   12:10   6.3   22:45   9.0   0.0   1.2  15.8  53.1   12:05    SW
 4   6.9   8.4   13:20   5.8   17:55  11.3   0.0  13.6   6.4  29.0    0:40   WSW
 5   6.7   9.1   12:45   5.3   16:00  11.6   0.0   4.8   9.0  32.2   17:25    SW
 6   8.1   9.6   13:20   5.7    6:15  10.2   0.0   4.8   8.4  43.5    1:15   WSW
 7  10.6  13.4    4:10   7.7   22:05   7.7   0.0   5.4  10.0  51.5    2:05   WSW
 8   7.5   9.3   13:25   5.2    7:55  10.8   0.0   6.0   3.7  19.3   11:15    SW
 9   7.6   9.9   14:30   3.9   23:55  10.7   0.0  18.4  12.1  51.5    5:10   WSW
10   5.8   8.5   14:55   2.9    2:50  12.5   0.0   4.4   6.1  32.2   13:10   WNW
11   6.2   9.7   13:35   1.4    7:20  12.1   0.0   0.0   5.8  32.2   00:00     S
12   6.6   8.2    0:05   5.5    5:55  11.7   0.0   4.0   7.9  41.8    3:15    SW
13   6.1  10.6   13:40   3.4    8:00  12.3   0.0   0.2   4.7  22.5   13:40   WSW
14   6.2   7.6   00:00   5.3    0:15  12.2   0.0   2.6   6.8  25.7    5:20    SW
15   7.6  11.4   13:05   4.1   00:00  10.8   0.0   0.4   1.6  16.1   14:05   WNW
16   5.7   7.7   18:20   3.1    5:10  12.6   0.0   0.2   5.3  22.5   11:40    SW
17   7.8   9.3   14:55   6.7    5:00  10.5   0.0   0.0   2.7  12.9    0:35    SW
18   5.8   7.4    0:05   4.9   19:40  12.5   0.0   0.4   4.8  22.5   22:25    SW
19   5.5   8.2   14:25   2.7   00:00  12.8   0.0   2.0   6.0  32.2   14:40    SW
20   2.9   5.6   13:35  -0.4    8:20  15.4   0.0   0.2   5.1  24.1   18:30    SE
21   1.8   5.1   14:00  -0.3    7:30  16.5   0.0   0.2   5.0  20.9    0:15    NE
22   4.2   5.7   13:20   1.6    0:05  14.1   0.0   0.2   4.8  19.3   11:55   NNE
23   5.3   7.7   14:55   2.8   20:20  13.0   0.0   0.0   2.4  17.7   12:30   NNE
24   5.8   7.5   11:05   4.2   19:50  12.5   0.0   1.0   5.8  33.8   11:10   NNW
25   4.4   6.9   12:15   1.6   19:55  13.9   0.0   1.2   3.4  30.6   12:15   WNW
26   5.1   7.7   13:25   2.6    2:00  13.2   0.0   0.2   2.7  12.9   13:25     W
27   7.0   9.1   23:20   4.9    3:40  11.3   0.0   0.4   8.0  27.4   11:15   WSW
28   8.4   9.1   12:55   7.7   22:45   9.9   0.0   0.2   6.6  24.1   15:40   WNW
29   6.2   8.1   13:40   3.9   21:10  12.1   0.0  10.8  12.9  49.9   14:35   WSW
30   6.3   8.8   13:35   4.2    4:20  12.0   0.0   1.6   5.1  24.1    6:15     W
-------------------------------------------------------------------------------------
     6.6  13.4     7    -0.4    20   351.2   0.0  91.8   6.4  53.1     3      SW

Max >=  32.0:  0
Max <=   0.0:  0
Min <=   0.0:  2
Min <= -18.0:  0
Max Rain: 18.39 ON 09-11-13
Days of Rain: 27 (> .2 mm) 13 (> 2 mm) 0 (> 20 mm)
Heat Base:  18.3  Cool Base:  18.3  Method: Integration

Bovenstaande data zijn de metingen van weerstation Eelde. Onderstaand de data van alle KNMI stations voor de betreffende maand. De linker afbeeldingen zijn de gemiddeldes van de maand, de middelste afbeeldingen de langjarig gemiddeldes en de rechter afbeeldingen de afwijking van de maand t.o.v. het langjarig gemiddelde.

klik om te vergroten   klik om te vergroten   klik om te vergroten

klik om te vergroten   klik om te vergroten   klik om te vergroten

klik om te vergroten   klik om te vergroten   klik om te vergroten