MONTHLY CLIMATOLOGICAL SUMMARY for MAR. 2013
NAME: Eelde CITY: Eelde STATE: Drenthe
ELEV: 3 m LAT: 53° 08' 16" N LONG: 6° 34' 20" E
TEMPERATURE (°C), RAIN (mm), WIND SPEED (km/hr)
HEAT COOL AVG
MEAN DEG DEG WIND DOM
DAY TEMP HIGH TIME LOW TIME DAYS DAYS RAIN SPEED HIGH TIME DIR
------------------------------------------------------------------------------------
1 3.2 3.9 10:15 0.2 00:00 15.1 0.0 0.4 6.4 30.6 10:45 NNW
2 1.4 4.0 12:35 -2.3 3:50 16.9 0.0 0.0 4.7 22.5 12:40 WNW
3 3.7 6.3 14:35 -1.1 00:00 14.6 0.0 1.0 3.5 17.7 10:50 WNW
4 2.8 10.1 16:30 -3.7 6:50 15.4 0.0 0.0 5.1 22.5 11:05 E
5 7.9 16.3 16:20 1.1 6:35 10.4 0.0 0.0 4.3 17.7 9:50 ESE
6 8.1 13.7 16:00 3.6 6:50 10.2 0.0 0.0 4.2 17.7 00:00 ESE
7 5.9 9.3 14:45 2.9 6:05 12.4 0.0 0.4 11.3 37.0 20:10 E
8 3.4 4.3 0:05 1.8 23:55 14.9 0.0 0.2 14.0 35.4 10:30 E
9 0.8 1.7 0:05 -0.1 23:35 17.5 0.0 8.2 12.7 35.4 1:15 E
10 -1.1 -0.1 0:05 -2.8 00:00 19.4 0.0 0.0 15.1 40.2 12:50 NE
11 -2.9 -1.3 13:55 -4.2 7:30 21.2 0.0 0.0 14.6 37.0 6:00 NE
12 -2.9 -0.2 15:15 -5.7 23:10 21.2 0.0 0.0 7.7 30.6 9:50 NE
13 -0.9 4.4 15:20 -5.8 1:50 19.2 0.0 0.0 6.0 27.4 16:20 SW
14 -0.7 1.5 15:35 -3.3 21:15 19.0 0.0 0.2 4.7 24.1 8:20 NNE
15 -0.7 3.1 15:05 -4.7 5:35 19.0 0.0 0.2 7.7 37.0 14:50 SSE
16 3.9 7.4 16:10 0.5 6:10 14.4 0.0 1.6 12.1 37.0 10:45 SSE
17 2.4 4.1 2:55 0.3 00:00 15.8 0.0 0.8 12.2 35.4 16:45 ESE
18 3.7 9.2 16:05 0.1 2:00 14.6 0.0 2.4 8.0 32.2 12:55 E
19 0.3 1.9 13:30 -1.2 6:45 18.0 0.0 0.0 9.2 27.4 11:25 NE
20 -0.7 0.4 15:35 -2.1 4:35 19.0 0.0 0.0 8.4 27.4 9:45 NE
21 -0.1 2.3 14:05 -2.5 22:55 18.4 0.0 0.4 4.7 22.5 17:10 NE
22 -0.9 0.8 17:20 -2.9 7:05 19.2 0.0 0.0 12.1 40.2 13:45 E
23 -2.3 -0.1 15:55 -4.1 00:00 20.7 0.0 0.0 19.6 56.3 10:00 E
24 -1.6 2.8 15:45 -5.3 6:00 19.9 0.0 0.0 18.5 49.9 11:35 E
25 -0.8 2.6 14:55 -3.6 6:25 19.1 0.0 0.0 15.4 41.8 11:40 ENE
26 -0.2 4.0 15:10 -3.6 5:55 18.5 0.0 0.0 13.5 40.2 13:55 NE
27 0.4 5.4 16:30 -4.2 6:25 17.9 0.0 0.0 10.9 35.4 10:40 ENE
28 -0.8 0.9 14:30 -2.8 6:15 19.1 0.0 0.4 7.6 22.5 10:30 NE
29 -0.3 1.8 13:10 -1.9 6:05 18.6 0.0 0.0 3.1 16.1 17:00 NE
30 0.4 3.1 15:50 -1.6 23:25 17.9 0.0 0.6 4.3 25.7 12:10 NNE
31 0.5 2.9 15:30 -1.8 0:45 17.0 0.0 0.0 4.5 19.3 13:50 NE
-------------------------------------------------------------------------------------
1.0 16.3 5 -5.8 13 534.5 0.0 16.8 9.2 56.3 23 NE
Max >= 32.0: 0
Max <= 0.0: 4
Min <= 0.0: 23
Min <= -18.0: 0
Max Rain: 8.20 ON 09-03-13
Days of Rain: 13 (> .2 mm) 2 (> 2 mm) 0 (> 20 mm)
Heat Base: 18.3 Cool Base: 18.3 Method: Integration
Bovenstaande data zijn de metingen van weerstation Eelde. Onderstaand de data van alle KNMI stations voor de betreffende maand.
De linker afbeeldingen zijn de gemiddeldes van de maand, de middelste afbeeldingen de langjarig gemiddeldes en de rechter
afbeeldingen de afwijking van de maand t.o.v. het langjarig gemiddelde.
|