MONTHLY CLIMATOLOGICAL SUMMARY for JUL. 2013
NAME: Eelde CITY: Eelde STATE: Drenthe
ELEV: 3 m LAT: 53° 08' 16" N LONG: 6° 34' 20" E
TEMPERATURE (°C), RAIN (mm), WIND SPEED (km/hr)
HEAT COOL AVG
MEAN DEG DEG WIND DOM
DAY TEMP HIGH TIME LOW TIME DAYS DAYS RAIN SPEED HIGH TIME DIR
------------------------------------------------------------------------------------
1 15.8 18.8 15:30 12.7 00:00 2.5 0.0 0.2 8.2 27.4 10:50 SW
2 15.9 21.2 16:25 8.6 5:00 2.9 0.5 0.0 2.9 17.7 11:45 SW
3 17.1 20.1 12:55 14.7 5:25 1.4 0.2 0.8 4.0 17.7 10:40 SW
4 17.9 22.6 16:45 15.3 5:40 1.2 0.8 0.0 7.4 30.6 17:55 SW
5 17.6 21.9 16:15 13.2 00:00 1.5 0.7 0.0 4.5 20.9 15:40 SW
6 16.8 22.0 18:45 9.6 5:40 2.7 1.1 0.0 2.3 16.1 17:45 NE
7 17.5 23.6 15:25 11.9 5:45 2.2 1.3 0.0 3.4 20.9 16:35 NE
8 17.1 21.5 13:45 12.8 5:40 2.0 0.8 0.0 5.1 24.1 14:50 NNE
9 16.5 20.7 16:10 12.9 3:10 2.3 0.4 0.0 5.0 22.5 19:55 NNE
10 14.7 15.7 7:20 12.4 5:10 3.6 0.0 0.0 7.2 30.6 16:00 NW
11 15.0 18.4 15:10 12.7 6:00 3.3 0.0 0.0 6.0 24.1 17:30 NW
12 14.8 17.4 17:45 12.2 3:45 3.4 0.0 0.0 3.9 20.9 18:35 WNW
13 15.9 19.3 15:30 13.8 5:35 2.4 0.1 0.0 4.3 22.5 16:25 NW
14 15.8 18.1 15:10 12.3 00:00 2.5 0.0 0.0 5.1 27.4 12:10 WNW
15 17.0 23.2 15:35 10.4 3:55 2.8 1.5 0.0 3.5 25.7 16:10 WNW
16 18.4 24.9 15:45 12.5 4:45 2.0 2.2 0.0 2.7 17.7 16:00 WNW
17 19.1 24.7 16:00 12.3 5:50 1.5 2.3 0.0 2.1 17.7 15:00 NE
18 19.4 23.9 15:40 14.2 5:05 1.0 2.0 0.0 3.2 19.3 15:30 NE
19 19.2 22.7 13:15 14.7 3:55 0.8 1.7 0.0 6.4 27.4 11:15 NNW
20 19.1 25.0 16:45 15.7 6:40 0.8 1.6 0.0 5.0 22.5 18:40 NE
21 21.9 29.6 17:10 14.5 5:40 0.9 4.5 0.0 3.7 20.9 16:10 NE
22 24.2 31.9 16:30 16.7 6:10 0.2 6.1 0.0 3.1 19.3 19:15 NE
23 24.8 31.8 15:50 17.9 5:55 0.0 6.5 0.0 4.2 17.7 10:55 NE
24 21.1 24.3 16:55 18.4 5:35 0.0 2.8 3.0 1.9 22.5 11:35 W
25 21.5 28.7 18:00 15.3 6:00 0.6 3.8 9.6 2.6 33.8 21:00 SW
26 19.9 23.8 11:05 16.4 6:40 0.3 1.9 4.2 1.4 17.7 15:35 NNE
27 20.9 25.9 13:10 18.7 15:05 0.0 2.6 7.8 1.6 40.2 14:00 E
28 20.3 22.6 15:50 17.2 23:55 0.0 2.0 5.2 6.9 35.4 12:00 SW
29 19.8 24.4 12:00 15.3 5:50 0.8 2.3 0.0 6.0 29.0 15:15 SW
30 17.4 21.5 15:35 15.3 4:35 1.4 0.5 10.4 7.4 37.0 13:20 SW
31 18.1 21.9 13:55 15.4 7:00 1.2 0.9 3.4 7.9 33.8 14:25 WSW
-------------------------------------------------------------------------------------
18.4 31.9 22 8.6 2 48.2 51.4 44.6 4.5 40.2 27 SW
Max >= 32.0: 0
Max <= 0.0: 0
Min <= 0.0: 0
Min <= -18.0: 0
Max Rain: 10.39 ON 30-07-13
Days of Rain: 9 (> .2 mm) 7 (> 2 mm) 0 (> 20 mm)
Heat Base: 18.3 Cool Base: 18.3 Method: Integration
Bovenstaande data zijn de metingen van weerstation Eelde. Onderstaand de data van alle KNMI stations voor de betreffende maand.
De linker afbeeldingen zijn de gemiddeldes van de maand, de middelste afbeeldingen de langjarig gemiddeldes en de rechter
afbeeldingen de afwijking van de maand t.o.v. het langjarig gemiddelde.
|