MONTHLY CLIMATOLOGICAL SUMMARY for FEB. 2013
NAME: Eelde CITY: Eelde STATE: Drenthe
ELEV: 3 m LAT: 53° 08' 16" N LONG: 6° 34' 20" E
TEMPERATURE (°C), RAIN (mm), WIND SPEED (km/hr)
HEAT COOL AVG
MEAN DEG DEG WIND DOM
DAY TEMP HIGH TIME LOW TIME DAYS DAYS RAIN SPEED HIGH TIME DIR
------------------------------------------------------------------------------------
1 5.0 6.8 11:45 2.6 22:55 13.3 0.0 3.8 9.0 45.1 0:05 WSW
2 3.8 5.2 12:25 2.1 3:15 14.5 0.0 2.0 10.1 45.1 14:30 WNW
3 4.1 6.6 22:15 1.8 9:20 14.2 0.0 2.2 13.4 46.7 13:15 WSW
4 6.8 8.6 14:00 5.6 00:00 11.5 0.0 4.4 16.9 61.2 12:30 WSW
5 2.3 5.7 0:05 -0.5 00:00 16.0 0.0 6.2 12.7 51.5 5:30 SW
6 1.1 5.3 13:30 -2.8 5:55 17.2 0.0 0.6 4.3 33.8 22:10 WNW
7 1.5 4.0 16:00 0.2 7:10 16.8 0.0 1.8 4.0 30.6 0:35 WNW
8 0.4 2.3 13:25 -0.7 23:50 17.9 0.0 2.2 3.5 22.5 12:10 WNW
9 -0.8 2.6 17:00 -3.6 4:35 19.1 0.0 0.0 0.8 11.3 14:45 SW
10 -0.9 0.9 15:50 -2.3 23:35 19.2 0.0 0.6 8.2 27.4 15:30 E
11 -1.4 0.6 15:40 -2.9 6:40 19.7 0.0 0.0 14.5 48.3 13:00 E
12 -0.4 1.2 14:15 -2.2 8:30 18.7 0.0 0.0 7.4 30.6 1:10 NE
13 -0.5 0.5 14:40 -1.7 23:25 18.8 0.0 0.0 2.1 14.5 23:55 ESE
14 -1.1 0.6 14:20 -2.5 5:00 19.3 0.0 0.2 10.0 33.8 14:50 SE
15 2.1 3.9 20:35 -0.3 0:05 16.2 0.0 1.4 4.3 20.9 0:35 SW
16 3.2 4.9 14:45 1.7 00:00 15.1 0.0 0.2 2.6 16.1 8:35 NE
17 1.2 2.3 15:10 -0.4 3:15 17.1 0.0 0.0 1.0 12.9 15:30 E
18 2.2 3.6 15:40 1.2 7:00 16.1 0.0 0.0 1.6 8.0 0:30 ESE
19 2.2 4.3 13:05 0.3 00:00 16.1 0.0 1.6 7.4 30.6 19:20 NE
20 0.2 1.3 11:05 -1.3 2:45 18.1 0.0 0.0 7.9 22.5 10:05 NE
21 -1.3 0.1 14:30 -3.4 23:50 19.6 0.0 0.0 6.6 22.5 15:05 NE
22 -1.7 0.2 13:40 -3.4 0:05 20.0 0.0 0.0 9.0 27.4 10:10 NE
23 -1.1 0.3 14:30 -3.7 6:20 19.4 0.0 0.0 10.1 33.8 11:00 NE
24 0.2 0.9 00:00 -0.4 5:30 18.2 0.0 0.2 11.6 37.0 4:55 NE
25 1.6 2.3 13:10 0.8 0:05 16.8 0.0 0.0 10.0 27.4 13:20 NE
26 1.7 3.5 13:15 0.6 23:40 16.6 0.0 0.0 8.2 20.9 1:20 NE
27 0.9 4.0 15:50 -0.4 8:20 17.4 0.0 0.0 5.5 20.9 4:20 NE
28 2.1 4.7 13:05 -0.1 0:35 16.2 0.0 0.0 2.6 16.1 18:20 NW
-------------------------------------------------------------------------------------
1.2 8.6 4 -3.7 23 479.0 0.0 27.5 7.3 61.2 4 NE
Max >= 32.0: 0
Max <= 0.0: 0
Min <= 0.0: 18
Min <= -18.0: 0
Max Rain: 6.20 ON 05-02-13
Days of Rain: 14 (> .2 mm) 6 (> 2 mm) 0 (> 20 mm)
Heat Base: 18.3 Cool Base: 18.3 Method: Integration
Bovenstaande data zijn de metingen van weerstation Eelde. Onderstaand de data van alle KNMI stations voor de betreffende maand.
De linker afbeeldingen zijn de gemiddeldes van de maand, de middelste afbeeldingen de langjarig gemiddeldes en de rechter
afbeeldingen de afwijking van de maand t.o.v. het langjarig gemiddelde.
|