MONTHLY CLIMATOLOGICAL SUMMARY for AUG. 2013
NAME: Eelde CITY: Eelde STATE: Drenthe
ELEV: 3 m LAT: 53° 08' 16" N LONG: 6° 34' 20" E
TEMPERATURE (°C), RAIN (mm), WIND SPEED (km/hr)
HEAT COOL AVG
MEAN DEG DEG WIND DOM
DAY TEMP HIGH TIME LOW TIME DAYS DAYS RAIN SPEED HIGH TIME DIR
------------------------------------------------------------------------------------
1 22.6 29.6 18:45 15.6 2:35 0.6 4.9 0.2 4.7 25.7 13:40 SW
2 25.9 34.4 18:35 18.8 6:30 0.0 7.6 0.0 5.1 29.0 13:10 E
3 21.3 23.9 0:10 15.9 00:00 0.1 3.1 0.0 9.7 40.2 14:25 SW
4 19.6 25.2 18:20 13.1 4:35 1.4 2.6 0.0 5.0 25.7 14:10 SW
5 22.7 29.1 17:20 15.5 6:30 0.5 4.9 0.0 4.5 30.6 22:30 ESE
6 18.5 21.3 0:05 14.4 00:00 0.6 0.8 9.6 7.2 57.9 0:55 SW
7 14.7 18.5 11:20 12.0 4:20 3.6 0.0 21.6 4.3 29.0 19:00 NE
8 16.4 19.7 15:20 13.1 23:30 2.1 0.2 0.6 7.1 33.8 12:30 WNW
9 16.7 22.6 15:05 10.7 5:10 2.6 1.0 0.6 3.5 22.5 11:10 SW
10 16.9 20.4 12:00 14.6 21:40 1.6 0.2 0.2 6.9 33.8 16:50 SW
11 15.7 20.8 15:40 11.2 6:25 2.9 0.3 4.0 6.4 32.2 16:20 SW
12 15.7 19.5 16:05 12.3 00:00 2.6 0.1 0.0 7.9 33.8 20:05 SW
13 14.2 18.0 17:15 10.9 6:30 4.1 0.0 7.8 8.0 40.2 12:40 SW
14 14.3 19.0 17:30 10.4 6:10 4.0 0.0 0.0 4.8 27.4 13:05 WSW
15 15.4 20.1 11:35 9.7 6:10 3.2 0.3 1.4 4.0 22.5 15:20 SW
16 19.6 25.3 15:50 15.9 4:00 0.7 2.1 1.0 6.8 32.2 15:10 SW
17 18.8 22.8 16:45 15.4 7:15 0.9 1.5 3.2 5.8 27.4 13:25 SW
18 17.8 21.4 14:05 14.1 00:00 1.0 0.6 5.0 8.4 38.6 3:40 SW
19 15.5 20.9 10:25 12.4 00:00 2.9 0.1 7.8 2.6 27.4 13:55 WNW
20 15.4 19.6 16:55 10.6 4:15 3.1 0.2 0.2 3.2 19.3 11:15 WSW
21 16.8 22.8 17:45 9.9 6:10 2.8 1.4 0.0 2.9 22.5 15:25 SW
22 18.6 24.1 13:55 12.7 6:20 1.7 2.0 0.0 1.4 16.1 13:35 SW
23 18.5 22.4 16:50 14.4 7:05 1.0 1.2 0.0 4.0 27.4 13:40 E
24 19.4 23.8 15:10 15.1 7:20 0.8 1.9 0.0 7.4 29.0 14:50 E
25 19.3 24.4 17:05 15.4 6:55 0.8 1.8 0.0 4.0 19.3 15:25 NE
26 17.8 22.6 17:25 12.4 7:10 1.8 1.3 0.0 4.3 24.1 13:05 NE
27 17.3 22.9 14:35 11.5 6:10 2.2 1.2 0.0 2.6 17.7 13:05 NE
28 18.1 23.2 16:35 13.3 00:00 1.6 1.4 0.0 2.4 20.9 17:30 NNE
29 16.3 23.1 16:20 10.0 6:30 3.2 1.2 0.0 3.2 22.5 16:25 SW
30 17.3 23.2 15:15 12.3 4:55 2.2 1.3 0.0 4.7 29.0 15:20 SW
31 16.6 19.5 12:05 11.7 23:40 1.8 0.1 0.4 7.9 30.6 15:40 SW
-------------------------------------------------------------------------------------
17.9 34.4 2 9.7 15 58.4 45.2 63.6 5.2 57.9 6 SW
Max >= 32.0: 1
Max <= 0.0: 0
Min <= 0.0: 0
Min <= -18.0: 0
Max Rain: 21.59 ON 07-08-13
Days of Rain: 15 (> .2 mm) 7 (> 2 mm) 1 (> 20 mm)
Heat Base: 18.3 Cool Base: 18.3 Method: Integration
Bovenstaande data zijn de metingen van weerstation Eelde. Onderstaand de data van alle KNMI stations voor de betreffende maand.
De linker afbeeldingen zijn de gemiddeldes van de maand, de middelste afbeeldingen de langjarig gemiddeldes en de rechter
afbeeldingen de afwijking van de maand t.o.v. het langjarig gemiddelde.
|