MONTHLY CLIMATOLOGICAL SUMMARY for OCT. 2012
NAME: Eelde CITY: Eelde STATE: Drenthe
ELEV: 3 m LAT: 53° 08' 16" N LONG: 6° 34' 20" E
TEMPERATURE (°C), RAIN (mm), WIND SPEED (km/hr)
HEAT COOL AVG
MEAN DEG DEG WIND DOM
DAY TEMP HIGH TIME LOW TIME DAYS DAYS RAIN SPEED HIGH TIME DIR
------------------------------------------------------------------------------------
1 13.0 16.7 16:35 10.3 2:10 5.3 0.0 0.8 7.9 29.0 13:55 SW
2 14.4 17.2 15:50 12.6 8:25 3.9 0.0 1.0 9.3 32.2 15:25 SW
3 12.4 13.8 14:40 10.9 22:05 5.9 0.0 7.4 10.1 37.0 12:45 SW
4 10.6 13.6 14:10 8.5 22:20 7.7 0.0 3.2 7.2 49.9 14:25 SW
5 11.2 15.2 13:15 9.2 0:05 7.1 0.0 11.2 10.3 59.5 12:25 SW
6 10.4 13.9 14:55 7.3 23:55 7.9 0.0 5.4 6.0 30.6 15:55 SW
7 9.5 13.7 13:35 6.1 7:00 8.8 0.0 0.2 7.4 38.6 14:55 WSW
8 7.8 13.0 14:05 3.8 00:00 10.5 0.0 0.0 3.1 16.1 11:45 SW
9 8.6 12.7 13:00 3.4 0:40 9.7 0.0 0.0 4.5 29.0 13:00 WNW
10 8.5 12.3 16:05 3.8 23:40 9.8 0.0 0.4 2.6 20.9 11:10 SW
11 7.6 13.4 16:35 1.9 5:00 10.8 0.0 0.2 4.5 25.7 15:35 E
12 8.9 13.0 16:05 6.7 5:25 9.4 0.0 10.6 11.7 43.5 19:00 E
13 8.3 10.5 17:50 5.8 7:50 10.0 0.0 6.4 6.1 29.0 19:30 SW
14 8.4 11.2 16:25 6.8 5:25 9.9 0.0 1.6 10.9 40.2 13:40 SW
15 9.4 12.2 16:20 7.2 3:20 8.8 0.0 1.4 9.0 33.8 21:40 SW
16 10.0 12.4 17:30 8.4 11:00 8.3 0.0 1.0 12.4 40.2 12:30 SW
17 10.5 13.9 16:45 7.1 6:35 7.8 0.0 0.8 7.7 29.0 15:05 SSE
18 15.0 17.3 15:00 12.6 1:50 3.3 0.0 0.8 5.3 30.6 12:20 SSE
19 15.5 20.2 16:20 12.4 8:35 3.0 0.2 3.2 2.7 30.6 11:35 SW
20 14.6 16.8 14:10 12.2 23:30 3.8 0.0 0.2 4.7 32.2 11:50 SW
21 12.5 13.2 00:00 12.1 9:30 5.8 0.0 0.0 5.5 25.7 12:30 NE
22 14.8 18.6 15:05 12.5 9:50 3.5 0.0 0.0 2.3 14.5 0:05 E
23 12.6 13.9 15:15 11.7 23:40 5.8 0.0 0.2 2.7 16.1 12:25 E
24 11.4 12.4 14:20 10.7 6:20 6.9 0.0 2.4 1.3 11.3 1:05 NE
25 9.7 11.4 11:50 7.3 23:55 8.6 0.0 2.2 5.0 29.0 14:05 WNW
26 3.7 7.3 0:05 -0.4 21:50 14.6 0.0 0.2 2.6 19.3 0:30 NE
27 3.3 7.5 16:45 -0.2 1:10 15.0 0.0 1.6 3.4 27.4 19:50 NNE
28 4.2 9.1 15:00 -0.1 7:15 13.2 0.0 1.4 5.6 32.2 23:35 SW
29 6.1 8.1 22:00 4.1 8:45 12.2 0.0 10.0 10.8 32.2 3:05 SW
30 6.4 9.1 13:15 3.3 7:25 11.8 0.0 1.2 3.5 19.3 14:05 SW
31 7.0 11.6 14:40 3.8 4:50 11.3 0.0 0.0 7.9 30.6 12:05 S
-------------------------------------------------------------------------------------
9.9 20.2 19 -0.4 26 260.3 0.2 75.0 6.3 59.5 5 SW
Max >= 32.0: 0
Max <= 0.0: 0
Min <= 0.0: 3
Min <= -18.0: 0
Max Rain: 11.20 ON 05-10-12
Days of Rain: 26 (> .2 mm) 10 (> 2 mm) 0 (> 20 mm)
Heat Base: 18.3 Cool Base: 18.3 Method: Integration
Bovenstaande data zijn de metingen van weerstation Eelde. Onderstaand de data van alle KNMI stations voor de betreffende maand.
De linker afbeeldingen zijn de gemiddeldes van de maand, de middelste afbeeldingen de langjarig gemiddeldes en de rechter
afbeeldingen de afwijking van de maand t.o.v. het langjarig gemiddelde.
|