MONTHLY CLIMATOLOGICAL SUMMARY for MAR. 2012

NAME: Eelde   CITY: Eelde   STATE: Drenthe 
ELEV:     3 m  LAT:  53 08' 16" N  LONG:   6 34' 20" E

                   TEMPERATURE (C), RAIN  (mm), WIND SPEED (km/hr)

                                      HEAT  COOL        AVG
    MEAN                              DEG   DEG         WIND                 DOM
DAY TEMP  HIGH   TIME   LOW    TIME   DAYS  DAYS  RAIN  SPEED HIGH   TIME    DIR
------------------------------------------------------------------------------------
 1   7.7   9.2   18:05   6.4    4:05  10.6   0.0   0.0   5.0  20.9    0:20    SW
 2   4.6   7.2    0:05   2.1    6:10  13.7   0.0   0.0   3.9  19.3   18:10     E
 3   7.3   9.0   16:50   5.3    0:05  10.9   0.0   0.2   8.7  29.0    5:40   ESE
 4   7.7   9.7   16:10   6.2    9:25  10.6   0.0   0.8   5.0  20.9   20:40     E
 5   6.2   7.8    0:20   4.8   23:55  12.1   0.0   0.8   8.9  25.7    8:35     E
 6   5.9   8.8   14:30   2.4    5:45  12.4   0.0   0.0   3.9  12.9    1:25     E
 7   4.3   6.4    0:05   3.1    6:20  14.0   0.0   6.2  10.3  45.1   13:50    SW
 8   5.3   8.3   13:55   2.8   23:40  13.0   0.0   0.2   8.5  30.6   10:35   WNW
 9   6.7  10.5   12:50   2.9    0:05  11.6   0.0   0.0  11.4  41.8   15:15    SW
10   8.6  11.6   14:00   7.2   21:15   9.7   0.0   1.0  10.3  30.6   14:05     W
11   8.3  12.3   13:00   6.2   23:50  10.0   0.0   0.2   9.7  35.4   14:05     W
12   7.3  10.5   11:35   5.3    7:55  10.9   0.0   0.0   6.8  29.0   14:40   WNW
13   7.7   9.0   13:40   6.3   23:45  10.6   0.0   0.0   5.0  19.3   12:55   WNW
14   6.5   7.1   13:35   5.9    7:45  11.8   0.0   0.0   2.6  11.3    5:45     W
15   8.3  14.5   17:20   3.2    6:30  10.0   0.0   0.0   3.1  17.7   13:45    SE
16   6.9   9.5   15:55   3.2   23:20  11.4   0.0   0.0   5.8  27.4    9:25    SW
17   8.7  11.6   14:50   4.0    0:05   9.6   0.0   0.0   6.0  24.1   13:35    SW
18   7.0   9.1    0:45   3.6   00:00  11.3   0.0   0.2  11.4  53.1   14:05     W
19   5.5  10.8   14:50   0.7    6:30  12.8   0.0   0.2   8.2  35.4   13:15   WSW
20   7.9  13.2   14:50   3.6    4:40  10.4   0.0   0.0  10.3  33.8   10:55    SW
21  10.1  15.7   15:35   6.5   00:00   8.2   0.0   0.0   4.0  19.3   12:15    SW
22   9.3  15.1   14:25   5.0    6:10   9.0   0.0   0.0   5.0  20.9   18:40    NE
23   9.4  16.5   15:25   4.1    6:40   8.9   0.0   0.0   4.7  16.1   11:40    NE
24   7.4  13.6   12:15   4.4   23:35  10.9   0.0   0.0   3.9  17.7   12:30   NNE
25   7.8  13.9   16:45   3.5    4:35  10.1   0.0   0.0   4.5  19.3   15:25   WNW
26   8.6  14.7   15:50   3.5    7:25   9.7   0.0   0.0   4.5  20.9   13:20    NW
27   9.2  15.9   14:30   3.6    4:35   9.1   0.0   0.0   5.0  25.7   14:20   WNW
28  10.3  17.8   15:15   4.4    7:05   8.0   0.0   0.0   7.2  32.2   16:25     W
29   8.3   9.8   15:45   7.0    0:40  10.0   0.0   0.0  15.8  51.5   12:40   WNW
30   8.1  10.1   14:00   7.1   20:15  10.2   0.0   0.0  16.3  46.7    7:15   WNW
31   6.2   8.2    0:55   1.9   23:45  12.1   0.0   0.4  13.8  48.3   11:40   WNW
-------------------------------------------------------------------------------------
     7.5  17.8    28     0.7    19   333.6   0.0  10.2   7.4  53.1    18     WNW

Max >=  32.0:  0
Max <=   0.0:  0
Min <=   0.0:  0
Min <= -18.0:  0
Max Rain: 6.20 ON 07-03-12
Days of Rain: 10 (> .2 mm) 1 (> 2 mm) 0 (> 20 mm)
Heat Base:  18.3  Cool Base:  18.3  Method: Integration

Bovenstaande data zijn de metingen van weerstation Eelde. Onderstaand de data van alle KNMI stations voor de betreffende maand. De linker afbeeldingen zijn de gemiddeldes van de maand, de middelste afbeeldingen de langjarig gemiddeldes en de rechter afbeeldingen de afwijking van de maand t.o.v. het langjarig gemiddelde.

klik om te vergroten   klik om te vergroten   klik om te vergroten

klik om te vergroten   klik om te vergroten   klik om te vergroten

klik om te vergroten   klik om te vergroten   klik om te vergroten