MONTHLY CLIMATOLOGICAL SUMMARY for MAY. 2012
NAME: Eelde CITY: Eelde STATE: Drenthe
ELEV: 3 m LAT: 53° 08' 16" N LONG: 6° 34' 20" E
TEMPERATURE (°C), RAIN (mm), WIND SPEED (km/hr)
HEAT COOL AVG
MEAN DEG DEG WIND DOM
DAY TEMP HIGH TIME LOW TIME DAYS DAYS RAIN SPEED HIGH TIME DIR
------------------------------------------------------------------------------------
1 14.5 19.6 18:00 11.4 7:45 3.9 0.1 0.0 7.6 30.6 6:35 NE
2 13.7 18.6 17:15 8.3 5:55 4.6 0.0 0.0 5.5 25.7 16:35 NE
3 12.2 14.7 12:35 9.4 6:10 6.1 0.0 0.0 5.1 22.5 13:30 NE
4 9.9 11.7 0:05 6.6 00:00 8.3 0.0 0.4 6.1 25.7 14:00 SW
5 7.9 10.4 15:35 6.3 4:25 10.4 0.0 0.6 6.4 25.7 11:15 NNE
6 7.3 9.4 12:20 5.7 5:05 10.9 0.0 0.0 5.8 27.4 14:25 NE
7 8.5 12.8 19:20 2.3 5:30 9.8 0.0 0.0 3.4 19.3 11:40 NE
8 11.9 17.5 14:55 7.2 1:35 6.4 0.0 3.0 6.3 29.0 15:05 SW
9 15.0 18.7 14:55 12.3 1:35 3.3 0.0 7.6 6.4 30.6 13:20 SW
10 17.2 20.4 18:40 14.3 1:05 1.5 0.5 6.2 11.1 45.1 12:15 SW
11 14.6 18.8 0:20 8.4 00:00 3.8 0.0 0.2 16.1 48.3 10:15 SW
12 8.1 10.4 12:20 5.2 6:05 10.2 0.0 0.2 9.8 43.5 12:55 WNW
13 8.9 14.8 17:15 2.1 5:50 9.4 0.0 0.0 4.5 22.5 17:10 SW
14 10.5 15.8 15:15 6.2 6:10 7.8 0.0 0.0 8.9 38.6 12:45 SW
15 8.6 11.3 17:35 7.1 22:55 9.7 0.0 2.2 5.8 22.5 12:35 WNW
16 7.6 10.5 14:00 4.3 23:50 10.7 0.0 4.4 12.9 51.5 15:25 WNW
17 9.3 14.2 17:55 3.2 6:10 9.0 0.0 0.0 5.1 22.5 10:50 SW
18 13.1 18.3 16:00 8.6 6:20 5.2 0.0 0.0 7.1 29.0 14:55 E
19 15.1 19.4 16:20 11.8 6:00 3.3 0.1 0.0 4.0 25.7 11:40 NNE
20 16.9 22.4 17:40 10.7 6:10 2.5 1.1 0.0 4.2 17.7 12:25 NE
21 19.1 25.6 15:15 12.4 6:05 1.5 2.3 0.0 4.5 22.5 14:20 NE
22 21.7 28.2 15:15 15.8 2:45 0.7 4.0 0.0 5.8 24.1 12:15 NE
23 21.5 27.8 18:10 15.7 6:00 0.3 3.5 0.0 4.5 33.8 20:50 NE
24 21.1 26.3 17:50 16.3 6:10 0.2 3.0 0.0 6.0 22.5 14:40 NE
25 18.8 23.9 15:00 13.4 5:50 1.2 1.8 0.0 6.9 29.0 15:15 NE
26 18.7 24.7 15:55 12.1 5:45 1.8 2.1 0.0 5.8 24.1 19:00 NE
27 19.0 25.0 13:10 12.6 5:40 1.6 2.3 0.0 3.7 20.9 13:25 NE
28 17.8 23.9 13:40 13.4 00:00 2.0 1.5 0.0 5.1 27.4 16:15 WNW
29 13.3 16.1 14:35 9.7 00:00 5.0 0.0 0.0 7.7 27.4 15:35 WNW
30 12.1 16.4 14:35 9.4 0:40 6.2 0.0 2.0 2.4 11.3 9:25 SW
31 13.2 15.3 16:20 12.1 0:10 5.1 0.0 24.2 4.3 29.0 19:35 W
-------------------------------------------------------------------------------------
13.8 28.2 22 2.1 13 162.5 22.2 51.0 6.4 51.5 16 NE
Max >= 32.0: 0
Max <= 0.0: 0
Min <= 0.0: 0
Min <= -18.0: 0
Max Rain: 24.21 ON 31-05-12
Days of Rain: 11 (> .2 mm) 7 (> 2 mm) 1 (> 20 mm)
Heat Base: 18.3 Cool Base: 18.3 Method: Integration
Bovenstaande data zijn de metingen van weerstation Eelde. Onderstaand de data van alle KNMI stations voor de betreffende maand.
De linker afbeeldingen zijn de gemiddeldes van de maand, de middelste afbeeldingen de langjarig gemiddeldes en de rechter
afbeeldingen de afwijking van de maand t.o.v. het langjarig gemiddelde.
|