MONTHLY CLIMATOLOGICAL SUMMARY for JUL. 2012
NAME: Eelde CITY: Eelde STATE: Drenthe
ELEV: 3 m LAT: 53° 08' 16" N LONG: 6° 34' 20" E
TEMPERATURE (°C), RAIN (mm), WIND SPEED (km/hr)
HEAT COOL AVG
MEAN DEG DEG WIND DOM
DAY TEMP HIGH TIME LOW TIME DAYS DAYS RAIN SPEED HIGH TIME DIR
------------------------------------------------------------------------------------
1 15.6 19.1 16:00 11.7 23:35 2.7 0.0 2.6 10.3 43.5 15:25 SW
2 15.8 20.4 15:35 10.5 2:55 2.9 0.4 0.0 4.7 22.5 12:00 SW
3 18.8 23.8 15:45 12.7 6:05 1.6 2.1 0.0 3.5 17.7 10:50 ESE
4 21.3 26.3 15:45 16.8 5:45 0.3 3.3 0.0 3.9 17.7 10:45 E
5 21.3 26.9 15:10 17.9 5:05 0.0 3.0 1.2 4.0 24.1 17:30 E
6 20.1 22.9 14:20 16.9 00:00 0.1 1.9 0.0 5.6 29.0 14:40 SW
7 19.8 24.6 15:45 14.7 6:15 0.8 2.3 0.0 4.2 22.5 13:10 SW
8 17.6 22.1 10:15 15.0 23:35 1.2 0.4 6.0 5.5 29.0 18:50 E
9 16.9 19.9 15:45 14.1 5:20 1.7 0.3 4.4 14.0 48.3 9:35 SW
10 16.4 20.1 14:55 13.9 4:10 2.1 0.2 2.6 7.1 30.6 13:50 SW
11 14.4 17.5 17:10 12.7 23:45 3.9 0.0 10.0 8.4 35.4 12:20 SW
12 13.6 16.1 16:50 11.0 00:00 4.7 0.0 4.6 8.7 37.0 13:55 SW
13 13.9 18.6 20:05 10.6 3:00 4.3 0.0 5.2 4.5 22.5 17:05 SE
14 14.6 17.7 18:05 12.1 4:15 3.7 0.0 2.2 5.6 25.7 13:10 SW
15 13.8 17.3 15:20 9.7 4:10 4.4 0.0 0.6 6.4 32.2 18:10 SW
16 14.0 18.5 13:40 10.4 2:35 4.3 0.0 10.4 8.7 40.2 13:40 SW
17 16.4 19.9 14:50 13.7 0:35 2.1 0.2 0.8 7.7 32.2 18:00 SW
18 15.9 18.1 14:50 14.5 19:35 2.4 0.0 5.8 10.8 48.3 12:20 SW
19 14.8 16.6 10:35 10.7 00:00 3.5 0.0 7.8 12.1 48.3 17:30 SW
20 13.2 16.7 14:20 10.1 2:10 5.1 0.0 0.4 7.4 29.0 9:50 SW
21 13.3 16.7 15:30 9.0 4:20 5.0 0.0 0.0 4.7 25.7 17:45 NW
22 15.4 20.6 19:40 8.4 5:55 3.4 0.4 0.0 2.6 16.1 12:25 SW
23 19.7 25.7 17:30 12.9 4:30 1.4 2.8 0.0 5.3 25.7 13:40 SW
24 21.7 28.3 18:25 13.1 5:45 0.9 4.3 0.0 1.9 16.1 14:45 ESE
25 22.0 28.4 15:10 15.3 6:15 0.4 4.0 0.0 2.9 19.3 16:15 NNE
26 18.7 22.6 14:25 14.8 00:00 0.9 1.3 0.0 5.3 20.9 11:40 NE
27 20.2 27.3 16:35 13.4 5:30 1.4 3.4 0.0 3.2 19.3 18:35 WNW
28 17.7 20.8 16:35 15.2 23:45 1.0 0.5 7.0 4.8 20.9 12:20 WNW
29 16.3 19.7 11:55 12.9 23:55 2.1 0.1 5.8 3.9 43.5 12:35 W
30 13.9 18.3 15:45 10.7 5:25 4.4 0.0 7.2 7.2 43.5 11:40 SW
31 14.0 16.9 11:25 10.0 6:20 4.3 0.0 0.4 4.0 29.0 12:30 SW
-------------------------------------------------------------------------------------
16.8 28.4 25 8.4 22 77.2 31.0 85.0 6.1 48.3 9 SW
Max >= 32.0: 0
Max <= 0.0: 0
Min <= 0.0: 0
Min <= -18.0: 0
Max Rain: 10.39 ON 16-07-12
Days of Rain: 19 (> .2 mm) 14 (> 2 mm) 0 (> 20 mm)
Heat Base: 18.3 Cool Base: 18.3 Method: Integration
Bovenstaande data zijn de metingen van weerstation Eelde. Onderstaand de data van alle KNMI stations voor de betreffende maand.
De linker afbeeldingen zijn de gemiddeldes van de maand, de middelste afbeeldingen de langjarig gemiddeldes en de rechter
afbeeldingen de afwijking van de maand t.o.v. het langjarig gemiddelde.
|