MONTHLY CLIMATOLOGICAL SUMMARY for DEC. 2012
NAME: Eelde CITY: Eelde STATE: Drenthe
ELEV: 3 m LAT: 53° 08' 16" N LONG: 6° 34' 20" E
TEMPERATURE (°C), RAIN (mm), WIND SPEED (km/hr)
HEAT COOL AVG
MEAN DEG DEG WIND DOM
DAY TEMP HIGH TIME LOW TIME DAYS DAYS RAIN SPEED HIGH TIME DIR
------------------------------------------------------------------------------------
1 2.8 5.2 12:45 1.2 0:10 15.5 0.0 4.4 9.0 38.6 13:45 SW
2 2.5 4.7 13:10 -1.4 22:40 15.8 0.0 2.2 3.2 27.4 4:15 WNW
3 1.4 5.9 20:55 -1.4 0:45 16.8 0.0 2.6 8.2 32.2 14:50 SW
4 3.4 5.8 13:40 0.6 23:50 14.8 0.0 8.8 9.0 41.8 14:35 SW
5 0.3 1.2 13:30 -1.1 6:40 18.0 0.0 2.8 7.1 53.1 22:50 SW
6 -0.8 0.7 14:50 -2.3 8:55 19.1 0.0 2.0 5.6 32.2 1:45 SW
7 -0.6 0.5 15:25 -4.4 00:00 18.9 0.0 0.0 10.3 37.0 5:00 ESE
8 -3.5 0.8 23:10 -7.9 9:00 21.8 0.0 0.2 4.2 24.1 23:10 SW
9 3.9 7.2 11:55 0.7 0:05 14.4 0.0 13.2 13.8 45.1 21:00 SW
10 2.4 4.9 1:05 -0.2 21:55 15.9 0.0 4.8 10.1 46.7 1:45 NNE
11 -0.1 1.2 12:20 -1.2 19:15 18.4 0.0 1.2 5.3 20.9 21:35 WSW
12 0.9 2.1 17:40 -0.2 00:00 17.4 0.0 1.8 4.0 24.1 17:35 SW
13 -1.5 -0.2 0:05 -3.6 22:20 19.8 0.0 0.2 4.2 16.1 4:35 E
14 0.9 7.7 00:00 -3.7 1:15 17.4 0.0 7.2 10.8 37.0 18:55 E
15 8.1 8.9 13:35 7.4 8:50 10.2 0.0 0.2 10.6 33.8 0:25 SW
16 7.0 7.9 0:05 6.3 22:00 11.3 0.0 5.4 7.1 27.4 10:25 SW
17 6.1 6.9 12:55 5.4 8:45 12.2 0.0 2.8 3.7 19.3 13:35 SE
18 5.2 5.9 0:05 4.3 4:40 13.1 0.0 1.2 1.9 14.5 8:25 SW
19 4.3 5.4 0:05 3.5 20:25 14.0 0.0 0.0 4.3 20.9 19:15 E
20 3.3 4.1 2:45 2.8 8:30 15.0 0.0 0.0 14.8 40.2 9:35 E
21 0.3 3.1 0:05 -0.8 23:10 18.0 0.0 2.0 11.1 37.0 0:35 E
22 1.2 4.8 23:55 -0.9 2:25 17.1 0.0 5.2 6.1 27.4 22:55 E
23 8.1 11.4 13:15 4.8 0:05 10.2 0.0 12.4 12.7 46.7 11:20 WSW
24 8.7 11.8 20:30 7.3 1:05 9.6 0.0 2.6 10.6 62.8 21:45 SW
25 7.5 8.4 16:05 6.7 10:00 10.8 0.0 13.8 9.7 45.1 20:00 SW
26 6.9 7.9 23:55 5.8 9:10 11.3 0.0 5.6 13.2 49.9 00:00 SW
27 6.6 8.7 1:50 2.7 00:00 11.8 0.0 2.2 11.6 46.7 1:30 WSW
28 2.7 9.2 00:00 -1.2 5:05 15.6 0.0 0.8 7.1 30.6 18:10 SE
29 10.4 11.8 13:25 9.2 0:05 7.8 0.0 0.0 14.3 40.2 18:45 SW
30 7.5 10.3 0:05 5.9 10:05 10.8 0.0 0.6 19.3 51.5 5:20 SW
31 9.1 10.0 18:05 8.2 1:00 9.2 0.0 4.2 21.9 59.5 7:20 SW
-------------------------------------------------------------------------------------
3.7 11.8 24 -7.9 8 452.0 0.0 110.4 9.2 62.8 24 SW
Max >= 32.0: 0
Max <= 0.0: 1
Min <= 0.0: 14
Min <= -18.0: 0
Max Rain: 13.79 ON 25-12-12
Days of Rain: 27 (> .2 mm) 19 (> 2 mm) 0 (> 20 mm)
Heat Base: 18.3 Cool Base: 18.3 Method: Integration
Bovenstaande data zijn de metingen van weerstation Eelde. Onderstaand de data van alle KNMI stations voor de betreffende maand.
De linker afbeeldingen zijn de gemiddeldes van de maand, de middelste afbeeldingen de langjarig gemiddeldes en de rechter
afbeeldingen de afwijking van de maand t.o.v. het langjarig gemiddelde.
|