MONTHLY CLIMATOLOGICAL SUMMARY for APR. 2012
NAME: Eelde CITY: Eelde STATE: Drenthe
ELEV: 3 m LAT: 53° 08' 16" N LONG: 6° 34' 20" E
TEMPERATURE (°C), RAIN (mm), WIND SPEED (km/hr)
HEAT COOL AVG
MEAN DEG DEG WIND DOM
DAY TEMP HIGH TIME LOW TIME DAYS DAYS RAIN SPEED HIGH TIME DIR
------------------------------------------------------------------------------------
1 4.8 8.2 14:15 0.2 5:50 13.5 0.0 0.2 10.1 37.0 15:15 W
2 6.6 8.7 14:10 4.8 23:45 11.7 0.0 0.0 5.6 30.6 0:25 WNW
3 6.0 11.2 15:45 2.6 4:30 12.3 0.0 0.0 5.6 30.6 9:30 NE
4 4.8 6.6 16:30 3.4 4:45 13.5 0.0 0.0 11.6 29.0 12:00 NE
5 4.3 7.2 16:05 2.0 23:00 14.0 0.0 0.0 7.4 24.1 12:45 NE
6 4.3 8.4 12:35 0.1 3:15 14.0 0.0 2.2 7.9 38.6 22:25 WSW
7 4.2 6.1 15:50 1.9 00:00 14.1 0.0 0.6 8.0 35.4 3:55 WNW
8 4.9 9.1 16:45 -0.7 7:10 13.4 0.0 0.0 5.6 29.0 20:45 SW
9 8.1 10.1 13:50 6.2 3:05 10.2 0.0 6.4 11.6 35.4 19:20 SW
10 9.7 11.3 12:30 7.8 00:00 8.7 0.0 4.6 10.3 35.4 1:50 SW
11 8.7 12.8 17:05 5.8 5:40 9.6 0.0 0.2 7.4 27.4 12:40 SW
12 7.8 11.4 18:00 5.6 23:55 10.5 0.0 0.6 2.9 27.4 13:05 SW
13 6.3 10.3 16:15 0.5 7:25 12.0 0.0 2.0 2.1 20.9 14:50 NW
14 6.4 10.9 16:45 1.9 7:35 11.9 0.0 0.0 3.1 24.1 13:45 NW
15 6.2 8.3 14:55 4.1 1:30 12.1 0.0 0.0 8.7 37.0 18:55 NNW
16 4.8 7.9 15:45 1.6 4:00 13.5 0.0 0.0 7.2 37.0 16:30 WNW
17 5.0 10.2 16:05 -0.4 5:25 13.3 0.0 0.6 9.7 43.5 17:00 SW
18 8.0 12.4 14:20 5.3 8:05 10.3 0.0 2.2 10.3 56.3 15:40 S
19 9.8 14.1 17:05 6.8 4:50 8.5 0.0 2.0 9.2 30.6 11:15 ESE
20 8.9 13.7 13:00 3.8 6:05 9.3 0.0 0.8 5.1 35.4 13:30 SW
21 7.5 10.6 13:25 4.9 6:50 10.8 0.0 2.8 6.0 32.2 16:10 SW
22 7.6 11.1 12:50 4.4 3:00 10.7 0.0 12.8 7.2 33.8 12:50 SW
23 7.7 11.7 15:35 4.4 6:30 10.6 0.0 2.0 8.0 32.2 12:20 NE
24 9.2 13.4 18:00 6.6 6:35 9.1 0.0 1.8 4.7 27.4 14:15 E
25 9.8 14.3 14:45 5.0 3:30 8.5 0.0 0.6 9.5 45.1 21:20 SW
26 11.7 14.1 13:10 9.6 00:00 6.6 0.0 1.4 14.0 53.1 10:35 SW
27 12.2 15.8 16:00 9.0 5:45 6.1 0.0 0.2 11.7 51.5 12:45 SW
28 8.8 10.2 0:05 7.9 21:35 9.5 0.0 5.6 11.4 37.0 12:15 NE
29 12.5 17.2 16:25 7.6 2:35 5.8 0.0 0.2 9.5 40.2 3:30 NE
30 14.8 20.4 15:30 8.4 6:45 3.8 0.3 0.0 6.6 32.2 17:00 NE
-------------------------------------------------------------------------------------
7.7 20.4 30 -0.7 8 317.9 0.3 49.9 7.9 56.3 18 SW
Max >= 32.0: 0
Max <= 0.0: 0
Min <= 0.0: 2
Min <= -18.0: 0
Max Rain: 12.80 ON 22-04-12
Days of Rain: 21 (> .2 mm) 10 (> 2 mm) 0 (> 20 mm)
Heat Base: 18.3 Cool Base: 18.3 Method: Integration
Bovenstaande data zijn de metingen van weerstation Eelde. Onderstaand de data van alle KNMI stations voor de betreffende maand.
De linker afbeeldingen zijn de gemiddeldes van de maand, de middelste afbeeldingen de langjarig gemiddeldes en de rechter
afbeeldingen de afwijking van de maand t.o.v. het langjarig gemiddelde.
|