MONTHLY CLIMATOLOGICAL SUMMARY for MAR. 2011

NAME: Eelde   CITY: Eelde   STATE: Drenthe 
ELEV:     3 m  LAT: 53 06' 00'' N  LONG:  6 18' 00'' E

                   TEMPERATURE (C), RAIN  (mm), WIND SPEED (km/hr)

                                      HEAT  COOL        AVG
    MEAN                              DEG   DEG         WIND                 DOM
DAY TEMP  HIGH   TIME   LOW    TIME   DAYS  DAYS  RAIN  SPEED HIGH   TIME    DIR
------------------------------------------------------------------------------------
 1   1.2   2.9   14:00  -0.4   22:10  17.1   0.0   0.0   8.7  27.4   16:15    NE
 2   0.1   3.5   15:50  -1.8   00:00  18.2   0.0   0.0   9.5  27.4    2:20   ENE
 3  -1.3   3.3   15:35  -3.3    8:30  19.6   0.0   0.0   7.4  29.0   17:20    NE
 4  -0.1   4.2   15:15  -2.5    8:45  18.4   0.0   0.0   4.0  14.5   17:45    NE
 5   3.4   6.6   13:30   0.3    4:45  14.9   0.0   0.0   6.3  30.6   15:05   NNW
 6   2.1   5.1   12:25  -1.3   23:50  16.2   0.0   0.0   5.6  24.1   11:30    NE
 7   1.9   7.1   16:00  -2.5    7:10  16.4   0.0   0.0   6.0  24.1   16:15   ESE
 8   3.1   9.2   16:10  -2.3    6:40  15.2   0.0   0.0   5.6  25.7    9:30    SW
 9   4.9   8.5   15:30   2.0    1:35  13.4   0.0   0.6  13.8  46.7   13:00   WSW
10   6.8   9.3   15:20   3.2    2:25  11.5   0.0   0.6  19.2  53.1   14:05   WSW
11   5.9   8.9   12:30   3.2   22:50  12.4   0.0   0.0  11.9  41.8   14:00   WSW
12   7.4  12.5   13:55   2.4    5:10  10.9   0.0   0.0   4.7  22.5   14:55   ESE
13  10.4  13.1   15:30   8.6    0:30   7.9   0.0   0.0   4.5  24.1    9:50    SW
14   9.9  13.0   13:45   7.1   22:15   8.4   0.0   3.0   3.1  17.7   21:00    NE
15   8.3   9.7   15:00   6.9   21:05  10.0   0.0   0.0   9.2  33.8   22:00     E
16   5.1   9.4   15:20   2.3    9:00  13.3   0.0   0.0  12.1  35.4   14:35   ENE
17   5.1   8.9   12:55   3.1    1:50  13.3   0.0   0.0   7.4  24.1    1:05    NE
18   5.7   9.3   13:20   3.2   00:00  12.6   0.0   0.2   7.6  29.0   12:15   WNW
19   2.1   9.4   17:20  -1.2    4:40  12.2   0.0   0.2   1.6  20.9   17:25     W
20   5.1  11.9   15:40  -0.8    3:55  13.2   0.0   0.0   3.2  20.9   10:50    SW
21   6.6  12.2   11:45   0.1    2:00  11.8   0.0   0.0   4.5  24.1   14:05   WSW
22   8.2  15.4   15:15   2.0    4:05  10.1   0.0   0.0   5.1  24.1   15:25   WNW
23   7.1  13.4   16:00   1.2    6:50  11.2   0.0   0.0   2.3  17.7   15:15   WNW
24   8.6  15.1   13:30   2.8    7:45   9.7   0.0   0.0   2.7  20.9   15:40   WSW
25   7.0  10.2   14:40   4.8    4:30  11.3   0.0   0.0   4.7  24.1   16:20   WNW
26   4.0   6.2   11:45  -0.3   23:55  14.3   0.0   0.0   5.6  22.5   15:30    NE
27   3.3  10.4   16:30  -2.6    6:10  14.9   0.0   0.0   2.7  17.7   17:30    NE
28   3.3   8.7   16:25  -1.5    4:50  15.0   0.0   0.0   3.7  25.7   15:15   WNW
29   5.6  12.8   16:25  -1.7    3:30  12.2   0.0   0.0   2.4  17.7   13:00    SW
30   9.1  17.2   15:30   2.6    5:05   9.2   0.0   4.8   4.8  33.8   18:05    SW
31  10.3  12.4   16:50   9.0    3:15   8.0   0.0   3.2  12.2  51.5   17:20    SW
-------------------------------------------------------------------------------------
     5.2  17.2    30    -3.3     3   402.5   0.0  12.6   6.5  53.1    10      NE

Max >=  32.0:  0
Max <=   0.0:  0
Min <=   0.0: 13
Min <= -18.0:  0
Max Rain: 4.80 ON 30-03-11
Days of Rain: 7 (> .2 mm) 3 (> 2 mm) 0 (> 20 mm)
Heat Base:  18.3  Cool Base:  18.3  Method: Integration

Bovenstaande data zijn de metingen van weerstation Eelde. Onderstaand de data van alle KNMI stations voor de betreffende maand. De linker afbeeldingen zijn de gemiddeldes van de maand, de middelste afbeeldingen de langjarig gemiddeldes en de rechter afbeeldingen de afwijking van de maand t.o.v. het langjarig gemiddelde.

klik om te vergroten   klik om te vergroten   klik om te vergroten

klik om te vergroten   klik om te vergroten   klik om te vergroten

klik om te vergroten   klik om te vergroten   klik om te vergroten