MONTHLY CLIMATOLOGICAL SUMMARY for JUN. 2011

NAME: Eelde   CITY: Eelde   STATE: Drenthe 
ELEV:     3 m  LAT: 53 06' 00'' N  LONG:  6 18' 00'' E

                   TEMPERATURE (C), RAIN  (mm), WIND SPEED (km/hr)

                                      HEAT  COOL        AVG
    MEAN                              DEG   DEG         WIND                 DOM
DAY TEMP  HIGH   TIME   LOW    TIME   DAYS  DAYS  RAIN  SPEED HIGH   TIME    DIR
------------------------------------------------------------------------------------
 1  12.8  18.7   17:20   5.3    5:50   5.5   0.0   0.0   3.2  20.9   16:10   WNW
 2  14.9  20.7   15:40   7.1    5:25   3.8   0.5   0.0   3.1  20.9   16:20   NNE
 3  16.6  21.0   14:25  11.6    3:45   2.4   0.7   0.0   6.4  27.4   13:30    NE
 4  18.2  24.3   14:05  12.9   23:25   1.8   1.7   0.0   7.7  35.4   17:25    NE
 5  16.3  20.2   15:55  12.9    4:00   2.1   0.2   0.0   6.1  29.0   14:20   NNE
 6  15.8  19.4   17:40  13.1    6:20   2.6   0.1   0.0   5.3  19.3   11:25    SW
 7  14.5  18.3   17:50  11.3    6:30   3.8   0.0   5.0   3.9  20.9    5:05   WNW
 8  13.7  16.3   18:15  11.4   23:50   4.7   0.0   2.0   4.8  25.7   17:05     W
 9  14.2  18.4   14:45   8.8    3:45   4.1   0.0   0.0   7.7  33.8   13:35    SW
10  14.4  19.2   12:25   7.2    4:50   4.0   0.1   0.0   2.9  19.3   11:30    SW
11  13.2  16.6   12:55   9.3   00:00   5.2   0.0   3.4   7.9  40.2   13:35    SW
12  13.7  19.5   17:30   6.2    4:55   4.7   0.1   0.0   3.5  22.5   11:30    SW
13  15.8  20.0   16:10  13.3    1:30   2.6   0.2   3.0   7.7  35.4   17:00    SW
14  15.8  18.9   15:15  11.3   23:55   2.5   0.1   0.0   4.7  24.1   11:55   WNW
15  16.6  22.0   18:10  10.0    2:10   2.7   1.0   0.4   2.7  24.1   14:55    SW
16  15.6  19.3   10:10  13.0   00:00   2.8   0.0   6.6   4.8  25.7   11:35    SW
17  15.1  18.3   16:30  11.9    5:20   3.2   0.0   1.0   8.7  35.4    0:35    SW
18  14.1  17.2   17:50  11.6   23:40   4.2   0.0   7.4  12.9  53.1   13:50    SW
19  12.3  13.9   20:00  11.3    4:20   6.0   0.0   6.4  13.7  54.7    9:35    SW
20  14.5  18.9   18:40   9.7    2:50   3.8   0.0   9.4   5.3  27.4   12:25    SW
21  15.9  19.3   14:05  12.7    2:50   2.5   0.1   0.4   7.2  37.0   17:30    SW
22  14.9  18.5   11:35  12.7   19:05   3.4   0.0   2.2   8.0  33.8   18:00    SW
23  14.7  17.8   17:25  11.4   00:00   3.6   0.0   0.6  10.6  37.0   16:15    SW
24  13.3  17.1   14:40  10.1   00:00   5.0   0.0   5.8   6.9  33.8   15:35     W
25  12.3  15.7   22:40   7.7    3:20   6.0   0.0   1.0   5.6  29.0   10:35    SW
26  19.6  24.1   16:40  15.6    0:05   0.8   2.1   0.0   6.0  24.1   15:05   WSW
27  22.6  28.7   18:30  15.5    5:30   0.7   5.0   0.0   7.1  25.7   14:20     E
28  25.4  31.7   18:30  18.6    5:00   0.0   7.1  14.2   6.8  46.7   22:35     E
29  17.9  21.9    9:45  12.3   00:00   1.0   0.7   4.4   9.3  40.2   16:35   WNW
30  14.8  18.7   14:55  11.3    5:05   3.5   0.0   0.0   8.0  32.2   17:15   WNW
-------------------------------------------------------------------------------------
    15.7  31.7    28     5.3     1    98.9  19.5  73.2   6.6  54.7    19      SW

Max >=  32.0:  0
Max <=   0.0:  0
Min <=   0.0:  0
Min <= -18.0:  0
Max Rain: 14.20 ON 28-06-11
Days of Rain: 17 (> .2 mm) 12 (> 2 mm) 0 (> 20 mm)
Heat Base:  18.3  Cool Base:  18.3  Method: Integration


Bovenstaande data zijn de metingen van weerstation Eelde. Onderstaand de data van alle KNMI stations voor de betreffende maand. De linker afbeeldingen zijn de gemiddeldes van de maand, de middelste afbeeldingen de langjarig gemiddeldes en de rechter afbeeldingen de afwijking van de maand t.o.v. het langjarig gemiddelde.

klik om te vergroten   klik om te vergroten   klik om te vergroten

klik om te vergroten   klik om te vergroten   klik om te vergroten

klik om te vergroten   klik om te vergroten   klik om te vergroten