MONTHLY CLIMATOLOGICAL SUMMARY for JUL. 2011

NAME: Eelde   CITY: Eelde   STATE: Drenthe 
ELEV:     3 m  LAT: 53 06' 00'' N  LONG:  6 18' 00'' E

                   TEMPERATURE (C), RAIN  (mm), WIND SPEED (km/hr)

                                      HEAT  COOL        AVG
    MEAN                              DEG   DEG         WIND                 DOM
DAY TEMP  HIGH   TIME   LOW    TIME   DAYS  DAYS  RAIN  SPEED HIGH   TIME    DIR
------------------------------------------------------------------------------------
 1  13.4  16.7   17:00   9.6    5:50   4.9   0.0   2.0   7.2  33.8   13:20   WSW
 2  13.3  16.0   13:50  10.1    5:15   5.0   0.0   0.2  10.8  46.7   14:10   WNW
 3  13.7  14.8   16:55  13.1    5:10   4.6   0.0   0.0   9.8  30.6    9:10   WNW
 4  14.3  17.0   20:10  11.6   00:00   4.0   0.0   0.0   4.7  22.5   10:00    NW
 5  15.2  20.4   18:15   9.2    2:25   3.4   0.3   0.0   1.8  12.9   13:40     E
 6  17.3  21.4   14:05  13.1   23:50   1.6   0.6   0.2   6.8  32.2   11:30     E
 7  17.5  23.5   18:30  11.6    4:05   2.3   1.4   0.0   4.5  29.0   16:05    SE
 8  17.4  21.4   14:45  12.9    3:30   1.5   0.6   1.6   6.1  37.0   12:45    SW
 9  16.9  20.4   18:15  14.2   00:00   1.7   0.2   4.8   7.6  33.8   17:15    SW
10  16.4  22.2   14:00  12.0    5:10   2.6   0.8   7.2   4.8  27.4   17:40    SW
11  16.6  22.7   14:45  10.7    5:20   2.6   0.9   0.2   2.1  14.5   16:20    NE
12  16.7  21.8   14:25  12.8    5:40   2.3   0.7   3.4   6.8  40.2   19:25    NE
13  13.9  15.3   21:25  12.7    7:00   4.4   0.0  31.8  10.3  43.5    9:10   NNE
14  14.6  15.8   20:15  13.4    7:20   3.8   0.0   3.2   6.0  32.2   11:05    SW
15  15.8  19.6   18:55  12.8    7:20   2.7   0.2   5.2  10.8  45.1    5:45     W
16  16.6  21.9   15:15  12.7    1:15   2.2   0.5   8.2   6.8  35.4   21:10   SSE
17  16.1  20.1   15:30  12.9   22:30   2.4   0.2   7.6  10.1  38.6   17:25    SW
18  14.7  16.4   15:55  13.6    0:40   3.6   0.0   1.0  12.6  40.2   15:50    SW
19  16.9  22.3   17:30  12.3    5:45   2.2   0.8   0.0   6.4  25.7   12:00    SW
20  16.5  18.9   19:20  13.9   00:00   1.8   0.0   0.0   2.1  12.9   11:25    NW
21  15.8  19.6   12:40  11.0    4:00   2.7   0.2   0.0   4.7  25.7   19:35   NNW
22  13.8  16.4   13:00  11.8    2:25   4.5   0.0   0.0  11.4  41.8   10:45   WNW
23  13.4  15.7   11:05  12.0   21:40   4.9   0.0   4.4  14.8  46.7   18:30   WSW
24  13.2  14.6   13:10  12.2    0:05   5.1   0.0  19.8  13.7  45.1    3:30   WSW
25  13.8  16.2   14:10  11.0    6:25   4.5   0.0   2.0   4.8  22.5    9:50   WSW
26  15.6  18.1   15:50  12.8    6:00   2.7   0.0   0.0   2.9  20.9   16:45    SW
27  17.8  23.8   16:45  12.0    6:05   1.8   1.3   2.0   1.6  14.5   18:35    NE
28  17.7  20.6   11:05  14.6   00:00   1.1   0.5   2.8   4.2  22.5   17:15   NNE
29  14.6  17.1   17:00  13.2    2:55   3.7   0.0   0.4   7.1  32.2   14:20   WNW
30  14.1  15.6   15:20  13.1    3:35   4.2   0.0   0.4   8.2  27.4   12:50   WNW
31  15.0  17.5   14:45  12.8    4:15   3.3   0.0   0.0   4.7  20.9   12:50   WSW
-------------------------------------------------------------------------------------
    15.4  23.8    27     9.2     5    97.9   9.2 108.4   7.0  46.7     2     WNW

Max >=  32.0:  0
Max <=   0.0:  0
Min <=   0.0:  0
Min <= -18.0:  0
Max Rain: 31.80 ON 13-07-11
Days of Rain: 21 (> .2 mm) 14 (> 2 mm) 1 (> 20 mm)
Heat Base:  18.3  Cool Base:  18.3  Method: Integration

Bovenstaande data zijn de metingen van weerstation Eelde. Onderstaand de data van alle KNMI stations voor de betreffende maand. De linker afbeeldingen zijn de gemiddeldes van de maand, de middelste afbeeldingen de langjarig gemiddeldes en de rechter afbeeldingen de afwijking van de maand t.o.v. het langjarig gemiddelde.

klik om te vergroten   klik om te vergroten   klik om te vergroten

klik om te vergroten   klik om te vergroten   klik om te vergroten

klik om te vergroten   klik om te vergroten   klik om te vergroten