MONTHLY CLIMATOLOGICAL SUMMARY for APR. 2011
NAME: Eelde CITY: Eelde STATE: Drenthe
ELEV: 3 m LAT: 53° 06' 00'' N LONG: 6° 18' 00'' E
TEMPERATURE (°C), RAIN (mm), WIND SPEED (km/hr)
HEAT COOL AVG
MEAN DEG DEG WIND DOM
DAY TEMP HIGH TIME LOW TIME DAYS DAYS RAIN SPEED HIGH TIME DIR
------------------------------------------------------------------------------------
1 10.9 13.6 18:40 8.6 6:10 7.4 0.0 0.0 11.3 40.2 16:50 WSW
2 16.1 22.9 17:25 9.7 7:20 3.3 1.1 0.0 8.2 38.6 14:55 SSE
3 11.5 14.3 17:05 9.1 22:45 6.8 0.0 1.4 3.1 17.7 1:05 NE
4 9.8 13.3 13:25 6.5 6:50 8.5 0.0 0.0 9.3 37.0 15:55 WSW
5 9.0 11.0 15:50 6.7 6:35 9.3 0.0 0.0 15.1 49.9 13:20 SW
6 13.2 17.3 19:05 10.4 0:05 5.1 0.0 0.0 13.2 35.4 12:40 SW
7 10.9 14.1 0:20 5.5 00:00 7.4 0.0 0.0 9.8 33.8 10:00 WNW
8 9.1 15.1 14:55 4.6 3:05 9.3 0.0 0.0 10.5 40.2 12:15 WSW
9 8.4 11.9 16:15 4.7 7:20 9.9 0.0 0.0 7.1 27.4 0:40 WNW
10 9.2 16.1 18:20 3.3 6:55 9.1 0.0 0.0 2.6 14.5 13:20 NE
11 12.2 20.2 15:10 4.6 7:05 6.4 0.3 0.0 5.0 25.7 15:35 WSW
12 8.2 10.1 15:05 5.8 23:50 10.1 0.0 2.6 17.7 53.1 15:10 WNW
13 8.3 12.4 14:40 4.2 00:00 10.0 0.0 0.0 10.6 35.4 14:10 WNW
14 7.3 12.4 14:10 0.9 6:10 11.0 0.0 0.0 2.4 17.7 14:25 SW
15 9.7 16.0 16:40 3.1 6:50 8.6 0.0 0.0 2.4 17.7 19:45 NNE
16 11.2 16.3 13:25 5.8 6:45 7.1 0.0 0.0 3.4 20.9 11:25 SW
17 12.3 17.4 15:45 8.6 7:15 6.0 0.0 0.0 2.9 17.7 16:20 NE
18 12.4 19.2 17:00 6.5 6:15 5.9 0.1 0.0 6.3 22.5 16:15 NE
19 15.3 23.4 18:05 7.7 6:35 4.2 1.2 0.0 5.0 22.5 12:15 E
20 16.2 23.0 15:10 7.7 7:00 3.4 1.3 0.0 4.0 19.3 16:30 NE
21 17.3 25.1 18:35 10.1 6:40 2.9 1.9 0.0 4.0 20.9 12:50 E
22 18.3 24.7 14:45 11.2 5:55 2.2 2.1 0.0 6.4 25.7 12:45 E
23 17.8 24.8 19:20 11.1 6:35 2.2 1.8 0.0 3.7 16.1 13:15 ENE
24 18.3 24.3 15:50 12.9 6:35 1.8 1.8 0.0 6.8 24.1 12:45 E
25 16.3 22.4 17:10 10.1 6:35 3.0 0.9 0.0 4.8 24.1 17:50 NE
26 13.0 18.2 11:45 8.0 6:20 5.3 0.0 0.0 6.4 30.6 16:50 NNE
27 11.6 16.2 16:55 8.2 4:25 6.7 0.0 0.0 8.2 32.2 17:15 NNE
28 13.6 18.8 17:25 9.6 6:45 4.7 0.0 0.0 6.0 29.0 23:55 NE
29 15.0 21.1 17:00 10.0 7:30 3.8 0.5 0.2 11.3 33.8 16:50 NE
30 13.2 19.1 16:00 7.8 6:15 5.2 0.1 0.0 13.0 35.4 9:15 NE
-------------------------------------------------------------------------------------
12.5 25.1 21 0.9 14 186.5 13.1 4.2 7.3 53.1 12 NE
Max >= 32.0: 0
Max <= 0.0: 0
Min <= 0.0: 0
Min <= -18.0: 0
Max Rain: 2.59 ON 12-04-11
Days of Rain: 3 (> .2 mm) 1 (> 2 mm) 0 (> 20 mm)
Heat Base: 18.3 Cool Base: 18.3 Method: Integration
Bovenstaande data zijn de metingen van weerstation Eelde. Onderstaand de data van alle KNMI stations voor de betreffende maand.
De linker afbeeldingen zijn de gemiddeldes van de maand, de middelste afbeeldingen de langjarig gemiddeldes en de rechter
afbeeldingen de afwijking van de maand t.o.v. het langjarig gemiddelde.
|