MONTHLY CLIMATOLOGICAL SUMMARY for SEP. 2010
NAME: Eelde CITY: Eelde STATE: Drenthe
ELEV: 3 m LAT: 53° 06' 00'' N LONG: 6° 18' 00'' E
TEMPERATURE (°C), RAIN (mm), WIND SPEED (km/hr)
HEAT COOL AVG
MEAN DEG DEG WIND DOM
DAY TEMP HIGH TIME LOW TIME DAYS DAYS RAIN SPEED HIGH TIME DIR
------------------------------------------------------------------------------------
1 13.3 17.2 15:15 9.7 1:25 5.0 0.0 0.0 3.7 22.5 12:35 WSW
2 13.9 17.1 14:45 10.3 0:45 4.4 0.0 1.8 3.7 22.5 15:00 NW
3 13.8 19.2 13:15 7.9 6:40 4.5 0.0 0.0 1.9 12.9 18:05 W
4 13.5 18.3 16:30 7.5 7:15 4.8 0.0 0.0 2.6 17.7 12:30 NE
5 12.9 18.3 17:10 7.2 6:45 5.3 0.0 0.0 3.4 27.4 12:40 ENE
6 13.7 18.4 16:10 8.4 7:15 4.7 0.0 0.0 7.7 32.2 13:10 E
7 12.8 15.4 15:40 10.7 6:45 5.4 0.0 1.2 9.3 33.8 8:10 E
8 14.3 16.6 14:40 12.1 9:50 4.0 0.0 0.4 10.3 33.8 12:35 E
9 14.7 18.1 16:50 11.9 23:50 3.6 0.0 0.0 4.3 22.5 16:00 E
10 14.8 19.2 14:35 11.9 0:05 3.5 0.0 3.8 7.4 32.2 15:10 SW
11 17.7 22.6 16:10 13.7 6:35 1.7 1.1 1.4 7.1 32.2 13:40 SW
12 15.8 17.2 12:45 12.0 00:00 2.5 0.0 1.8 4.0 17.7 11:40 SW
13 14.1 17.7 16:35 10.1 6:25 4.3 0.0 0.6 6.6 30.6 23:50 WSW
14 15.4 17.1 21:10 12.7 23:55 2.9 0.0 33.2 13.2 43.5 21:45 SW
15 12.8 15.8 13:30 10.7 6:50 5.5 0.0 9.2 14.0 59.5 15:10 WSW
16 11.6 15.1 14:15 9.4 5:05 6.7 0.0 5.6 9.0 37.0 13:45 WSW
17 10.9 14.4 13:25 8.5 6:10 7.4 0.0 1.6 9.7 48.3 14:55 WSW
18 10.4 14.6 13:50 7.9 5:40 7.9 0.0 3.2 7.1 37.0 16:05 WSW
19 11.1 13.6 16:20 8.2 2:50 7.2 0.0 2.6 8.0 30.6 14:05 SW
20 14.1 16.6 16:35 12.1 6:00 4.3 0.0 5.4 10.6 33.8 10:30 SW
21 14.1 19.5 15:45 10.7 7:45 4.2 0.1 0.4 2.6 16.1 13:15 WSW
22 15.0 21.6 15:40 9.8 6:30 3.9 0.6 0.2 3.4 22.5 14:10 E
23 16.4 21.6 15:25 12.1 5:45 2.5 0.6 1.8 2.6 32.2 22:40 SE
24 14.6 17.6 14:25 12.9 6:30 3.7 0.0 0.8 4.5 25.7 22:15 SW
25 11.3 13.9 12:45 8.3 00:00 7.0 0.0 0.2 7.1 40.2 14:00 WNW
26 9.7 12.3 15:00 6.4 8:00 8.6 0.0 1.2 0.3 6.4 14:45 WNW
27 11.9 13.3 16:40 10.1 3:30 6.4 0.0 7.8 3.2 16.1 3:05 NE
28 11.6 13.9 16:20 6.8 23:25 6.7 0.0 0.2 2.4 20.9 13:00 NE
29 8.7 13.7 17:00 3.6 6:25 9.6 0.0 0.2 3.1 17.7 13:20 E
30 9.1 12.5 14:05 5.2 4:50 9.2 0.0 2.0 6.6 22.5 13:25 E
-------------------------------------------------------------------------------------
13.1 22.6 11 3.6 29 157.5 2.4 86.6 6.0 59.5 15 SW
Max >= 32.0: 0
Max <= 0.0: 0
Min <= 0.0: 0
Min <= -18.0: 0
Max Rain: 33.20 ON 14-09-10
Days of Rain: 24 (> .2 mm) 9 (> 2 mm) 1 (> 20 mm)
Heat Base: 18.3 Cool Base: 18.3 Method: Integration
Bovenstaande data zijn de metingen van weerstation Eelde. Onderstaand de data van alle KNMI stations voor de betreffende maand.
De linker afbeeldingen zijn de gemiddeldes van de maand, de middelste afbeeldingen de langjarig gemiddeldes en de rechter
afbeeldingen de afwijking van de maand t.o.v. het langjarig gemiddelde.
|