MONTHLY CLIMATOLOGICAL SUMMARY for MAR. 2010

NAME: Eelde   CITY: Eelde   STATE: Drenthe 
ELEV:     3 m  LAT: 53 06' 00'' N  LONG:  6 18' 00'' E

                   TEMPERATURE (C), RAIN  (mm), WIND SPEED (km/hr)

                                      HEAT  COOL        AVG
    MEAN                              DEG   DEG         WIND                 DOM
DAY TEMP  HIGH   TIME   LOW    TIME   DAYS  DAYS  RAIN  SPEED HIGH   TIME    DIR
------------------------------------------------------------------------------------
 1   3.6   6.6   15:10   0.7   23:50  14.8   0.0   1.4  13.0  43.5    2:10     W
 2   2.7   6.2   13:15  -0.4    6:55  15.6   0.0   0.0  10.9  40.2   13:20     W
 3   2.3   6.1   13:40  -1.4   23:55  16.0   0.0   0.0   5.0  22.5   12:35    NW
 4   0.4   4.1   13:05  -2.2    2:10  17.9   0.0   0.2   4.8  29.0   12:35     W
 5   0.3   3.8   12:35  -3.2    2:50  18.0   0.0   5.8   7.4  41.8   23:10   WSW
 6  -0.6   1.7    0:15  -2.3    7:30  18.9   0.0   0.0  12.6  54.7    0:40    NE
 7  -1.2   2.8   15:45  -6.3    7:15  19.5   0.0   0.0   2.4  12.9   16:35    NE
 8   0.4   3.3   12:20  -3.3   00:00  17.9   0.0   1.2   5.3  20.9   15:00    NE
 9  -0.6   4.5   16:50  -5.3    7:00  18.9   0.0   0.0   2.3  17.7   12:30    NE
10  -0.7   1.7   16:50  -3.4    4:10  19.0   0.0   0.0   4.8  27.4   16:55    NE
11   2.3   5.5   13:40  -1.1    1:05  16.0   0.0   0.0   6.1  22.5   16:15   WNW
12   4.2   6.3   12:30   2.4   23:00  14.1   0.0   0.8   8.0  29.0   16:10     W
13   4.4   6.9   11:35   1.7    3:35  13.9   0.0   1.0  14.3  45.1   14:40     W
14   4.9   7.2   12:55   1.9   23:50  13.4   0.0   0.6  14.6  46.7   16:05     W
15   4.1   5.9   12:55   1.2    6:10  14.3   0.0   3.8  11.3  38.6   13:50     W
16   3.7   8.1   16:30  -0.3    6:55  14.6   0.0   0.0   5.3  27.4   16:25   WSW
17   7.1  12.5   14:15   2.4    7:20  11.2   0.0   0.0   9.0  37.0   15:10    SW
18   9.9  15.5   16:05   3.7    7:00   8.3   0.0   0.0   6.6  29.0   13:30    SW
19  11.1  13.0   12:40   9.7    8:05   7.2   0.0   0.4  12.2  48.3   12:40    SW
20  12.1  14.3   14:50  10.7    9:00   6.2   0.0  12.4  12.2  41.8    7:00    SW
21   8.4  12.3    0:10   4.2   00:00   9.9   0.0   3.0   7.6  30.6   14:45   WSW
22   7.2  11.6   12:55   1.7    6:55  11.1   0.0   0.0   6.0  27.4   10:55    SW
23   8.7  13.3   16:40   4.8    6:55   9.6   0.0   0.4   6.9  29.0    1:10   WSW
24  11.4  16.5   15:30   6.5    5:25   6.8   0.0   0.0   7.2  27.4   15:50   ESE
25  14.7  20.3   15:50   8.9    7:00   3.9   0.3   0.0   6.1  35.4   15:05   ESE
26   9.9  13.6    1:20   6.3   23:35   8.4   0.0   3.4   5.0  29.0    1:15    SW
27   8.0  10.6   16:10   6.0    7:20  10.3   0.0   0.4   9.8  35.4   16:20   WSW
28   7.8  10.7   15:50   5.3    8:00  10.0   0.0   0.2  12.9  46.7   15:20    SW
29   8.3  11.9   16:35   5.7    2:10  10.0   0.0   0.0   6.0  20.9   13:10    SW
30  10.3  16.2   15:20   7.1    1:20   8.0   0.0   1.2   8.7  43.5   23:45   ESE
31   7.3  11.4   16:10   4.3    7:05  11.0   0.0   0.2  14.6  57.9   17:25    SW
-------------------------------------------------------------------------------------
     5.6  20.3    25    -6.3     7   394.5   0.3  36.4   8.4  57.9    31     WSW

Max >=  32.0:  0
Max <=   0.0:  0
Min <=   0.0: 11
Min <= -18.0:  0
Max Rain: 12.40 ON 20-03-10
Days of Rain: 17 (> .2 mm) 5 (> 2 mm) 0 (> 20 mm)
Heat Base:  18.3  Cool Base:  18.3  Method: Integration

Bovenstaande data zijn de metingen van weerstation Eelde. Onderstaand de data van alle KNMI stations voor de betreffende maand. De linker afbeeldingen zijn de gemiddeldes van de maand, de middelste afbeeldingen de langjarig gemiddeldes en de rechter afbeeldingen de afwijking van de maand t.o.v. het langjarig gemiddelde.

klik om te vergroten   klik om te vergroten   klik om te vergroten

klik om te vergroten   klik om te vergroten   klik om te vergroten

klik om te vergroten   klik om te vergroten   klik om te vergroten