MONTHLY CLIMATOLOGICAL SUMMARY for MAY. 2010


NAME: Eelde   CITY: Eelde   STATE: Drenthe 
ELEV:     3 m  LAT: 53 06' 00'' N  LONG:  6 18' 00'' E

                   TEMPERATURE (C), RAIN  (mm), WIND SPEED (km/hr)

                                      HEAT  COOL        AVG
    MEAN                              DEG   DEG         WIND                 DOM
DAY TEMP  HIGH   TIME   LOW    TIME   DAYS  DAYS  RAIN  SPEED HIGH   TIME    DIR
------------------------------------------------------------------------------------
 1   9.5  11.7   10:15   6.3   00:00   8.8   0.0   7.2   6.9  51.5   14:40    SW
 2   7.6  10.8   13:15   5.6   23:00  10.8   0.0  16.0   7.2  33.8   21:40    NE
 3   7.1   8.2   18:05   5.9    4:30  11.2   0.0   1.4  10.1  35.4    1:00    NE
 4   7.2   9.1   16:40   5.2    7:00  11.1   0.0   0.8   8.0  32.2   15:55   NNW
 5   7.8  11.4   14:25   4.6    4:10  10.5   0.0   0.4   6.6  27.4   17:40    NE
 6   8.2  12.3   14:45   3.7    5:55  10.1   0.0   0.0  10.3  37.0   17:25    NE
 7   6.7   7.9   17:45   5.1    5:10  11.6   0.0   4.6   7.7  30.6    7:20    NE
 8   8.1  10.7   15:45   7.2    0:05  10.2   0.0   7.0   3.4  17.7   19:45    NE
 9   8.2  10.7   16:25   6.5   00:00  10.1   0.0   0.0   4.7  22.5   18:40   NNE
10   7.1   9.9   15:35   5.1    6:00  11.2   0.0   0.0   3.7  17.7   16:35    NE
11   6.7   9.7   11:00   4.3    6:10  11.6   0.0   5.2   5.6  27.4   17:40    NE
12   6.2   6.8   15:35   5.3    0:05  12.1   0.0  23.2   9.3  33.8    5:05   NNW
13   7.6   9.6   13:50   5.6   23:45  10.7   0.0   0.0   3.5  17.7    8:50    NW
14   8.2  11.0   13:25   5.7    0:05  10.1   0.0   0.0   2.6  14.5   17:00    NE
15   8.9  13.3   15:20   4.1    4:40   9.4   0.0   0.0   7.4  33.8   22:50   WNW
16  11.2  14.9   15:30   7.2    6:20   7.1   0.0   0.0   9.8  33.8   12:35     W
17   9.9  13.5   17:30   6.7    3:25   8.4   0.0   0.6   6.3  27.4   17:40   WNW
18   9.2  12.5   16:20   5.8    3:05   9.1   0.0   0.0   8.7  33.8   12:05   WNW
19  10.7  14.6   15:10   6.4    5:55   7.6   0.0   0.0  10.5  41.8   16:45    NW
20  12.8  18.6   15:45   6.1    4:55   5.5   0.0   0.0   6.6  29.0   11:25   WNW
21  12.4  17.6   15:05   6.7    6:05   5.9   0.0   0.0   7.1  29.0   12:10   WNW
22  10.7  15.6   14:10   6.6    5:50   7.6   0.0   0.0   6.3  27.4   15:05   WNW
23  15.5  21.8   15:10   8.4    5:40   3.6   0.8   0.0   7.4  29.0   18:05   WNW
24  14.4  19.9   11:45  11.6   23:20   4.0   0.1   2.6   8.7  35.4   10:50   WNW
25  11.0  13.9   14:35   7.3   00:00   7.3   0.0   0.0   7.7  35.4   11:25   WNW
26   8.8  12.9   16:05   2.8    5:30   9.5   0.0   0.0   3.9  25.7   19:50    NE
27  11.3  13.9   14:35   8.6    3:55   7.0   0.0   0.0   1.9  14.5    8:15    NE
28  11.2  15.0   14:35   6.9    5:50   7.1   0.0   6.8   7.7  43.5   16:25   WSW
29  12.8  19.8   16:00   4.1    5:25   5.6   0.1   0.0   5.0  27.4   12:30    SE
30  12.7  16.2   13:20   9.7   22:20   5.7   0.0   7.4   9.0  35.4   17:35     W
31  12.6  16.5   14:50   9.2    4:00   5.8   0.0   0.0   6.8  27.4   16:20     W
-------------------------------------------------------------------------------------
     9.8  21.8    23     2.8    26   266.2   1.1  83.2   6.8  51.5     1      NE

Max >=  32.0:  0
Max <=   0.0:  0
Min <=   0.0:  0
Min <= -18.0:  0
Max Rain: 23.19 ON 12-05-10
Days of Rain: 13 (> .2 mm) 9 (> 2 mm) 1 (> 20 mm)
Heat Base:  18.3  Cool Base:  18.3  Method: Integration

Bovenstaande data zijn de metingen van weerstation Eelde. Onderstaand de data van alle KNMI stations voor de betreffende maand. De linker afbeeldingen zijn de gemiddeldes van de maand, de middelste afbeeldingen de langjarig gemiddeldes en de rechter afbeeldingen de afwijking van de maand t.o.v. het langjarig gemiddelde.

klik om te vergroten   klik om te vergroten   klik om te vergroten

klik om te vergroten   klik om te vergroten   klik om te vergroten

klik om te vergroten   klik om te vergroten   klik om te vergroten