MONTHLY CLIMATOLOGICAL SUMMARY for JUN. 2010
NAME: Eelde CITY: Eelde STATE: Drenthe
ELEV: 3 m LAT: 53° 06' 00'' N LONG: 6° 18' 00'' E
TEMPERATURE (°C), RAIN (mm), WIND SPEED (km/hr)
HEAT COOL AVG
MEAN DEG DEG WIND DOM
DAY TEMP HIGH TIME LOW TIME DAYS DAYS RAIN SPEED HIGH TIME DIR
------------------------------------------------------------------------------------
1 14.2 19.8 13:25 8.1 5:25 4.3 0.2 0.0 3.4 20.9 20:00 NE
2 14.4 19.1 16:30 8.7 4:55 3.9 0.1 0.0 6.0 22.5 10:50 NNW
3 14.5 18.2 13:35 9.2 3:25 3.8 0.0 0.0 5.8 25.7 17:45 NE
4 13.8 18.0 13:30 8.3 6:10 4.5 0.0 0.0 3.7 22.5 16:40 NNE
5 14.4 23.1 17:10 6.2 5:55 4.6 0.7 0.0 2.6 16.1 14:50 NE
6 18.5 27.4 15:35 10.9 5:20 2.5 2.7 0.0 4.2 32.2 21:00 E
7 14.1 15.6 1:05 11.7 00:00 4.2 0.0 6.2 7.4 37.0 7:30 WSW
8 15.8 21.9 17:50 10.4 3:05 3.1 0.6 4.8 3.4 24.1 17:40 ESE
9 16.4 19.1 11:50 14.1 5:55 1.9 0.0 2.8 2.3 14.5 22:20 E
10 18.9 22.7 14:30 15.6 0:30 1.0 1.6 0.6 3.7 19.3 1:25 E
11 17.5 21.5 12:30 11.6 00:00 1.5 0.7 2.4 8.7 45.1 15:35 SW
12 13.4 16.6 12:35 10.2 5:25 4.9 0.0 0.0 10.3 45.1 17:25 WNW
13 13.4 16.7 15:45 9.7 4:40 4.9 0.0 0.0 4.8 24.1 8:20 W
14 14.6 18.6 12:20 10.5 23:50 3.8 0.0 0.0 3.5 27.4 19:50 NNE
15 12.1 14.8 13:30 8.0 4:30 6.2 0.0 0.0 6.1 30.6 12:55 NW
16 14.1 18.7 15:15 9.1 5:45 4.2 0.0 0.0 6.8 27.4 16:30 NNE
17 14.4 19.4 14:45 9.9 3:00 4.0 0.1 0.0 7.6 29.0 14:35 NE
18 12.6 15.3 15:05 10.1 00:00 5.7 0.0 0.0 8.9 37.0 23:25 NW
19 10.7 13.2 15:15 9.3 6:35 7.6 0.0 4.4 10.6 45.1 17:55 WNW
20 11.5 13.4 13:45 10.2 4:50 6.8 0.0 0.0 8.0 30.6 17:15 WNW
21 11.9 15.7 17:40 8.3 3:30 6.4 0.0 0.0 6.0 24.1 9:00 NW
22 12.8 19.0 17:25 5.1 5:45 5.5 0.0 0.0 2.4 19.3 15:25 WNW
23 17.4 25.6 17:45 7.5 5:35 3.1 2.2 0.0 2.4 17.7 14:40 SE
24 19.4 25.9 16:20 11.4 5:45 1.7 2.8 0.0 4.0 20.9 16:45 WNW
25 17.2 21.4 15:50 12.9 4:20 1.9 0.8 0.0 5.0 20.9 13:25 WNW
26 16.6 22.2 15:10 10.1 5:30 2.7 1.0 0.0 3.4 19.3 15:35 NE
27 19.3 26.2 15:55 11.4 5:05 1.9 3.0 0.0 4.3 22.5 18:15 E
28 22.0 28.8 16:00 15.1 5:40 0.6 4.3 0.0 3.7 25.7 18:05 ENE
29 19.3 26.5 14:15 14.1 5:30 1.1 2.0 0.4 5.3 38.6 15:05 W
30 17.9 22.9 16:30 13.7 3:30 1.3 0.9 0.0 2.6 16.1 17:50 NE
-------------------------------------------------------------------------------------
15.4 28.8 28 5.1 22 109.6 24.1 21.6 5.2 45.1 11 NE
Max >= 32.0: 0
Max <= 0.0: 0
Min <= 0.0: 0
Min <= -18.0: 0
Max Rain: 6.20 ON 07-06-10
Days of Rain: 7 (> .2 mm) 5 (> 2 mm) 0 (> 20 mm)
Heat Base: 18.3 Cool Base: 18.3 Method: Integration
Bovenstaande data zijn de metingen van weerstation Eelde. Onderstaand de data van alle KNMI stations voor de betreffende maand.
De linker afbeeldingen zijn de gemiddeldes van de maand, de middelste afbeeldingen de langjarig gemiddeldes en de rechter
afbeeldingen de afwijking van de maand t.o.v. het langjarig gemiddelde.
|