MONTHLY CLIMATOLOGICAL SUMMARY for JUL. 2010

NAME: Eelde   CITY: Eelde   STATE: Drenthe 
ELEV:     3 m  LAT: 53 06' 00'' N  LONG:  6 18' 00'' E

                   TEMPERATURE (C), RAIN  (mm), WIND SPEED (km/hr)

                                      HEAT  COOL        AVG
    MEAN                              DEG   DEG         WIND                 DOM
DAY TEMP  HIGH   TIME   LOW    TIME   DAYS  DAYS  RAIN  SPEED HIGH   TIME    DIR
------------------------------------------------------------------------------------
 1  21.2  27.9   16:00  14.6    5:55   0.9   3.9   0.0   4.8  27.4   16:40     E
 2  25.6  33.8   17:25  18.0    3:00   0.0   7.3   0.0   5.5  29.0   18:15    SW
 3  22.1  27.6   13:50  17.4   00:00   0.0   3.8   3.6   5.5  27.4    3:20   WNW
 4  20.4  26.2   16:55  15.7    5:50   0.6   2.7   0.0   5.0  29.0   19:30   WNW
 5  18.2  22.6   13:20  13.9   00:00   1.1   0.9   0.0   6.8  30.6   17:15   WNW
 6  15.8  19.6   14:40  10.6    5:40   2.7   0.2   0.0   8.0  33.8   15:00   WNW
 7  18.0  25.6   18:35   9.1    5:00   2.5   2.3   0.0   5.1  29.0   15:50    SW
 8  22.4  27.2   16:25  17.7    1:40   0.1   4.3   0.0   5.8  25.7   13:05   WSW
 9  25.2  34.1   15:35  15.8    5:30   0.5   7.4   0.0   4.2  22.5   13:50    SW
10  25.7  32.1   17:20  17.7    5:10   0.0   7.4   0.0   4.0  19.3   14:25   WNW
11  23.3  30.3   18:05  19.1    6:10   0.0   5.0  26.0   6.6  67.6    0:25    SW
12  20.8  24.6   19:45  17.4   00:00   0.0   2.5  52.2   5.3  41.8   20:55    SW
13  20.2  25.6   18:20  14.9    6:05   0.7   2.7   0.0   6.0  24.1    0:50    SW
14  23.3  29.9   17:40  17.2   00:00   0.0   5.0   3.4   5.8  35.4   22:00   ESE
15  19.2  21.7   17:20  15.9   23:40   0.4   1.2   0.0  11.1  41.8   10:10    SW
16  19.3  25.6   13:00  14.8    3:20   1.2   2.2  13.6   8.2  41.8   12:45    SW
17  17.1  20.7   11:50  13.7   00:00   1.7   0.5   2.2   8.4  38.6   15:45    SW
18  17.5  23.0   19:30  10.6    5:55   2.3   1.5   0.0   5.0  27.4   12:10    SW
19  20.9  27.6   17:50  13.4    2:50   1.3   3.9   0.0   2.4  17.7   11:40    SE
20  23.3  29.9   15:25  15.4    5:55   0.3   5.3   0.0   2.9  17.7   15:05   ESE
21  22.6  28.6   12:35  17.4    6:00   0.1   4.3   0.0   5.0  25.7   14:55     E
22  19.8  23.2   17:35  16.7   23:50   0.2   1.7   0.4   6.9  25.7    9:40    SW
23  18.1  22.6   13:00  13.4    5:40   1.3   1.1   0.0   4.3  30.6   14:30   WNW
24  15.4  17.9   16:45  11.5   00:00   2.9   0.0   0.0   7.7  33.8   14:20   WNW
25  15.9  22.1   17:40   8.1    4:55   3.2   0.8   0.0   3.2  16.1   13:15    SW
26  16.8  19.6   13:15  14.8   14:05   1.5   0.0   9.4   4.2  29.0   13:35   WNW
27  18.1  22.4   17:35  13.6    5:55   1.3   1.0   0.0   4.0  22.5   16:15   WSW
28  17.7  20.8   15:45  14.1   00:00   1.1   0.5   4.2   5.1  27.4   18:40   WNW
29  15.4  19.2   14:25  13.1    2:05   2.9   0.0   3.4   5.8  30.6   18:00   WNW
30  16.3  20.2   19:00  12.3    5:35   2.3   0.3   0.0   6.8  30.6   15:25   WSW
31  17.0  20.1   18:40  13.3    0:50   1.6   0.3   0.8   6.0  35.4   11:30    SW
-------------------------------------------------------------------------------------
    19.8  34.1     9     8.1    25    34.8  79.9 119.2   5.7  67.6    11      SW

Max >=  32.0:  3
Max <=   0.0:  0
Min <=   0.0:  0
Min <= -18.0:  0
Max Rain: 52.20 ON 12-07-10
Days of Rain: 11 (> .2 mm) 9 (> 2 mm) 2 (> 20 mm)
Heat Base:  18.3  Cool Base:  18.3  Method: Integration

Bovenstaande data zijn de metingen van weerstation Eelde. Onderstaand de data van alle KNMI stations voor de betreffende maand. De linker afbeeldingen zijn de gemiddeldes van de maand, de middelste afbeeldingen de langjarig gemiddeldes en de rechter afbeeldingen de afwijking van de maand t.o.v. het langjarig gemiddelde.

klik om te vergroten   klik om te vergroten   klik om te vergroten

klik om te vergroten   klik om te vergroten   klik om te vergroten

klik om te vergroten   klik om te vergroten   klik om te vergroten