MONTHLY CLIMATOLOGICAL SUMMARY for JAN. 2010
NAME: Eelde CITY: Eelde STATE: Drenthe
ELEV: 3 m LAT: 53° 06' 00'' N LONG: 6° 18' 00'' E
TEMPERATURE (°C), RAIN (mm), WIND SPEED (km/hr)
HEAT COOL AVG
MEAN DEG DEG WIND DOM
DAY TEMP HIGH TIME LOW TIME DAYS DAYS RAIN SPEED HIGH TIME DIR
------------------------------------------------------------------------------------
1 -1.2 -0.1 1:55 -3.3 21:30 19.5 0.0 0.0 6.1 29.0 1:55 NE
2 -3.7 -1.6 0:20 -6.6 00:00 22.0 0.0 0.0 4.8 20.9 15:10 NE
3 -5.4 -1.3 13:25 -8.5 3:05 23.7 0.0 0.0 1.8 12.9 11:40 NE
4 -3.1 -1.0 14:45 -5.6 5:30 21.3 0.0 0.0 6.9 22.5 15:45 SW
5 -0.8 0.7 14:45 -1.9 1:20 19.1 0.0 0.0 6.9 22.5 13:10 SW
6 -2.3 -1.2 14:20 -3.8 9:50 20.6 0.0 0.0 7.1 22.5 3:15 SW
7 -3.2 -2.1 0:05 -6.7 00:00 21.5 0.0 0.0 3.5 16.1 1:10 SW
8 -6.1 -2.4 20:50 -10.2 6:00 24.4 0.0 0.0 4.3 27.4 23:45 NE
9 -2.4 -0.9 11:10 -5.2 0:40 20.7 0.0 0.0 16.7 43.5 17:35 NE
10 -0.4 0.1 14:30 -1.3 0:05 18.7 0.0 0.0 16.7 43.5 0:15 NE
11 -0.6 0.3 13:55 -1.2 23:25 18.9 0.0 0.0 10.0 29.0 0:35 NE
12 -2.9 -1.1 1:35 -6.2 23:45 21.3 0.0 0.0 8.7 29.0 18:55 E
13 -3.7 -1.8 14:40 -6.6 2:25 22.0 0.0 0.0 16.1 38.6 3:30 E
14 -1.1 0.1 21:40 -2.7 2:05 19.4 0.0 0.0 8.0 24.1 0:20 E
15 0.3 1.1 11:55 -0.4 5:40 18.0 0.0 0.4 3.9 16.1 18:50 ESE
16 -0.4 0.7 2:15 -1.1 15:10 18.7 0.0 0.6 13.5 37.0 16:25 ESE
17 0.2 2.3 00:00 -1.2 1:10 18.1 0.0 3.4 3.5 16.1 0:20 WSW
18 2.6 3.7 00:00 1.4 7:55 15.8 0.0 2.4 6.3 20.9 14:30 SW
19 1.9 3.8 0:15 -0.6 23:20 16.4 0.0 0.0 6.9 19.3 15:40 NE
20 0.3 1.4 21:50 -0.7 1:00 18.0 0.0 0.2 7.2 22.5 18:25 E
21 -0.9 1.2 1:00 -2.5 22:15 19.2 0.0 0.0 9.0 24.1 5:40 E
22 -3.2 -1.8 0:05 -4.2 9:30 21.5 0.0 0.0 12.2 27.4 18:15 ESE
23 -3.6 -2.5 16:05 -4.4 8:40 21.8 0.0 0.0 11.3 27.4 10:00 ESE
24 -4.2 -3.5 15:30 -5.0 9:40 22.5 0.0 0.0 7.9 22.5 0:25 E
25 -5.8 -4.5 13:45 -8.0 23:55 24.1 0.0 0.0 6.0 22.5 10:05 NE
26 -7.3 -3.3 15:10 -9.8 7:50 25.6 0.0 0.0 3.7 14.5 0:20 NE
27 -2.4 4.4 21:05 -9.3 2:10 20.7 0.0 2.2 11.7 46.7 15:45 SW
28 1.8 3.7 13:15 -0.1 21:15 16.4 0.0 1.2 10.9 37.0 14:35 WNW
29 0.0 0.8 5:50 -1.9 00:00 18.3 0.0 0.8 5.1 20.9 5:55 WNW
30 -1.3 0.4 15:10 -3.0 6:50 19.6 0.0 0.0 4.7 22.5 21:25 SW
31 0.7 2.3 13:00 -1.3 1:40 17.6 0.0 6.4 10.3 32.2 15:10 WSW
-------------------------------------------------------------------------------------
-1.9 4.4 27 -10.2 8 625.5 0.0 17.6 8.1 46.7 27 NE
Max >= 32.0: 0
Max <= 0.0: 15
Min <= 0.0: 30
Min <= -18.0: 0
Max Rain: 6.40 ON 31-01-10
Days of Rain: 9 (> .2 mm) 4 (> 2 mm) 0 (> 20 mm)
Heat Base: 18.3 Cool Base: 18.3 Method: Integration
Bovenstaande data zijn de metingen van weerstation Eelde. Onderstaand de data van alle KNMI stations
van de treffende
maand. De linker afbeeldingen zijn de gemiddeldes van de maand, de middelste afbeeldingen de langjarig gemiddeldes en de rechter
afbeeldingen de afwijking van de maand t.o.v. het langjarig gemiddelde.
|