MONTHLY CLIMATOLOGICAL SUMMARY for DEC. 2010

NAME: Eelde   CITY: Eelde   STATE: Drenthe 
ELEV:     3 m  LAT: 53 06' 00'' N  LONG:  6 18' 00'' E

                   TEMPERATURE (C), RAIN  (mm), WIND SPEED (km/hr)

                                      HEAT  COOL        AVG
    MEAN                              DEG   DEG         WIND                 DOM
DAY TEMP  HIGH   TIME   LOW    TIME   DAYS  DAYS  RAIN  SPEED HIGH   TIME    DIR
------------------------------------------------------------------------------------
 1  -6.1  -4.3    0:05  -7.6   22:25  24.4   0.0   0.0  17.1  48.3   14:15    NE
 2  -4.5  -3.3   00:00  -7.2    0:05  22.8   0.0   0.0   5.5  32.2    0:15     E
 3  -4.1  -2.6   13:55  -6.0   18:55  22.4   0.0   0.0   6.3  22.5   22:50    SW
 4  -2.7  -0.4   22:05  -4.9    9:00  21.0   0.0   0.0  11.1  41.8   18:45    SW
 5   1.3   3.2   14:30  -0.8    0:05  17.0   0.0   2.8   8.9  29.0    5:25    SW
 6  -0.3   0.7   12:55  -1.4   23:45  18.6   0.0   0.0   1.6   9.7    1:15    SW
 7  -3.3  -1.3    0:05  -4.4    9:45  21.6   0.0   0.0   1.9   9.7    0:40   ESE
 8  -3.0  -0.4   23:50  -4.2    0:20  21.3   0.0   0.0   1.9   9.7   20:50    NE
 9   0.6   2.3   18:15  -1.3    0:30  17.6   0.0   4.8   7.6  43.5   11:20     W
10   1.7   5.4   00:00  -1.1    8:25  16.6   0.0   4.6   6.8  33.8   21:40   WSW
11   6.5   7.8   14:00   4.8   21:55  11.8   0.0   2.4  17.2  46.7    1:25     W
12   1.9   5.3    0:05  -2.9   23:55  16.3   0.0   2.6   8.4  40.2    0:35   NNE
13  -1.7   1.5   18:45  -4.8    4:15  20.0   0.0   2.2   5.8  35.4   19:35   WSW
14  -1.7  -0.5   11:15  -3.7    2:50  20.0   0.0   0.0   3.4  20.9   13:00   NNE
15  -0.4   2.2   13:05  -2.9   21:45  18.7   0.0   0.2   3.7  24.1   12:50   NNE
16   0.4   2.9   13:00  -3.1   00:00  17.9   0.0   6.4   8.2  38.6   12:15    SW
17  -3.3  -1.7   21:15  -5.7    8:40  21.6   0.0   0.0   2.6  14.5    3:25    SE
18  -5.6  -2.7    0:05  -6.9   19:25  23.8   0.0   0.0   3.4  12.9   20:10    SE
19  -7.0  -6.1   23:55  -8.6    8:00  25.3   0.0   0.0   5.6  17.7   20:20    NE
20  -5.1  -3.6   14:15  -7.8   23:55  23.4   0.0   0.0   5.0  19.3   19:25    SW
21  -7.5  -5.0   16:05  -9.8    9:15  25.8   0.0   0.0   2.7  16.1    1:50    NE
22  -4.4  -2.4   23:55  -8.2    2:35  22.7   0.0   0.0   7.6  20.9   10:30    NE
23  -0.9  -0.3   14:40  -2.4    0:05  19.2   0.0   0.0  13.8  41.8   16:40    NE
24  -1.9  -0.7    0:05  -4.1   00:00  20.2   0.0   0.0  12.9  38.6    0:50   NNE
25  -3.2  -1.4   15:00  -4.3   18:50  21.5   0.0   0.0   4.8  19.3    0:45    SW
26  -1.2   0.3   17:45  -3.7    9:50  19.5   0.0   0.0   3.5  16.1    1:50   WSW
27  -0.6   0.8   11:00  -3.0    1:10  18.8   0.0   1.2   5.1  22.5   13:15    SW
28  -2.1  -1.0    5:55  -5.2   00:00  19.9   0.0   0.0   9.2  25.7   10:15     E
29  -6.4  -5.2    0:05  -7.7    5:10  24.8   0.0   0.0   7.9  20.9    0:10     E
30  -3.3   1.3   23:45  -7.6    6:50  21.6   0.0   1.4   3.5  19.3   22:15   WSW
31   2.3   4.3   14:45   0.6   19:10  16.0   0.0   1.4   4.8  19.3    2:15   WSW
-------------------------------------------------------------------------------------
    -2.1   7.8    11    -9.8    21   632.3   0.0  30.0   6.7  48.3     1      SW

Max >=  32.0:  0
Max <=   0.0: 18
Min <=   0.0: 29
Min <= -18.0:  0
Max Rain: 6.40 ON 16-12-10
Days of Rain: 11 (> .2 mm) 7 (> 2 mm) 0 (> 20 mm)
Heat Base:  18.3  Cool Base:  18.3  Method: Integration

Bovenstaande data zijn de metingen van weerstation Eelde. Onderstaand de data van alle KNMI stations voor de betreffende maand. De linker afbeeldingen zijn de gemiddeldes van de maand, de middelste afbeeldingen de langjarig gemiddeldes en de rechter afbeeldingen de afwijking van de maand t.o.v. het langjarig gemiddelde.

klik om te vergroten   klik om te vergroten   klik om te vergroten

klik om te vergroten   klik om te vergroten   klik om te vergroten

klik om te vergroten   klik om te vergroten   klik om te vergroten