MONTHLY CLIMATOLOGICAL SUMMARY for AUG. 2010

NAME: Eelde   CITY: Eelde   STATE: Drenthe 
ELEV:     3 m  LAT: 53 06' 00'' N  LONG:  6 18' 00'' E

                   TEMPERATURE (C), RAIN  (mm), WIND SPEED (km/hr)

                                      HEAT  COOL        AVG
    MEAN                              DEG   DEG         WIND                 DOM
DAY TEMP  HIGH   TIME   LOW    TIME   DAYS  DAYS  RAIN  SPEED HIGH   TIME    DIR
------------------------------------------------------------------------------------
 1  18.9  22.9   14:25  16.0   23:10   0.6   1.3   3.4   4.2  19.3   14:20    SW
 2  16.3  19.3   14:20  13.1    5:35   2.1   0.1   2.4   2.4  25.7   14:35   WNW
 3  15.8  19.7   17:30  11.5    3:40   2.7   0.2   1.0   3.9  24.1   17:40   WNW
 4  15.5  18.3   11:35  12.6    3:55   2.8   0.0  10.8   5.1  30.6   16:40    SW
 5  15.7  19.4   11:50  12.2    6:50   2.6   0.0   6.4   4.7  30.6   13:05   WSW
 6  16.1  21.8   18:20   9.7    5:55   3.0   0.8   0.2   2.3  16.1   15:40    SW
 7  16.7  21.3   15:30  13.1    3:15   2.0   0.4   5.4   3.4  19.3   12:40    SE
 8  17.7  20.4   16:25  15.6    6:15   1.1   0.4  10.0   4.7  27.4   16:20   WNW
 9  17.8  21.6   18:10  15.1    6:30   1.3   0.8   8.8   4.8  20.9    0:05     W
10  17.4  21.6   14:35  13.2    6:05   1.7   0.9   3.2   7.1  27.4   10:50    SW
11  17.5  20.6   16:10  12.2   23:55   1.2   0.5   5.8   7.2  32.2    8:25   WSW
12  15.2  20.7   13:45   9.7    6:25   3.4   0.3   0.8   3.1  24.1   14:30    SW
13  16.1  22.0   16:25  10.4    6:10   3.0   0.8   0.4   4.0  24.1   13:35     S
14  17.4  23.7   14:50  10.6    6:30   2.3   1.4   0.0   3.1  24.1   19:15    NE
15  17.8  20.1   15:55  15.9    0:05   0.8   0.3   5.0   8.2  33.8   11:05   NNE
16  17.8  20.9   13:55  15.6   23:40   0.8   0.3  14.6   2.9  20.9    1:10    NE
17  15.5  19.3   12:10  13.1    6:45   2.9   0.1   7.8   5.3  43.5   16:35   WSW
18  16.8  20.4   14:35  12.3   00:00   1.8   0.4   0.0   9.8  37.0   16:45   WSW
19  16.2  20.5   15:10  11.6    3:15   2.5   0.4   0.0   7.6  32.2   11:35    SW
20  19.6  26.1   16:40  13.1    1:50   1.5   2.8   0.0   5.8  33.8   13:35    SE
21  19.9  23.0   14:35  15.9    6:30   0.4   2.0   0.0   7.7  33.8   16:55    SW
22  19.6  22.2   14:15  16.6   00:00   0.1   1.4   0.2   8.0  40.2   15:20    SW
23  18.1  21.3   14:40  16.1    1:15   0.7   0.5   8.4  12.2  57.9   16:55    SW
24  15.2  18.8   14:50  11.1   19:10   3.2   0.0   5.2  14.5  64.4    0:10   WSW
25  14.9  18.9   13:40  11.8    6:40   3.4   0.0   0.0   8.0  35.4   13:00   WSW
26  13.5  14.9   12:40  12.6    2:35   4.8   0.0  13.4   3.9  22.5   23:45    NE
27  13.5  17.0   16:50  11.3   23:45   4.8   0.0  29.2   7.2  33.8   18:05    NE
28  13.1  17.4   16:30   9.7    5:35   5.2   0.0   2.4   6.1  33.8   12:55     W
29  11.8  15.8   11:20   7.3   00:00   6.5   0.0  19.0   7.7  41.8   16:40    SW
30  12.6  17.6   17:40   7.0    0:25   5.7   0.0  14.4   6.3  37.0   10:35   NNW
31  13.5  17.1   13:55   9.8    6:35   4.8   0.0   0.0   5.0  30.6   13:55   WNW
-------------------------------------------------------------------------------------
    16.2  26.1    20     7.0    30    79.8  16.1 178.2   6.0  64.4    24      SW

Max >=  32.0:  0
Max <=   0.0:  0
Min <=   0.0:  0
Min <= -18.0:  0
Max Rain: 29.21 ON 27-08-10
Days of Rain: 24 (> .2 mm) 19 (> 2 mm) 1 (> 20 mm)
Heat Base:  18.3  Cool Base:  18.3  Method: Integration

Bovenstaande data zijn de metingen van weerstation Eelde. Onderstaand de data van alle KNMI stations voor de betreffende maand. De linker afbeeldingen zijn de gemiddeldes van de maand, de middelste afbeeldingen de langjarig gemiddeldes en de rechter afbeeldingen de afwijking van de maand t.o.v. het langjarig gemiddelde.

klik om te vergroten   klik om te vergroten   klik om te vergroten

klik om te vergroten   klik om te vergroten   klik om te vergroten

klik om te vergroten   klik om te vergroten   klik om te vergroten